{"id":709,"date":"2015-05-28T15:30:17","date_gmt":"2015-05-28T13:30:17","guid":{"rendered":"https:\/\/www.jaermuseet.no\/vitengarden\/?page_id=709"},"modified":"2025-08-14T10:19:27","modified_gmt":"2025-08-14T08:19:27","slug":"bestillingsskjema-for-skular-og-barnehagar","status":"publish","type":"page","link":"https:\/\/www.jaermuseet.no\/vitengarden\/bestillingsskjema-for-skular-og-barnehagar\/","title":{"rendered":"Bestillingsskjema for skular og barnehagar"},"content":{"rendered":"\n<p>Vi f\u00f8lgjer prinsippet <strong>&#8220;l\u00e6ra ved \u00e5 gjera&#8221;<\/strong>, der elevane sj\u00f8lve deltek aktivt. Tilboda er tilpassa barnehage, grunnskule, vidareg\u00e5ande skule og h\u00f8gare utdanning \u2013 og f\u00f8lgjer l\u00e6replan\/rammeplan for kvart trinn. Vitengarden tek imot grupper kvar dag, men ikkje m\u00e5ndagar f\u00f8r kl. 11.30. <\/p>\n\n\n\n<p><strong>Prisar:<\/strong><\/p>\n\n\n\n<ul class=\"wp-block-list\">\n<li><strong>Grunnskule:<\/strong> Gratis. Elevane f\u00e5r ogs\u00e5 fribillett ut \u00e5ret. Enkelte opplegg har materialkostnadar.<\/li>\n\n\n\n<li><strong>Barnehage:<\/strong> 750 kr for inntil 30 personar (ved fagleg opplegg).<\/li>\n\n\n\n<li><strong>SFO:<\/strong> 30 kr per person + 300 kr for omvising\/fagleg opplegg.<\/li>\n\n\n\n<li><strong>Vidareg\u00e5ande skule:<\/strong> 30 kr per person + 300 kr per undervisningstime.<\/li>\n<\/ul>\n\n\n\n<p><strong>Reise:<\/strong><br>Kjem de med tog, er det om lag 1,5 km \u00e5 g\u00e5 fr\u00e5 N\u00e6rb\u00f8 stasjon til Vitengarden. Turen er skilta, og g\u00e5r f\u00f8rst gjennom sentrum, deretter langs ein fin sti ved bekken.<\/p>\n\n\n\n<p>Informasjon:<\/p>\n\n\n\n<p>Vitengarden er ein del av J\u00e6rmuseet. Me sender jamleg ut nyheitsbrev om v\u00e5re formidlingstilbod. Vil du halda deg oppdatert? Meld deg p\u00e5 nyheitsbrevet <a href=\"https:\/\/form.apsis.one\/9sjiQjpf0E4YBD\">her.<\/a><\/p>\n\n\n\n<p><strong>Bestille undervisningsopplegg?  Fyll inn skjema og send inn.<\/strong><\/p>\n\n\n<style id=\"wpforms-css-vars-root\">\n\t\t\t\t:root {\n\t\t\t\t\t--wpforms-field-border-radius: 3px;\n--wpforms-field-border-style: solid;\n--wpforms-field-border-size: 1px;\n--wpforms-field-background-color: #ffffff;\n--wpforms-field-border-color: rgba( 0, 0, 0, 0.25 );\n--wpforms-field-border-color-spare: rgba( 0, 0, 0, 0.25 );\n--wpforms-field-text-color: rgba( 0, 0, 0, 0.7 );\n--wpforms-field-menu-color: #ffffff;\n--wpforms-label-color: rgba( 0, 0, 0, 0.85 );\n--wpforms-label-sublabel-color: rgba( 0, 0, 0, 0.55 );\n--wpforms-label-error-color: #d63637;\n--wpforms-button-border-radius: 3px;\n--wpforms-button-border-style: none;\n--wpforms-button-border-size: 1px;\n--wpforms-button-background-color: #066aab;\n--wpforms-button-border-color: #066aab;\n--wpforms-button-text-color: #ffffff;\n--wpforms-page-break-color: #066aab;\n--wpforms-background-image: none;\n--wpforms-background-position: center center;\n--wpforms-background-repeat: no-repeat;\n--wpforms-background-size: cover;\n--wpforms-background-width: 100px;\n--wpforms-background-height: 100px;\n--wpforms-background-color: rgba( 0, 0, 0, 0 );\n--wpforms-background-url: none;\n--wpforms-container-padding: 0px;\n--wpforms-container-border-style: none;\n--wpforms-container-border-width: 1px;\n--wpforms-container-border-color: #000000;\n--wpforms-container-border-radius: 3px;\n--wpforms-field-size-input-height: 43px;\n--wpforms-field-size-input-spacing: 15px;\n--wpforms-field-size-font-size: 16px;\n--wpforms-field-size-line-height: 19px;\n--wpforms-field-size-padding-h: 14px;\n--wpforms-field-size-checkbox-size: 16px;\n--wpforms-field-size-sublabel-spacing: 5px;\n--wpforms-field-size-icon-size: 1;\n--wpforms-label-size-font-size: 16px;\n--wpforms-label-size-line-height: 19px;\n--wpforms-label-size-sublabel-font-size: 14px;\n--wpforms-label-size-sublabel-line-height: 17px;\n--wpforms-button-size-font-size: 17px;\n--wpforms-button-size-height: 41px;\n--wpforms-button-size-padding-h: 15px;\n--wpforms-button-size-margin-top: 10px;\n--wpforms-container-shadow-size-box-shadow: none;\n\n\t\t\t\t}\n\t\t\t<\/style><div class=\"wpforms-container wpforms-container-full wpforms-block wpforms-block-890fadee-4eb7-4136-bc61-99f4c08e7ff4 wpforms-render-modern\" id=\"wpforms-9196\"><form id=\"wpforms-form-9196\" class=\"wpforms-validate wpforms-form wpforms-ajax-form\" data-formid=\"9196\" method=\"post\" enctype=\"multipart\/form-data\" action=\"\/vitengarden\/wp-json\/wp\/v2\/pages\/709\" data-token=\"5eaddae95466f73e61faf6bfab4b5a9a\" data-token-time=\"1776278691\"><noscript class=\"wpforms-error-noscript\">Please enable JavaScript in your browser to complete this form.<\/noscript><div class=\"wpforms-hidden\" id=\"wpforms-error-noscript\">Please enable JavaScript in your browser to complete this form.<\/div><div class=\"wpforms-field-container\"><div id=\"wpforms-9196-field_2-container\" class=\"wpforms-field wpforms-field-text\" data-field-id=\"2\"><label class=\"wpforms-field-label\" for=\"wpforms-9196-field_2\">Navn p\u00e5 barnehage\/skule <span class=\"wpforms-required-label\" aria-hidden=\"true\">*<\/span><\/label><input type=\"text\" id=\"wpforms-9196-field_2\" class=\"wpforms-field-medium wpforms-field-required\" name=\"wpforms[fields][2]\" aria-errormessage=\"wpforms-9196-field_2-error\" required><\/div><div id=\"wpforms-9196-field_4-container\" class=\"wpforms-field wpforms-field-text\" data-field-id=\"4\"><label class=\"wpforms-field-label\" for=\"wpforms-9196-field_4\">Kontaktperson <span class=\"wpforms-required-label\" aria-hidden=\"true\">*<\/span><\/label><input type=\"text\" id=\"wpforms-9196-field_4\" class=\"wpforms-field-medium wpforms-field-required\" name=\"wpforms[fields][4]\" aria-errormessage=\"wpforms-9196-field_4-error\" required><\/div><div id=\"wpforms-9196-field_7-container\" class=\"wpforms-field wpforms-field-email\" data-field-id=\"7\"><label class=\"wpforms-field-label\" for=\"wpforms-9196-field_7\">E-post <span class=\"wpforms-required-label\" aria-hidden=\"true\">*<\/span><\/label><input type=\"email\" id=\"wpforms-9196-field_7\" class=\"wpforms-field-medium wpforms-field-required\" name=\"wpforms[fields][7]\" spellcheck=\"false\" aria-errormessage=\"wpforms-9196-field_7-error\" required><\/div><div id=\"wpforms-9196-field_6-container\" class=\"wpforms-field wpforms-field-phone\" data-field-id=\"6\"><label class=\"wpforms-field-label\" for=\"wpforms-9196-field_6\">Telefonnummer <span class=\"wpforms-required-label\" aria-hidden=\"true\">*<\/span><\/label><input type=\"tel\" id=\"wpforms-9196-field_6\" class=\"wpforms-field-medium wpforms-field-required\" data-rule-int-phone-field=\"true\" name=\"wpforms[fields][6]\" aria-errormessage=\"wpforms-9196-field_6-error\" required><\/div><div id=\"wpforms-9196-field_8-container\" class=\"wpforms-field wpforms-field-text\" data-field-id=\"8\"><label class=\"wpforms-field-label\" for=\"wpforms-9196-field_8\">Alder\/klasse <span class=\"wpforms-required-label\" aria-hidden=\"true\">*<\/span><\/label><input type=\"text\" id=\"wpforms-9196-field_8\" class=\"wpforms-field-medium wpforms-field-required\" name=\"wpforms[fields][8]\" aria-errormessage=\"wpforms-9196-field_8-error\" required><\/div><div id=\"wpforms-9196-field_11-container\" class=\"wpforms-field wpforms-field-textarea\" data-field-id=\"11\"><label class=\"wpforms-field-label\" for=\"wpforms-9196-field_11\">\u00d8nska formidlingsopplegg &#8211; her m\u00e5 du fylle ut kva du \u00f8nsker \u00e5 vera med p\u00e5 <span class=\"wpforms-required-label\" aria-hidden=\"true\">*<\/span><\/label><textarea id=\"wpforms-9196-field_11\" class=\"wpforms-field-medium wpforms-field-required\" name=\"wpforms[fields][11]\" aria-errormessage=\"wpforms-9196-field_11-error\" required><\/textarea><\/div><div id=\"wpforms-9196-field_9-container\" class=\"wpforms-field wpforms-field-text\" data-field-id=\"9\"><label class=\"wpforms-field-label\" for=\"wpforms-9196-field_9\">\u00d8nska dag\/dato og klokkeslett (skriv gjerne inn fleire alternativar) <span class=\"wpforms-required-label\" aria-hidden=\"true\">*<\/span><\/label><input type=\"text\" id=\"wpforms-9196-field_9\" class=\"wpforms-field-medium wpforms-field-required\" name=\"wpforms[fields][9]\" aria-errormessage=\"wpforms-9196-field_9-error\" required><\/div><div id=\"wpforms-9196-field_10-container\" class=\"wpforms-field wpforms-field-text\" data-field-id=\"10\"><label class=\"wpforms-field-label\" for=\"wpforms-9196-field_10\">Tal p\u00e5 barn og vaksne <span class=\"wpforms-required-label\" aria-hidden=\"true\">*<\/span><\/label><input type=\"text\" id=\"wpforms-9196-field_10\" class=\"wpforms-field-medium wpforms-field-required\" name=\"wpforms[fields][10]\" aria-errormessage=\"wpforms-9196-field_10-error\" required><\/div><div id=\"wpforms-9196-field_20-container\" class=\"wpforms-field wpforms-field-text\" data-field-id=\"20\"><label class=\"wpforms-field-label\" for=\"wpforms-9196-field_20\">Fakturaadresse<\/label><input type=\"text\" id=\"wpforms-9196-field_20\" class=\"wpforms-field-medium\" name=\"wpforms[fields][20]\" aria-errormessage=\"wpforms-9196-field_20-error\" ><\/div><div id=\"wpforms-9196-field_16-container\" class=\"wpforms-field wpforms-field-text\" data-field-id=\"16\"><label class=\"wpforms-field-label\" for=\"wpforms-9196-field_16\">Fakturareferanse (ressursnummer, k-nummer e.l.)<\/label><input type=\"text\" id=\"wpforms-9196-field_16\" class=\"wpforms-field-medium\" name=\"wpforms[fields][16]\" aria-errormessage=\"wpforms-9196-field_16-error\" ><\/div><div id=\"wpforms-9196-field_17-container\" class=\"wpforms-field wpforms-field-textarea\" data-field-id=\"17\"><label class=\"wpforms-field-label\" for=\"wpforms-9196-field_17\">\u00d8nska servering evt informasjon om medbrakt matpakke<\/label><textarea id=\"wpforms-9196-field_17\" class=\"wpforms-field-medium\" name=\"wpforms[fields][17]\" aria-errormessage=\"wpforms-9196-field_17-error\" ><\/textarea><\/div><div id=\"wpforms-9196-field_18-container\" class=\"wpforms-field wpforms-field-payment-checkbox\" data-field-id=\"18\"><fieldset><legend class=\"wpforms-field-label\">Persondata <span class=\"wpforms-required-label\" aria-hidden=\"true\">*<\/span><\/legend><ul id=\"wpforms-9196-field_18\" class=\"wpforms-field-required\"><li class=\"choice-1\"><input type=\"checkbox\" id=\"wpforms-9196-field_18_1\" class=\"wpforms-payment-price\" data-amount=\"10.00\" name=\"wpforms[fields][18][]\" value=\"1\" aria-errormessage=\"wpforms-9196-field_18_1-error\" required ><label class=\"wpforms-field-label-inline\" for=\"wpforms-9196-field_18_1\">Dette skjemaet lagrar din kontaktinformasjon slik at me kan handsama din f\u00f8respurnad. Innsendt data vil ikkje bli delt med andre eller brukt i marknadsf\u00f8ringssamanheng. Eg samtykker at J\u00e6rmuseet lagrar min kontaktinformasjon*.<\/label><\/li><\/ul><\/fieldset><\/div><\/div><!-- .wpforms-field-container --><div class=\"wpforms-recaptcha-container wpforms-is-recaptcha wpforms-is-recaptcha-type-v3\" ><input type=\"hidden\" name=\"wpforms[recaptcha]\" value=\"\"><\/div><div class=\"wpforms-submit-container\" ><input type=\"hidden\" name=\"wpforms[id]\" value=\"9196\"><input type=\"hidden\" name=\"page_title\" value=\"\"><input type=\"hidden\" name=\"page_url\" value=\"https:\/\/www.jaermuseet.no\/vitengarden\/wp-json\/wp\/v2\/pages\/709\"><button type=\"submit\" name=\"wpforms[submit]\" id=\"wpforms-submit-9196\" class=\"wpforms-submit\" data-alt-text=\"Sender...\" data-submit-text=\"Send inn\" aria-live=\"assertive\" value=\"wpforms-submit\">Send inn<\/button><img loading=\"lazy\" decoding=\"async\" src=\"https:\/\/www.jaermuseet.no\/vitengarden\/wp-content\/plugins\/wpforms\/assets\/images\/submit-spin.svg\" class=\"wpforms-submit-spinner\" style=\"display: none;\" width=\"26\" height=\"26\" alt=\"Loading\"><\/div><\/form><\/div>  <!-- .wpforms-container -->\n\n\n<p><\/p>\n","protected":false},"excerpt":{"rendered":"<p>Vi f\u00f8lgjer prinsippet &#8220;l\u00e6ra ved \u00e5 gjera&#8221;, der elevane sj\u00f8lve&#8230;<\/p>\n","protected":false},"author":1,"featured_media":0,"parent":0,"menu_order":0,"comment_status":"closed","ping_status":"closed","template":"","meta":{"_acf_changed":false,"footnotes":""},"class_list":["post-709","page","type-page","status-publish","hentry","featured-image-size-large"],"acf":[],"yoast_head":"<!-- This site is optimized with the Yoast SEO plugin v27.4 - https:\/\/yoast.com\/product\/yoast-seo-wordpress\/ -->\n<title>Bestillingsskjema for skular og barnehagar - Vitengarden<\/title>\n<meta name=\"description\" content=\"Vitengarden tilbyr formidling til skoler og barnehager i vanlig skoletid. For grunnskolen er det gratis. Her er det mange ulike tema og velge mellom, b\u00e5de ute og inne.\" \/>\n<meta name=\"robots\" content=\"index, follow, max-snippet:-1, max-image-preview:large, max-video-preview:-1\" \/>\n<link rel=\"canonical\" href=\"https:\/\/www.jaermuseet.no\/vitengarden\/bestillingsskjema-for-skular-og-barnehagar\/\" \/>\n<meta property=\"og:locale\" content=\"nn_NO\" \/>\n<meta property=\"og:type\" content=\"article\" \/>\n<meta property=\"og:title\" content=\"Bestillingsskjema for skular og barnehagar - Vitengarden\" \/>\n<meta property=\"og:description\" content=\"Vitengarden tilbyr formidling til skoler og barnehager i vanlig skoletid. For grunnskolen er det gratis. Her er det mange ulike tema og velge mellom, b\u00e5de ute og inne.\" \/>\n<meta property=\"og:url\" content=\"https:\/\/www.jaermuseet.no\/vitengarden\/bestillingsskjema-for-skular-og-barnehagar\/\" \/>\n<meta property=\"og:site_name\" content=\"Vitengarden\" \/>\n<meta property=\"article:modified_time\" content=\"2025-08-14T08:19:27+00:00\" \/>\n<meta name=\"twitter:card\" content=\"summary_large_image\" \/>\n<meta name=\"twitter:label1\" content=\"Est. reading time\" \/>\n\t<meta name=\"twitter:data1\" content=\"1 minutt\" \/>\n<script type=\"application\/ld+json\" class=\"yoast-schema-graph\">{\"@context\":\"https:\\\/\\\/schema.org\",\"@graph\":[{\"@type\":\"WebPage\",\"@id\":\"https:\\\/\\\/www.jaermuseet.no\\\/vitengarden\\\/bestillingsskjema-for-skular-og-barnehagar\\\/\",\"url\":\"https:\\\/\\\/www.jaermuseet.no\\\/vitengarden\\\/bestillingsskjema-for-skular-og-barnehagar\\\/\",\"name\":\"Bestillingsskjema for skular og barnehagar - Vitengarden\",\"isPartOf\":{\"@id\":\"https:\\\/\\\/www.jaermuseet.no\\\/vitengarden\\\/#website\"},\"datePublished\":\"2015-05-28T13:30:17+00:00\",\"dateModified\":\"2025-08-14T08:19:27+00:00\",\"description\":\"Vitengarden tilbyr formidling til skoler og barnehager i vanlig skoletid. For grunnskolen er det gratis. Her er det mange ulike tema og velge mellom, b\u00e5de ute og inne.\",\"breadcrumb\":{\"@id\":\"https:\\\/\\\/www.jaermuseet.no\\\/vitengarden\\\/bestillingsskjema-for-skular-og-barnehagar\\\/#breadcrumb\"},\"inLanguage\":\"nn-NO\",\"potentialAction\":[{\"@type\":\"ReadAction\",\"target\":[\"https:\\\/\\\/www.jaermuseet.no\\\/vitengarden\\\/bestillingsskjema-for-skular-og-barnehagar\\\/\"]}]},{\"@type\":\"BreadcrumbList\",\"@id\":\"https:\\\/\\\/www.jaermuseet.no\\\/vitengarden\\\/bestillingsskjema-for-skular-og-barnehagar\\\/#breadcrumb\",\"itemListElement\":[{\"@type\":\"ListItem\",\"position\":1,\"name\":\"Heim\",\"item\":\"https:\\\/\\\/www.jaermuseet.no\\\/vitengarden\\\/\"},{\"@type\":\"ListItem\",\"position\":2,\"name\":\"Bestillingsskjema for skular og barnehagar\"}]},{\"@type\":\"WebSite\",\"@id\":\"https:\\\/\\\/www.jaermuseet.no\\\/vitengarden\\\/#website\",\"url\":\"https:\\\/\\\/www.jaermuseet.no\\\/vitengarden\\\/\",\"name\":\"Vitengarden\",\"description\":\"Take part in science and history with new and engaging methods\",\"potentialAction\":[{\"@type\":\"SearchAction\",\"target\":{\"@type\":\"EntryPoint\",\"urlTemplate\":\"https:\\\/\\\/www.jaermuseet.no\\\/vitengarden\\\/?s={search_term_string}\"},\"query-input\":{\"@type\":\"PropertyValueSpecification\",\"valueRequired\":true,\"valueName\":\"search_term_string\"}}],\"inLanguage\":\"nn-NO\"}]}<\/script>\n<!-- \/ Yoast SEO plugin. -->","yoast_head_json":{"title":"Bestillingsskjema for skular og barnehagar - Vitengarden","description":"Vitengarden tilbyr formidling til skoler og barnehager i vanlig skoletid. For grunnskolen er det gratis. Her er det mange ulike tema og velge mellom, b\u00e5de ute og inne.","robots":{"index":"index","follow":"follow","max-snippet":"max-snippet:-1","max-image-preview":"max-image-preview:large","max-video-preview":"max-video-preview:-1"},"canonical":"https:\/\/www.jaermuseet.no\/vitengarden\/bestillingsskjema-for-skular-og-barnehagar\/","og_locale":"nn_NO","og_type":"article","og_title":"Bestillingsskjema for skular og barnehagar - Vitengarden","og_description":"Vitengarden tilbyr formidling til skoler og barnehager i vanlig skoletid. For grunnskolen er det gratis. Her er det mange ulike tema og velge mellom, b\u00e5de ute og inne.","og_url":"https:\/\/www.jaermuseet.no\/vitengarden\/bestillingsskjema-for-skular-og-barnehagar\/","og_site_name":"Vitengarden","article_modified_time":"2025-08-14T08:19:27+00:00","twitter_card":"summary_large_image","twitter_misc":{"Est. reading time":"1 minutt"},"schema":{"@context":"https:\/\/schema.org","@graph":[{"@type":"WebPage","@id":"https:\/\/www.jaermuseet.no\/vitengarden\/bestillingsskjema-for-skular-og-barnehagar\/","url":"https:\/\/www.jaermuseet.no\/vitengarden\/bestillingsskjema-for-skular-og-barnehagar\/","name":"Bestillingsskjema for skular og barnehagar - Vitengarden","isPartOf":{"@id":"https:\/\/www.jaermuseet.no\/vitengarden\/#website"},"datePublished":"2015-05-28T13:30:17+00:00","dateModified":"2025-08-14T08:19:27+00:00","description":"Vitengarden tilbyr formidling til skoler og barnehager i vanlig skoletid. For grunnskolen er det gratis. Her er det mange ulike tema og velge mellom, b\u00e5de ute og inne.","breadcrumb":{"@id":"https:\/\/www.jaermuseet.no\/vitengarden\/bestillingsskjema-for-skular-og-barnehagar\/#breadcrumb"},"inLanguage":"nn-NO","potentialAction":[{"@type":"ReadAction","target":["https:\/\/www.jaermuseet.no\/vitengarden\/bestillingsskjema-for-skular-og-barnehagar\/"]}]},{"@type":"BreadcrumbList","@id":"https:\/\/www.jaermuseet.no\/vitengarden\/bestillingsskjema-for-skular-og-barnehagar\/#breadcrumb","itemListElement":[{"@type":"ListItem","position":1,"name":"Heim","item":"https:\/\/www.jaermuseet.no\/vitengarden\/"},{"@type":"ListItem","position":2,"name":"Bestillingsskjema for skular og barnehagar"}]},{"@type":"WebSite","@id":"https:\/\/www.jaermuseet.no\/vitengarden\/#website","url":"https:\/\/www.jaermuseet.no\/vitengarden\/","name":"Vitengarden","description":"Take part in science and history with new and engaging methods","potentialAction":[{"@type":"SearchAction","target":{"@type":"EntryPoint","urlTemplate":"https:\/\/www.jaermuseet.no\/vitengarden\/?s={search_term_string}"},"query-input":{"@type":"PropertyValueSpecification","valueRequired":true,"valueName":"search_term_string"}}],"inLanguage":"nn-NO"}]}},"jetpack_sharing_enabled":true,"_links":{"self":[{"href":"https:\/\/www.jaermuseet.no\/vitengarden\/wp-json\/wp\/v2\/pages\/709","targetHints":{"allow":["GET"]}}],"collection":[{"href":"https:\/\/www.jaermuseet.no\/vitengarden\/wp-json\/wp\/v2\/pages"}],"about":[{"href":"https:\/\/www.jaermuseet.no\/vitengarden\/wp-json\/wp\/v2\/types\/page"}],"author":[{"embeddable":true,"href":"https:\/\/www.jaermuseet.no\/vitengarden\/wp-json\/wp\/v2\/users\/1"}],"replies":[{"embeddable":true,"href":"https:\/\/www.jaermuseet.no\/vitengarden\/wp-json\/wp\/v2\/comments?post=709"}],"version-history":[{"count":38,"href":"https:\/\/www.jaermuseet.no\/vitengarden\/wp-json\/wp\/v2\/pages\/709\/revisions"}],"predecessor-version":[{"id":9575,"href":"https:\/\/www.jaermuseet.no\/vitengarden\/wp-json\/wp\/v2\/pages\/709\/revisions\/9575"}],"wp:attachment":[{"href":"https:\/\/www.jaermuseet.no\/vitengarden\/wp-json\/wp\/v2\/media?parent=709"}],"curies":[{"name":"wp","href":"https:\/\/api.w.org\/{rel}","templated":true}]}}