{"id":4031,"date":"2020-09-15T12:23:14","date_gmt":"2020-09-15T10:23:14","guid":{"rendered":"https:\/\/www.jaermuseet.no\/vitengarden\/?page_id=4031"},"modified":"2022-10-26T10:26:36","modified_gmt":"2022-10-26T08:26:36","slug":"minnestund-funural-memory","status":"publish","type":"page","link":"https:\/\/www.jaermuseet.no\/vitengarden\/minnestund-funural-memory\/","title":{"rendered":"Minnestund"},"content":{"rendered":"<div class=\"wp-block-image\">\n<figure class=\"aligncenter size-large is-resized\"><img loading=\"lazy\" decoding=\"async\" src=\"https:\/\/www.jaermuseet.no\/vitengarden\/wp-content\/uploads\/sites\/11\/2020\/09\/IMG_6892-e1600162037629-964x1024.jpg\" alt=\"\" class=\"wp-image-4029\" width=\"699\" height=\"742\" \/><\/figure>\n<\/div>\n\n\n<p><strong>Det kan\u00a0vera\u00a0godt \u00e5 samlast etter seremonien.<\/strong> <strong>P\u00e5 Vitengarden har me lagt til rette for at dokker f\u00e5r ei fin minnestund saman.<\/strong><\/p>\n\n\n\n<p><\/p>\n\n\n\n<p><strong>VITENGARDEN KAF\u00c9<\/strong><\/p>\n\n\n\n<p>Kokkane v\u00e5re&nbsp; lager n\u00e6ringsrik og god mat med lokale r\u00e5varer etter sesong.&nbsp; Me har lang erfaring med \u00e5 vera vertskap for ulike arrangement. I tillegg til mat og drikke dekkar me bord med servise, glass, bestikk, serviett og lys.<\/p>\n\n\n\n<p><strong>MENYPAKKER<\/strong><\/p>\n\n\n\n<p>Me har sett saman nokre forslag som dokker kan velga&nbsp; mellom:<\/p>\n\n\n\n<p><strong>Sm\u00f8rbr\u00f8d, 3 stk ass. per person<\/strong><\/p>\n\n\n\n<p>Kaffe\/te<\/p>\n\n\n\n<p>Mineralvatn 0,33 l<\/p>\n\n\n\n<p>Inkluderer dekking , servering , leige og billett.<\/p>\n\n\n\n<p>Kr 399,- per person.<\/p>\n\n\n\n<p><strong>Suppe m\/br\u00f8d og sm\u00f8r<\/strong><\/p>\n\n\n\n<p>Kaffe\/te<\/p>\n\n\n\n<p>Mineralvatn 0,33 l<\/p>\n\n\n\n<p>Inkluderer dekking, servering, leige og billett.<\/p>\n\n\n\n<p>Kr 399;- per person.<\/p>\n\n\n\n<p><strong>Biff Stroganoff m\/salat, br\u00f8d og sm\u00f8r<\/strong><\/p>\n\n\n\n<p>Kaffe\/te<\/p>\n\n\n\n<p>Mineralvatn 0,33 l<\/p>\n\n\n\n<p>Inkluderer dekking, servering, leige og billett.<\/p>\n\n\n\n<p>Kr 499,- per person.<\/p>\n\n\n\n<p><strong>KAPASITET<\/strong><\/p>\n\n\n\n<p>Me har inntil 150 sitteplassar i kaf\u00e9en v\u00e5r, og i auditoriet kan me dekka til inntil 60 stk<\/p>\n\n\n\n<p>For meir informasjon eller bestilling, kontakt oss p\u00e5 tlf: 47776020 eller<\/p>\n\n\n\n<p>vitengarden@jaermuseet.no<\/p>\n\n\n\n<p>Eller fyll ut skjema og send inn:<\/p>\n\n\n<div class=\"wp-block-jetpack-contact-form is-layout-flex wp-container-jetpack-contact-form-is-layout-faa3ad1c wp-block-jetpack-contact-form-is-layout-flex\"><a href=\"https:\/\/www.jaermuseet.no\/vitengarden\/minnestund-funural-memory\/\" target=\"_blank\" rel=\"noopener noreferrer\">Submit a form.<\/a><\/div>","protected":false},"excerpt":{"rendered":"<p>Det kan\u00a0vera\u00a0godt \u00e5 samlast etter seremonien. P\u00e5 Vitengarden har me&#8230;<\/p>\n","protected":false},"author":10,"featured_media":0,"parent":0,"menu_order":0,"comment_status":"closed","ping_status":"closed","template":"","meta":{"_acf_changed":false,"footnotes":""},"class_list":["post-4031","page","type-page","status-publish","hentry","featured-image-size-large"],"acf":[],"yoast_head":"<!-- This site is optimized with the Yoast SEO plugin v27.3 - https:\/\/yoast.com\/product\/yoast-seo-wordpress\/ -->\n<title>Minnestund - Vitengarden<\/title>\n<meta name=\"robots\" content=\"index, follow, max-snippet:-1, max-image-preview:large, max-video-preview:-1\" \/>\n<link rel=\"canonical\" href=\"https:\/\/www.jaermuseet.no\/vitengarden\/minnestund-funural-memory\/\" \/>\n<meta property=\"og:locale\" content=\"nn_NO\" \/>\n<meta property=\"og:type\" content=\"article\" \/>\n<meta property=\"og:title\" content=\"Minnestund - Vitengarden\" \/>\n<meta property=\"og:description\" content=\"Det kan\u00a0vera\u00a0godt \u00e5 samlast etter seremonien. P\u00e5 Vitengarden har me...\" \/>\n<meta property=\"og:url\" content=\"https:\/\/www.jaermuseet.no\/vitengarden\/minnestund-funural-memory\/\" \/>\n<meta property=\"og:site_name\" content=\"Vitengarden\" \/>\n<meta property=\"article:modified_time\" content=\"2022-10-26T08:26:36+00:00\" \/>\n<meta property=\"og:image\" content=\"https:\/\/www.jaermuseet.no\/vitengarden\/wp-content\/uploads\/sites\/11\/2020\/09\/IMG_6892-e1600162037629-964x1024.jpg\" \/>\n<meta name=\"twitter:card\" content=\"summary_large_image\" \/>\n<meta name=\"twitter:label1\" content=\"Est. reading time\" \/>\n\t<meta name=\"twitter:data1\" content=\"2 minutt\" \/>\n<script type=\"application\/ld+json\" class=\"yoast-schema-graph\">{\"@context\":\"https:\\\/\\\/schema.org\",\"@graph\":[{\"@type\":\"WebPage\",\"@id\":\"https:\\\/\\\/www.jaermuseet.no\\\/vitengarden\\\/minnestund-funural-memory\\\/\",\"url\":\"https:\\\/\\\/www.jaermuseet.no\\\/vitengarden\\\/minnestund-funural-memory\\\/\",\"name\":\"Minnestund - Vitengarden\",\"isPartOf\":{\"@id\":\"https:\\\/\\\/www.jaermuseet.no\\\/vitengarden\\\/#website\"},\"primaryImageOfPage\":{\"@id\":\"https:\\\/\\\/www.jaermuseet.no\\\/vitengarden\\\/minnestund-funural-memory\\\/#primaryimage\"},\"image\":{\"@id\":\"https:\\\/\\\/www.jaermuseet.no\\\/vitengarden\\\/minnestund-funural-memory\\\/#primaryimage\"},\"thumbnailUrl\":\"https:\\\/\\\/www.jaermuseet.no\\\/vitengarden\\\/wp-content\\\/uploads\\\/sites\\\/11\\\/2020\\\/09\\\/IMG_6892-e1600162037629-964x1024.jpg\",\"datePublished\":\"2020-09-15T10:23:14+00:00\",\"dateModified\":\"2022-10-26T08:26:36+00:00\",\"breadcrumb\":{\"@id\":\"https:\\\/\\\/www.jaermuseet.no\\\/vitengarden\\\/minnestund-funural-memory\\\/#breadcrumb\"},\"inLanguage\":\"nn-NO\",\"potentialAction\":[{\"@type\":\"ReadAction\",\"target\":[\"https:\\\/\\\/www.jaermuseet.no\\\/vitengarden\\\/minnestund-funural-memory\\\/\"]}]},{\"@type\":\"ImageObject\",\"inLanguage\":\"nn-NO\",\"@id\":\"https:\\\/\\\/www.jaermuseet.no\\\/vitengarden\\\/minnestund-funural-memory\\\/#primaryimage\",\"url\":\"https:\\\/\\\/www.jaermuseet.no\\\/vitengarden\\\/wp-content\\\/uploads\\\/sites\\\/11\\\/2020\\\/09\\\/IMG_6892-e1600162037629-964x1024.jpg\",\"contentUrl\":\"https:\\\/\\\/www.jaermuseet.no\\\/vitengarden\\\/wp-content\\\/uploads\\\/sites\\\/11\\\/2020\\\/09\\\/IMG_6892-e1600162037629-964x1024.jpg\"},{\"@type\":\"BreadcrumbList\",\"@id\":\"https:\\\/\\\/www.jaermuseet.no\\\/vitengarden\\\/minnestund-funural-memory\\\/#breadcrumb\",\"itemListElement\":[{\"@type\":\"ListItem\",\"position\":1,\"name\":\"Heim\",\"item\":\"https:\\\/\\\/www.jaermuseet.no\\\/vitengarden\\\/\"},{\"@type\":\"ListItem\",\"position\":2,\"name\":\"Minnestund\"}]},{\"@type\":\"WebSite\",\"@id\":\"https:\\\/\\\/www.jaermuseet.no\\\/vitengarden\\\/#website\",\"url\":\"https:\\\/\\\/www.jaermuseet.no\\\/vitengarden\\\/\",\"name\":\"Vitengarden\",\"description\":\"Take part in science and history with new and engaging methods\",\"potentialAction\":[{\"@type\":\"SearchAction\",\"target\":{\"@type\":\"EntryPoint\",\"urlTemplate\":\"https:\\\/\\\/www.jaermuseet.no\\\/vitengarden\\\/?s={search_term_string}\"},\"query-input\":{\"@type\":\"PropertyValueSpecification\",\"valueRequired\":true,\"valueName\":\"search_term_string\"}}],\"inLanguage\":\"nn-NO\"}]}<\/script>\n<!-- \/ Yoast SEO plugin. -->","yoast_head_json":{"title":"Minnestund - Vitengarden","robots":{"index":"index","follow":"follow","max-snippet":"max-snippet:-1","max-image-preview":"max-image-preview:large","max-video-preview":"max-video-preview:-1"},"canonical":"https:\/\/www.jaermuseet.no\/vitengarden\/minnestund-funural-memory\/","og_locale":"nn_NO","og_type":"article","og_title":"Minnestund - Vitengarden","og_description":"Det kan\u00a0vera\u00a0godt \u00e5 samlast etter seremonien. P\u00e5 Vitengarden har me...","og_url":"https:\/\/www.jaermuseet.no\/vitengarden\/minnestund-funural-memory\/","og_site_name":"Vitengarden","article_modified_time":"2022-10-26T08:26:36+00:00","og_image":[{"url":"https:\/\/www.jaermuseet.no\/vitengarden\/wp-content\/uploads\/sites\/11\/2020\/09\/IMG_6892-e1600162037629-964x1024.jpg","type":"","width":"","height":""}],"twitter_card":"summary_large_image","twitter_misc":{"Est. reading time":"2 minutt"},"schema":{"@context":"https:\/\/schema.org","@graph":[{"@type":"WebPage","@id":"https:\/\/www.jaermuseet.no\/vitengarden\/minnestund-funural-memory\/","url":"https:\/\/www.jaermuseet.no\/vitengarden\/minnestund-funural-memory\/","name":"Minnestund - Vitengarden","isPartOf":{"@id":"https:\/\/www.jaermuseet.no\/vitengarden\/#website"},"primaryImageOfPage":{"@id":"https:\/\/www.jaermuseet.no\/vitengarden\/minnestund-funural-memory\/#primaryimage"},"image":{"@id":"https:\/\/www.jaermuseet.no\/vitengarden\/minnestund-funural-memory\/#primaryimage"},"thumbnailUrl":"https:\/\/www.jaermuseet.no\/vitengarden\/wp-content\/uploads\/sites\/11\/2020\/09\/IMG_6892-e1600162037629-964x1024.jpg","datePublished":"2020-09-15T10:23:14+00:00","dateModified":"2022-10-26T08:26:36+00:00","breadcrumb":{"@id":"https:\/\/www.jaermuseet.no\/vitengarden\/minnestund-funural-memory\/#breadcrumb"},"inLanguage":"nn-NO","potentialAction":[{"@type":"ReadAction","target":["https:\/\/www.jaermuseet.no\/vitengarden\/minnestund-funural-memory\/"]}]},{"@type":"ImageObject","inLanguage":"nn-NO","@id":"https:\/\/www.jaermuseet.no\/vitengarden\/minnestund-funural-memory\/#primaryimage","url":"https:\/\/www.jaermuseet.no\/vitengarden\/wp-content\/uploads\/sites\/11\/2020\/09\/IMG_6892-e1600162037629-964x1024.jpg","contentUrl":"https:\/\/www.jaermuseet.no\/vitengarden\/wp-content\/uploads\/sites\/11\/2020\/09\/IMG_6892-e1600162037629-964x1024.jpg"},{"@type":"BreadcrumbList","@id":"https:\/\/www.jaermuseet.no\/vitengarden\/minnestund-funural-memory\/#breadcrumb","itemListElement":[{"@type":"ListItem","position":1,"name":"Heim","item":"https:\/\/www.jaermuseet.no\/vitengarden\/"},{"@type":"ListItem","position":2,"name":"Minnestund"}]},{"@type":"WebSite","@id":"https:\/\/www.jaermuseet.no\/vitengarden\/#website","url":"https:\/\/www.jaermuseet.no\/vitengarden\/","name":"Vitengarden","description":"Take part in science and history with new and engaging methods","potentialAction":[{"@type":"SearchAction","target":{"@type":"EntryPoint","urlTemplate":"https:\/\/www.jaermuseet.no\/vitengarden\/?s={search_term_string}"},"query-input":{"@type":"PropertyValueSpecification","valueRequired":true,"valueName":"search_term_string"}}],"inLanguage":"nn-NO"}]}},"jetpack_sharing_enabled":true,"_links":{"self":[{"href":"https:\/\/www.jaermuseet.no\/vitengarden\/wp-json\/wp\/v2\/pages\/4031","targetHints":{"allow":["GET"]}}],"collection":[{"href":"https:\/\/www.jaermuseet.no\/vitengarden\/wp-json\/wp\/v2\/pages"}],"about":[{"href":"https:\/\/www.jaermuseet.no\/vitengarden\/wp-json\/wp\/v2\/types\/page"}],"author":[{"embeddable":true,"href":"https:\/\/www.jaermuseet.no\/vitengarden\/wp-json\/wp\/v2\/users\/10"}],"replies":[{"embeddable":true,"href":"https:\/\/www.jaermuseet.no\/vitengarden\/wp-json\/wp\/v2\/comments?post=4031"}],"version-history":[{"count":8,"href":"https:\/\/www.jaermuseet.no\/vitengarden\/wp-json\/wp\/v2\/pages\/4031\/revisions"}],"predecessor-version":[{"id":8060,"href":"https:\/\/www.jaermuseet.no\/vitengarden\/wp-json\/wp\/v2\/pages\/4031\/revisions\/8060"}],"wp:attachment":[{"href":"https:\/\/www.jaermuseet.no\/vitengarden\/wp-json\/wp\/v2\/media?parent=4031"}],"curies":[{"name":"wp","href":"https:\/\/api.w.org\/{rel}","templated":true}]}}