{"id":9206,"date":"2024-06-17T11:19:30","date_gmt":"2024-06-17T09:19:30","guid":{"rendered":"https:\/\/www.jaermuseet.no\/vitengarden\/?post_type=activity&#038;p=9206"},"modified":"2025-04-28T08:58:28","modified_gmt":"2025-04-28T06:58:28","slug":"sommaraktivitet-kromatografi-og-lydlab","status":"publish","type":"activity","link":"https:\/\/www.jaermuseet.no\/vitengarden\/aktiviteter\/sommaraktivitet-kromatografi-og-lydlab\/","title":{"rendered":"Sommaraktivitet: Lydlab \u00a0"},"content":{"rendered":"<div class=\"activity-meta\">\n    <div class=\"activity-meta__line\">\n        <div class=\"activity-meta__icon\">\n            <i class=\"fa fa-calendar\" aria-hidden=\"true\"><\/i>\n        <\/div>\n                                        <span class=\"meta-date\">\n                        21. juli 2025 - 25. juli 2025        <\/span>\n                            <\/div>\n\n            <div class=\"activity-meta__line\">\n        <div class=\"activity-meta__icon\">\n            <i class=\"fa fa-map\" aria-hidden=\"true\"><\/i>\n        <\/div>\n        <span class=\"meta-location\">Vitengarden<\/span>\n    <\/div>\n    \n            <div class=\"activity-meta__line\">\n        <div class=\"activity-meta__icon\">\n            <i class=\"fa fa-tag\" aria-hidden=\"true\"><\/i>\n        <\/div>\n        <span class=\"meta-price\">Vaksen 145 kr \/ barn 75 kr \/ maxibillett 390 kr<\/span>\n    <\/div>\n    <\/div>\n<p>P\u00e5 Vitengarden er det store omr\u00e5der \u00e5 utforska, b\u00e5de inne og ute. Her kan du bruka timevis med store og sm\u00e5 barn, bes\u00f8ka dyra p\u00e5 garden, hoppa i h\u00f8yet, kjenna p\u00e5 orkan i \u00abBl\u00e5sten\u00bb, programmera \u00abVassdansen\u00bb, bes\u00f8ke skattane i den m\u00f8rke myra eller g\u00e5 catwalk i PELS<\/p>\n<p>Denne veka kan de vera med Lydlab i tillegg til alle dei faste aktivitetane du kan bli med p\u00e5:<\/p>\n<p>Lydlab:\u00a0<span style=\"background-color: var(--global--color-background);color: var(--global--color-primary);font-family: var(--global--font-secondary);font-size: var(--global--font-size-base);text-align: var(--bs-body-text-align)\">De f\u00e5r eit filmklipp som er heilt utan lyd, og med musikkverkt\u00f8yet Soundtrap kan de laga komposisjonar for \u00e5 lydsette filmklippet.\u00a0<\/span><\/p>\n<div class=\"col-12 col-md-7 col-lg-7\" data-v-1f84bb60=\"\">\n<div data-v-647854fe=\"\" data-v-1f84bb60=\"\">\n<h6 id=\"lydlab-er-st-tta-av-equinor-morgendagens-helter\" style=\"font-weight: var(--heading--font-weight-strong);line-height: var(--heading--line-height-h6);font-size: var(--heading--font-size-h6);font-family: var(--heading--font-family);letter-spacing: var(--heading--letter-spacing-h6)\">LydLab er st\u00f8tta av Equinor Morgendagens helter.<\/h6>\n<p>&nbsp;<\/p>\n<p><span style=\"background-color: var(--global--color-background);color: var(--global--color-primary);font-family: var(--global--font-secondary);font-size: var(--global--font-size-base);text-align: var(--bs-body-text-align)\">Aktiviteten er kl 12-15.<\/span><\/p>\n<\/div>\n<\/div>\n<p>Alle aktivitetane er gratis n\u00e5r inngangsbillett er betalt.<\/p>\n<p>I kafeen kan du kj\u00f8pa heimebakte rundstykker, suppe, lapper og kake. Det er og sal av is, kaffe, brus og juice og mykje meir. Vitengarden er tilrettelagt med grillar som fritt kan nyttast p\u00e5 uteomr\u00e5det.<\/p>\n","protected":false},"excerpt":{"rendered":"<p>21. juli 2025 &#8211; 25. juli 2025 Vitengarden Vaksen 145&#8230;<\/p>\n","protected":false},"featured_media":9015,"template":"","categories":[],"class_list":["post-9206","activity","type-activity","status-publish","has-post-thumbnail","hentry","featured-image-size-large"],"acf":[],"yoast_head":"<!-- This site is optimized with the Yoast SEO plugin v27.4 - https:\/\/yoast.com\/product\/yoast-seo-wordpress\/ -->\n<title>Sommaraktivitet: Lydlab \u00a0 - Vitengarden<\/title>\n<meta name=\"robots\" content=\"index, follow, max-snippet:-1, max-image-preview:large, max-video-preview:-1\" \/>\n<link rel=\"canonical\" href=\"https:\/\/www.jaermuseet.no\/vitengarden\/aktiviteter\/sommaraktivitet-kromatografi-og-lydlab\/\" \/>\n<meta property=\"og:locale\" content=\"nn_NO\" \/>\n<meta property=\"og:type\" content=\"article\" \/>\n<meta property=\"og:title\" content=\"Sommaraktivitet: Lydlab \u00a0 - Vitengarden\" \/>\n<meta property=\"og:description\" content=\"21. juli 2025 - 25. juli 2025 Vitengarden Vaksen 145...\" \/>\n<meta property=\"og:url\" content=\"https:\/\/www.jaermuseet.no\/vitengarden\/aktiviteter\/sommaraktivitet-kromatografi-og-lydlab\/\" \/>\n<meta property=\"og:site_name\" content=\"Vitengarden\" \/>\n<meta property=\"article:modified_time\" content=\"2025-04-28T06:58:28+00:00\" \/>\n<meta property=\"og:image\" content=\"https:\/\/www.jaermuseet.no\/vitengarden\/wp-content\/uploads\/sites\/11\/2023\/08\/IMG_6626.jpg\" \/>\n\t<meta property=\"og:image:width\" content=\"2048\" \/>\n\t<meta property=\"og:image:height\" content=\"1365\" \/>\n\t<meta property=\"og:image:type\" content=\"image\/jpeg\" \/>\n<meta name=\"twitter:card\" content=\"summary_large_image\" \/>\n<meta name=\"twitter:label1\" content=\"Est. reading time\" \/>\n\t<meta name=\"twitter:data1\" content=\"1 minutt\" \/>\n<script type=\"application\/ld+json\" class=\"yoast-schema-graph\">{\"@context\":\"https:\\\/\\\/schema.org\",\"@graph\":[{\"@type\":\"WebPage\",\"@id\":\"https:\\\/\\\/www.jaermuseet.no\\\/vitengarden\\\/aktiviteter\\\/sommaraktivitet-kromatografi-og-lydlab\\\/\",\"url\":\"https:\\\/\\\/www.jaermuseet.no\\\/vitengarden\\\/aktiviteter\\\/sommaraktivitet-kromatografi-og-lydlab\\\/\",\"name\":\"Sommaraktivitet: Lydlab \u00a0 - Vitengarden\",\"isPartOf\":{\"@id\":\"https:\\\/\\\/www.jaermuseet.no\\\/vitengarden\\\/#website\"},\"primaryImageOfPage\":{\"@id\":\"https:\\\/\\\/www.jaermuseet.no\\\/vitengarden\\\/aktiviteter\\\/sommaraktivitet-kromatografi-og-lydlab\\\/#primaryimage\"},\"image\":{\"@id\":\"https:\\\/\\\/www.jaermuseet.no\\\/vitengarden\\\/aktiviteter\\\/sommaraktivitet-kromatografi-og-lydlab\\\/#primaryimage\"},\"thumbnailUrl\":\"https:\\\/\\\/www.jaermuseet.no\\\/vitengarden\\\/wp-content\\\/uploads\\\/sites\\\/11\\\/2023\\\/08\\\/IMG_6626.jpg\",\"datePublished\":\"2024-06-17T09:19:30+00:00\",\"dateModified\":\"2025-04-28T06:58:28+00:00\",\"breadcrumb\":{\"@id\":\"https:\\\/\\\/www.jaermuseet.no\\\/vitengarden\\\/aktiviteter\\\/sommaraktivitet-kromatografi-og-lydlab\\\/#breadcrumb\"},\"inLanguage\":\"nn-NO\",\"potentialAction\":[{\"@type\":\"ReadAction\",\"target\":[\"https:\\\/\\\/www.jaermuseet.no\\\/vitengarden\\\/aktiviteter\\\/sommaraktivitet-kromatografi-og-lydlab\\\/\"]}]},{\"@type\":\"ImageObject\",\"inLanguage\":\"nn-NO\",\"@id\":\"https:\\\/\\\/www.jaermuseet.no\\\/vitengarden\\\/aktiviteter\\\/sommaraktivitet-kromatografi-og-lydlab\\\/#primaryimage\",\"url\":\"https:\\\/\\\/www.jaermuseet.no\\\/vitengarden\\\/wp-content\\\/uploads\\\/sites\\\/11\\\/2023\\\/08\\\/IMG_6626.jpg\",\"contentUrl\":\"https:\\\/\\\/www.jaermuseet.no\\\/vitengarden\\\/wp-content\\\/uploads\\\/sites\\\/11\\\/2023\\\/08\\\/IMG_6626.jpg\",\"width\":2048,\"height\":1365},{\"@type\":\"BreadcrumbList\",\"@id\":\"https:\\\/\\\/www.jaermuseet.no\\\/vitengarden\\\/aktiviteter\\\/sommaraktivitet-kromatografi-og-lydlab\\\/#breadcrumb\",\"itemListElement\":[{\"@type\":\"ListItem\",\"position\":1,\"name\":\"Heim\",\"item\":\"https:\\\/\\\/www.jaermuseet.no\\\/vitengarden\\\/\"},{\"@type\":\"ListItem\",\"position\":2,\"name\":\"Arrangementer\",\"item\":\"https:\\\/\\\/www.jaermuseet.no\\\/vitengarden\\\/aktiviteter\\\/\"},{\"@type\":\"ListItem\",\"position\":3,\"name\":\"Sommaraktivitet: Lydlab \u00a0\"}]},{\"@type\":\"WebSite\",\"@id\":\"https:\\\/\\\/www.jaermuseet.no\\\/vitengarden\\\/#website\",\"url\":\"https:\\\/\\\/www.jaermuseet.no\\\/vitengarden\\\/\",\"name\":\"Vitengarden\",\"description\":\"Take part in science and history with new and engaging methods\",\"potentialAction\":[{\"@type\":\"SearchAction\",\"target\":{\"@type\":\"EntryPoint\",\"urlTemplate\":\"https:\\\/\\\/www.jaermuseet.no\\\/vitengarden\\\/?s={search_term_string}\"},\"query-input\":{\"@type\":\"PropertyValueSpecification\",\"valueRequired\":true,\"valueName\":\"search_term_string\"}}],\"inLanguage\":\"nn-NO\"}]}<\/script>\n<!-- \/ Yoast SEO plugin. -->","yoast_head_json":{"title":"Sommaraktivitet: Lydlab \u00a0 - Vitengarden","robots":{"index":"index","follow":"follow","max-snippet":"max-snippet:-1","max-image-preview":"max-image-preview:large","max-video-preview":"max-video-preview:-1"},"canonical":"https:\/\/www.jaermuseet.no\/vitengarden\/aktiviteter\/sommaraktivitet-kromatografi-og-lydlab\/","og_locale":"nn_NO","og_type":"article","og_title":"Sommaraktivitet: Lydlab \u00a0 - Vitengarden","og_description":"21. juli 2025 - 25. juli 2025 Vitengarden Vaksen 145...","og_url":"https:\/\/www.jaermuseet.no\/vitengarden\/aktiviteter\/sommaraktivitet-kromatografi-og-lydlab\/","og_site_name":"Vitengarden","article_modified_time":"2025-04-28T06:58:28+00:00","og_image":[{"width":2048,"height":1365,"url":"https:\/\/www.jaermuseet.no\/vitengarden\/wp-content\/uploads\/sites\/11\/2023\/08\/IMG_6626.jpg","type":"image\/jpeg"}],"twitter_card":"summary_large_image","twitter_misc":{"Est. reading time":"1 minutt"},"schema":{"@context":"https:\/\/schema.org","@graph":[{"@type":"WebPage","@id":"https:\/\/www.jaermuseet.no\/vitengarden\/aktiviteter\/sommaraktivitet-kromatografi-og-lydlab\/","url":"https:\/\/www.jaermuseet.no\/vitengarden\/aktiviteter\/sommaraktivitet-kromatografi-og-lydlab\/","name":"Sommaraktivitet: Lydlab \u00a0 - Vitengarden","isPartOf":{"@id":"https:\/\/www.jaermuseet.no\/vitengarden\/#website"},"primaryImageOfPage":{"@id":"https:\/\/www.jaermuseet.no\/vitengarden\/aktiviteter\/sommaraktivitet-kromatografi-og-lydlab\/#primaryimage"},"image":{"@id":"https:\/\/www.jaermuseet.no\/vitengarden\/aktiviteter\/sommaraktivitet-kromatografi-og-lydlab\/#primaryimage"},"thumbnailUrl":"https:\/\/www.jaermuseet.no\/vitengarden\/wp-content\/uploads\/sites\/11\/2023\/08\/IMG_6626.jpg","datePublished":"2024-06-17T09:19:30+00:00","dateModified":"2025-04-28T06:58:28+00:00","breadcrumb":{"@id":"https:\/\/www.jaermuseet.no\/vitengarden\/aktiviteter\/sommaraktivitet-kromatografi-og-lydlab\/#breadcrumb"},"inLanguage":"nn-NO","potentialAction":[{"@type":"ReadAction","target":["https:\/\/www.jaermuseet.no\/vitengarden\/aktiviteter\/sommaraktivitet-kromatografi-og-lydlab\/"]}]},{"@type":"ImageObject","inLanguage":"nn-NO","@id":"https:\/\/www.jaermuseet.no\/vitengarden\/aktiviteter\/sommaraktivitet-kromatografi-og-lydlab\/#primaryimage","url":"https:\/\/www.jaermuseet.no\/vitengarden\/wp-content\/uploads\/sites\/11\/2023\/08\/IMG_6626.jpg","contentUrl":"https:\/\/www.jaermuseet.no\/vitengarden\/wp-content\/uploads\/sites\/11\/2023\/08\/IMG_6626.jpg","width":2048,"height":1365},{"@type":"BreadcrumbList","@id":"https:\/\/www.jaermuseet.no\/vitengarden\/aktiviteter\/sommaraktivitet-kromatografi-og-lydlab\/#breadcrumb","itemListElement":[{"@type":"ListItem","position":1,"name":"Heim","item":"https:\/\/www.jaermuseet.no\/vitengarden\/"},{"@type":"ListItem","position":2,"name":"Arrangementer","item":"https:\/\/www.jaermuseet.no\/vitengarden\/aktiviteter\/"},{"@type":"ListItem","position":3,"name":"Sommaraktivitet: Lydlab \u00a0"}]},{"@type":"WebSite","@id":"https:\/\/www.jaermuseet.no\/vitengarden\/#website","url":"https:\/\/www.jaermuseet.no\/vitengarden\/","name":"Vitengarden","description":"Take part in science and history with new and engaging methods","potentialAction":[{"@type":"SearchAction","target":{"@type":"EntryPoint","urlTemplate":"https:\/\/www.jaermuseet.no\/vitengarden\/?s={search_term_string}"},"query-input":{"@type":"PropertyValueSpecification","valueRequired":true,"valueName":"search_term_string"}}],"inLanguage":"nn-NO"}]}},"jetpack_sharing_enabled":true,"_links":{"self":[{"href":"https:\/\/www.jaermuseet.no\/vitengarden\/wp-json\/wp\/v2\/activity\/9206","targetHints":{"allow":["GET"]}}],"collection":[{"href":"https:\/\/www.jaermuseet.no\/vitengarden\/wp-json\/wp\/v2\/activity"}],"about":[{"href":"https:\/\/www.jaermuseet.no\/vitengarden\/wp-json\/wp\/v2\/types\/activity"}],"version-history":[{"count":9,"href":"https:\/\/www.jaermuseet.no\/vitengarden\/wp-json\/wp\/v2\/activity\/9206\/revisions"}],"predecessor-version":[{"id":9537,"href":"https:\/\/www.jaermuseet.no\/vitengarden\/wp-json\/wp\/v2\/activity\/9206\/revisions\/9537"}],"wp:featuredmedia":[{"embeddable":true,"href":"https:\/\/www.jaermuseet.no\/vitengarden\/wp-json\/wp\/v2\/media\/9015"}],"wp:attachment":[{"href":"https:\/\/www.jaermuseet.no\/vitengarden\/wp-json\/wp\/v2\/media?parent=9206"}],"wp:term":[{"taxonomy":"category","embeddable":true,"href":"https:\/\/www.jaermuseet.no\/vitengarden\/wp-json\/wp\/v2\/categories?post=9206"}],"curies":[{"name":"wp","href":"https:\/\/api.w.org\/{rel}","templated":true}]}}

<div class="activity-meta">
    <div class="activity-meta__line">
        <div class="activity-meta__icon">
            <i class="fa fa-calendar" aria-hidden="true"></i>
        </div>
                                        <span class="meta-date">
                        21. juli 2025 - 25. juli 2025        </span>
                            </div>

            <div class="activity-meta__line">
        <div class="activity-meta__icon">
            <i class="fa fa-map" aria-hidden="true"></i>
        </div>
        <span class="meta-location">Vitengarden</span>
    </div>
    
            <div class="activity-meta__line">
        <div class="activity-meta__icon">
            <i class="fa fa-tag" aria-hidden="true"></i>
        </div>
        <span class="meta-price">Vaksen 145 kr / barn 75 kr / maxibillett 390 kr</span>
    </div>
    </div>
<p>På Vitengarden er det store områder å utforska, både inne og ute. Her kan du bruka timevis med store og små barn, besøka dyra på garden, hoppa i høyet, kjenna på orkan i «Blåsten», programmera «Vassdansen», besøke skattane i den mørke myra eller gå catwalk i PELS</p>
<p>Denne veka kan de vera med Lydlab i tillegg til alle dei faste aktivitetane du kan bli med på:</p>
<p>Lydlab: <span style="background-color: var(--global--color-background);color: var(--global--color-primary);font-family: var(--global--font-secondary);font-size: var(--global--font-size-base);text-align: var(--bs-body-text-align)">De får eit filmklipp som er heilt utan lyd, og med musikkverktøyet Soundtrap kan de laga komposisjonar for å lydsette filmklippet. </span></p>
<div class="col-12 col-md-7 col-lg-7" data-v-1f84bb60="">
<div data-v-647854fe="" data-v-1f84bb60="">
<h6 id="lydlab-er-st-tta-av-equinor-morgendagens-helter" style="font-weight: var(--heading--font-weight-strong);line-height: var(--heading--line-height-h6);font-size: var(--heading--font-size-h6);font-family: var(--heading--font-family);letter-spacing: var(--heading--letter-spacing-h6)">LydLab er støtta av Equinor Morgendagens helter.</h6>
<p>&nbsp;</p>
<p><span style="background-color: var(--global--color-background);color: var(--global--color-primary);font-family: var(--global--font-secondary);font-size: var(--global--font-size-base);text-align: var(--bs-body-text-align)">Aktiviteten er kl 12-15.</span></p>
</div>
</div>
<p>Alle aktivitetane er gratis når inngangsbillett er betalt.</p>
<p>I kafeen kan du kjøpa heimebakte rundstykker, suppe, lapper og kake. Det er og sal av is, kaffe, brus og juice og mykje meir. Vitengarden er tilrettelagt med grillar som fritt kan nyttast på uteområdet.</p>
