{"id":3145,"date":"2019-01-17T12:13:16","date_gmt":"2019-01-17T10:13:16","guid":{"rendered":"https:\/\/www.jaermuseet.no\/vitengarden\/?post_type=activity&#038;p=3145"},"modified":"2019-02-18T23:11:34","modified_gmt":"2019-02-18T21:11:34","slug":"vinterferien-pa-vitengarden-2","status":"publish","type":"activity","link":"https:\/\/www.jaermuseet.no\/vitengarden\/aktiviteter\/vinterferien-pa-vitengarden-2\/","title":{"rendered":"Vinterferien p\u00e5 Vitengarden"},"content":{"rendered":"<div class=\"activity-meta\">\n    <div class=\"activity-meta__line\">\n        <div class=\"activity-meta__icon\">\n            <i class=\"fa fa-calendar\" aria-hidden=\"true\"><\/i>\n        <\/div>\n                                        <span class=\"meta-date\">\n                        25. februar 2019 - 1. mars 2019        <\/span>\n                            <\/div>\n\n        \n        <\/div>\n<p>Vinterferien vier me til kjemi, med fargar, spenning og undring. De kan blant anna bli med p\u00e5 posekjemi, pr\u00f8va jodklokka eller trylleflaska. I tillegg vil det bli muleg \u00e5 vera med p\u00e5 familieverkstad &#8220;God kjemi i familien&#8221; for dei som \u00f8nskjer det. Dette vil vera gratis, men ein treng billett.<\/p>\n<p>P\u00e5 Vitengarden er det ein eigen 4H-gard. Her f\u00e5r du treffe og komma tett p\u00e5 hester, gjess, h\u00f8ner, sauer, griser og kyr. P\u00e5 l\u00f8a kan du hoppa i h\u00f8yet, og inne p\u00e5 sj\u00f8lve Vitengarden er det mange utstillingar \u00e5 utforska. T\u00f8rr du g\u00e5 i den m\u00f8rke myra? Kor mange hestekrefter har du? Klarer du f\u00e5 lys p\u00e5 traktoren? Kom og pr\u00f8v!<\/p>\n<p>I kjellaren st\u00e5r utstillinga &#8220;Traktorliv&#8221;, her f\u00e5r du sj\u00e5 og h\u00f8yra lyden av 30 traktorar utstilt, produsert i perioden 1917 \u2013 1957.<\/p>\n<p>Kafeen serverer heimalaga suppe med rundstykker, p\u00e5smurt, kaker, p\u00f8lser og mykje anna godt!<\/p>\n<p>&nbsp;<\/p>\n<p>Velkommen til gards!<\/p>\n","protected":false},"excerpt":{"rendered":"<p>25. februar 2019 &#8211; 1. mars 2019 Vinterferien vier me&#8230;<\/p>\n","protected":false},"featured_media":3153,"template":"","categories":[],"class_list":["post-3145","activity","type-activity","status-publish","has-post-thumbnail","hentry","featured-image-size-large"],"acf":[],"yoast_head":"<!-- This site is optimized with the Yoast SEO plugin v27.4 - https:\/\/yoast.com\/product\/yoast-seo-wordpress\/ -->\n<title>Vinterferien p\u00e5 Vitengarden - Vitengarden<\/title>\n<meta name=\"robots\" content=\"index, follow, max-snippet:-1, max-image-preview:large, max-video-preview:-1\" \/>\n<link rel=\"canonical\" href=\"https:\/\/www.jaermuseet.no\/vitengarden\/aktiviteter\/vinterferien-pa-vitengarden-2\/\" \/>\n<meta property=\"og:locale\" content=\"nn_NO\" \/>\n<meta property=\"og:type\" content=\"article\" \/>\n<meta property=\"og:title\" content=\"Vinterferien p\u00e5 Vitengarden - Vitengarden\" \/>\n<meta property=\"og:description\" content=\"25. februar 2019 - 1. mars 2019 Vinterferien vier me...\" \/>\n<meta property=\"og:url\" content=\"https:\/\/www.jaermuseet.no\/vitengarden\/aktiviteter\/vinterferien-pa-vitengarden-2\/\" \/>\n<meta property=\"og:site_name\" content=\"Vitengarden\" \/>\n<meta property=\"article:modified_time\" content=\"2019-02-18T21:11:34+00:00\" \/>\n<meta property=\"og:image\" content=\"https:\/\/www.jaermuseet.no\/vitengarden\/wp-content\/uploads\/sites\/11\/2019\/01\/science_cirkus103-1024x683.jpg\" \/>\n\t<meta property=\"og:image:width\" content=\"1024\" \/>\n\t<meta property=\"og:image:height\" content=\"683\" \/>\n\t<meta property=\"og:image:type\" content=\"image\/jpeg\" \/>\n<meta name=\"twitter:card\" content=\"summary_large_image\" \/>\n<meta name=\"twitter:label1\" content=\"Est. reading time\" \/>\n\t<meta name=\"twitter:data1\" content=\"1 minutt\" \/>\n<script type=\"application\/ld+json\" class=\"yoast-schema-graph\">{\"@context\":\"https:\\\/\\\/schema.org\",\"@graph\":[{\"@type\":\"WebPage\",\"@id\":\"https:\\\/\\\/www.jaermuseet.no\\\/vitengarden\\\/aktiviteter\\\/vinterferien-pa-vitengarden-2\\\/\",\"url\":\"https:\\\/\\\/www.jaermuseet.no\\\/vitengarden\\\/aktiviteter\\\/vinterferien-pa-vitengarden-2\\\/\",\"name\":\"Vinterferien p\u00e5 Vitengarden - Vitengarden\",\"isPartOf\":{\"@id\":\"https:\\\/\\\/www.jaermuseet.no\\\/vitengarden\\\/#website\"},\"primaryImageOfPage\":{\"@id\":\"https:\\\/\\\/www.jaermuseet.no\\\/vitengarden\\\/aktiviteter\\\/vinterferien-pa-vitengarden-2\\\/#primaryimage\"},\"image\":{\"@id\":\"https:\\\/\\\/www.jaermuseet.no\\\/vitengarden\\\/aktiviteter\\\/vinterferien-pa-vitengarden-2\\\/#primaryimage\"},\"thumbnailUrl\":\"https:\\\/\\\/www.jaermuseet.no\\\/vitengarden\\\/wp-content\\\/uploads\\\/sites\\\/11\\\/2019\\\/01\\\/science_cirkus103.jpg\",\"datePublished\":\"2019-01-17T10:13:16+00:00\",\"dateModified\":\"2019-02-18T21:11:34+00:00\",\"breadcrumb\":{\"@id\":\"https:\\\/\\\/www.jaermuseet.no\\\/vitengarden\\\/aktiviteter\\\/vinterferien-pa-vitengarden-2\\\/#breadcrumb\"},\"inLanguage\":\"nn-NO\",\"potentialAction\":[{\"@type\":\"ReadAction\",\"target\":[\"https:\\\/\\\/www.jaermuseet.no\\\/vitengarden\\\/aktiviteter\\\/vinterferien-pa-vitengarden-2\\\/\"]}]},{\"@type\":\"ImageObject\",\"inLanguage\":\"nn-NO\",\"@id\":\"https:\\\/\\\/www.jaermuseet.no\\\/vitengarden\\\/aktiviteter\\\/vinterferien-pa-vitengarden-2\\\/#primaryimage\",\"url\":\"https:\\\/\\\/www.jaermuseet.no\\\/vitengarden\\\/wp-content\\\/uploads\\\/sites\\\/11\\\/2019\\\/01\\\/science_cirkus103.jpg\",\"contentUrl\":\"https:\\\/\\\/www.jaermuseet.no\\\/vitengarden\\\/wp-content\\\/uploads\\\/sites\\\/11\\\/2019\\\/01\\\/science_cirkus103.jpg\",\"width\":6310,\"height\":4207,\"caption\":\"Fotograf: Jan Inge Haga\"},{\"@type\":\"BreadcrumbList\",\"@id\":\"https:\\\/\\\/www.jaermuseet.no\\\/vitengarden\\\/aktiviteter\\\/vinterferien-pa-vitengarden-2\\\/#breadcrumb\",\"itemListElement\":[{\"@type\":\"ListItem\",\"position\":1,\"name\":\"Heim\",\"item\":\"https:\\\/\\\/www.jaermuseet.no\\\/vitengarden\\\/\"},{\"@type\":\"ListItem\",\"position\":2,\"name\":\"Arrangementer\",\"item\":\"https:\\\/\\\/www.jaermuseet.no\\\/vitengarden\\\/aktiviteter\\\/\"},{\"@type\":\"ListItem\",\"position\":3,\"name\":\"Vinterferien p\u00e5 Vitengarden\"}]},{\"@type\":\"WebSite\",\"@id\":\"https:\\\/\\\/www.jaermuseet.no\\\/vitengarden\\\/#website\",\"url\":\"https:\\\/\\\/www.jaermuseet.no\\\/vitengarden\\\/\",\"name\":\"Vitengarden\",\"description\":\"Take part in science and history with new and engaging methods\",\"potentialAction\":[{\"@type\":\"SearchAction\",\"target\":{\"@type\":\"EntryPoint\",\"urlTemplate\":\"https:\\\/\\\/www.jaermuseet.no\\\/vitengarden\\\/?s={search_term_string}\"},\"query-input\":{\"@type\":\"PropertyValueSpecification\",\"valueRequired\":true,\"valueName\":\"search_term_string\"}}],\"inLanguage\":\"nn-NO\"}]}<\/script>\n<!-- \/ Yoast SEO plugin. -->","yoast_head_json":{"title":"Vinterferien p\u00e5 Vitengarden - Vitengarden","robots":{"index":"index","follow":"follow","max-snippet":"max-snippet:-1","max-image-preview":"max-image-preview:large","max-video-preview":"max-video-preview:-1"},"canonical":"https:\/\/www.jaermuseet.no\/vitengarden\/aktiviteter\/vinterferien-pa-vitengarden-2\/","og_locale":"nn_NO","og_type":"article","og_title":"Vinterferien p\u00e5 Vitengarden - Vitengarden","og_description":"25. februar 2019 - 1. mars 2019 Vinterferien vier me...","og_url":"https:\/\/www.jaermuseet.no\/vitengarden\/aktiviteter\/vinterferien-pa-vitengarden-2\/","og_site_name":"Vitengarden","article_modified_time":"2019-02-18T21:11:34+00:00","og_image":[{"width":1024,"height":683,"url":"https:\/\/www.jaermuseet.no\/vitengarden\/wp-content\/uploads\/sites\/11\/2019\/01\/science_cirkus103-1024x683.jpg","type":"image\/jpeg"}],"twitter_card":"summary_large_image","twitter_misc":{"Est. reading time":"1 minutt"},"schema":{"@context":"https:\/\/schema.org","@graph":[{"@type":"WebPage","@id":"https:\/\/www.jaermuseet.no\/vitengarden\/aktiviteter\/vinterferien-pa-vitengarden-2\/","url":"https:\/\/www.jaermuseet.no\/vitengarden\/aktiviteter\/vinterferien-pa-vitengarden-2\/","name":"Vinterferien p\u00e5 Vitengarden - Vitengarden","isPartOf":{"@id":"https:\/\/www.jaermuseet.no\/vitengarden\/#website"},"primaryImageOfPage":{"@id":"https:\/\/www.jaermuseet.no\/vitengarden\/aktiviteter\/vinterferien-pa-vitengarden-2\/#primaryimage"},"image":{"@id":"https:\/\/www.jaermuseet.no\/vitengarden\/aktiviteter\/vinterferien-pa-vitengarden-2\/#primaryimage"},"thumbnailUrl":"https:\/\/www.jaermuseet.no\/vitengarden\/wp-content\/uploads\/sites\/11\/2019\/01\/science_cirkus103.jpg","datePublished":"2019-01-17T10:13:16+00:00","dateModified":"2019-02-18T21:11:34+00:00","breadcrumb":{"@id":"https:\/\/www.jaermuseet.no\/vitengarden\/aktiviteter\/vinterferien-pa-vitengarden-2\/#breadcrumb"},"inLanguage":"nn-NO","potentialAction":[{"@type":"ReadAction","target":["https:\/\/www.jaermuseet.no\/vitengarden\/aktiviteter\/vinterferien-pa-vitengarden-2\/"]}]},{"@type":"ImageObject","inLanguage":"nn-NO","@id":"https:\/\/www.jaermuseet.no\/vitengarden\/aktiviteter\/vinterferien-pa-vitengarden-2\/#primaryimage","url":"https:\/\/www.jaermuseet.no\/vitengarden\/wp-content\/uploads\/sites\/11\/2019\/01\/science_cirkus103.jpg","contentUrl":"https:\/\/www.jaermuseet.no\/vitengarden\/wp-content\/uploads\/sites\/11\/2019\/01\/science_cirkus103.jpg","width":6310,"height":4207,"caption":"Fotograf: Jan Inge Haga"},{"@type":"BreadcrumbList","@id":"https:\/\/www.jaermuseet.no\/vitengarden\/aktiviteter\/vinterferien-pa-vitengarden-2\/#breadcrumb","itemListElement":[{"@type":"ListItem","position":1,"name":"Heim","item":"https:\/\/www.jaermuseet.no\/vitengarden\/"},{"@type":"ListItem","position":2,"name":"Arrangementer","item":"https:\/\/www.jaermuseet.no\/vitengarden\/aktiviteter\/"},{"@type":"ListItem","position":3,"name":"Vinterferien p\u00e5 Vitengarden"}]},{"@type":"WebSite","@id":"https:\/\/www.jaermuseet.no\/vitengarden\/#website","url":"https:\/\/www.jaermuseet.no\/vitengarden\/","name":"Vitengarden","description":"Take part in science and history with new and engaging methods","potentialAction":[{"@type":"SearchAction","target":{"@type":"EntryPoint","urlTemplate":"https:\/\/www.jaermuseet.no\/vitengarden\/?s={search_term_string}"},"query-input":{"@type":"PropertyValueSpecification","valueRequired":true,"valueName":"search_term_string"}}],"inLanguage":"nn-NO"}]}},"jetpack_sharing_enabled":true,"_links":{"self":[{"href":"https:\/\/www.jaermuseet.no\/vitengarden\/wp-json\/wp\/v2\/activity\/3145","targetHints":{"allow":["GET"]}}],"collection":[{"href":"https:\/\/www.jaermuseet.no\/vitengarden\/wp-json\/wp\/v2\/activity"}],"about":[{"href":"https:\/\/www.jaermuseet.no\/vitengarden\/wp-json\/wp\/v2\/types\/activity"}],"version-history":[{"count":3,"href":"https:\/\/www.jaermuseet.no\/vitengarden\/wp-json\/wp\/v2\/activity\/3145\/revisions"}],"predecessor-version":[{"id":3198,"href":"https:\/\/www.jaermuseet.no\/vitengarden\/wp-json\/wp\/v2\/activity\/3145\/revisions\/3198"}],"wp:featuredmedia":[{"embeddable":true,"href":"https:\/\/www.jaermuseet.no\/vitengarden\/wp-json\/wp\/v2\/media\/3153"}],"wp:attachment":[{"href":"https:\/\/www.jaermuseet.no\/vitengarden\/wp-json\/wp\/v2\/media?parent=3145"}],"wp:term":[{"taxonomy":"category","embeddable":true,"href":"https:\/\/www.jaermuseet.no\/vitengarden\/wp-json\/wp\/v2\/categories?post=3145"}],"curies":[{"name":"wp","href":"https:\/\/api.w.org\/{rel}","templated":true}]}}

Vinterferien på Vitengarden

<div class="activity-meta">
    <div class="activity-meta__line">
        <div class="activity-meta__icon">
            <i class="fa fa-calendar" aria-hidden="true"></i>
        </div>
                                        <span class="meta-date">
                        25. februar 2019 - 1. mars 2019        </span>
                            </div>

        
        </div>
<p>Vinterferien vier me til kjemi, med fargar, spenning og undring. De kan blant anna bli med på posekjemi, prøva jodklokka eller trylleflaska. I tillegg vil det bli muleg å vera med på familieverkstad &#8220;God kjemi i familien&#8221; for dei som ønskjer det. Dette vil vera gratis, men ein treng billett.</p>
<p>På Vitengarden er det ein eigen 4H-gard. Her får du treffe og komma tett på hester, gjess, høner, sauer, griser og kyr. På løa kan du hoppa i høyet, og inne på sjølve Vitengarden er det mange utstillingar å utforska. Tørr du gå i den mørke myra? Kor mange hestekrefter har du? Klarer du få lys på traktoren? Kom og prøv!</p>
<p>I kjellaren står utstillinga &#8220;Traktorliv&#8221;, her får du sjå og høyra lyden av 30 traktorar utstilt, produsert i perioden 1917 – 1957.</p>
<p>Kafeen serverer heimalaga suppe med rundstykker, påsmurt, kaker, pølser og mykje anna godt!</p>
<p>&nbsp;</p>
<p>Velkommen til gards!</p>

<!-- This site is optimized with the Yoast SEO plugin v27.4 - https://yoast.com/product/yoast-seo-wordpress/ -->
<title>Vinterferien på Vitengarden - Vitengarden</title>
<meta name="robots" content="index, follow, max-snippet:-1, max-image-preview:large, max-video-preview:-1" />
<link rel="canonical" href="https://www.jaermuseet.no/vitengarden/aktiviteter/vinterferien-pa-vitengarden-2/" />
<meta property="og:locale" content="nn_NO" />
<meta property="og:type" content="article" />
<meta property="og:title" content="Vinterferien på Vitengarden - Vitengarden" />
<meta property="og:description" content="25. februar 2019 - 1. mars 2019 Vinterferien vier me..." />
<meta property="og:url" content="https://www.jaermuseet.no/vitengarden/aktiviteter/vinterferien-pa-vitengarden-2/" />
<meta property="og:site_name" content="Vitengarden" />
<meta property="article:modified_time" content="2019-02-18T21:11:34+00:00" />
<meta property="og:image" content="https://www.jaermuseet.no/vitengarden/wp-content/uploads/sites/11/2019/01/science_cirkus103-1024x683.jpg" />
	<meta property="og:image:width" content="1024" />
	<meta property="og:image:height" content="683" />
	<meta property="og:image:type" content="image/jpeg" />
<meta name="twitter:card" content="summary_large_image" />
<meta name="twitter:label1" content="Est. reading time" />
	<meta name="twitter:data1" content="1 minutt" />
<script type="application/ld+json" class="yoast-schema-graph">{"@context":"https:\/\/schema.org","@graph":[{"@type":"WebPage","@id":"https:\/\/www.jaermuseet.no\/vitengarden\/aktiviteter\/vinterferien-pa-vitengarden-2\/","url":"https:\/\/www.jaermuseet.no\/vitengarden\/aktiviteter\/vinterferien-pa-vitengarden-2\/","name":"Vinterferien på Vitengarden - Vitengarden","isPartOf":{"@id":"https:\/\/www.jaermuseet.no\/vitengarden\/#website"},"primaryImageOfPage":{"@id":"https:\/\/www.jaermuseet.no\/vitengarden\/aktiviteter\/vinterferien-pa-vitengarden-2\/#primaryimage"},"image":{"@id":"https:\/\/www.jaermuseet.no\/vitengarden\/aktiviteter\/vinterferien-pa-vitengarden-2\/#primaryimage"},"thumbnailUrl":"https:\/\/www.jaermuseet.no\/vitengarden\/wp-content\/uploads\/sites\/11\/2019\/01\/science_cirkus103.jpg","datePublished":"2019-01-17T10:13:16+00:00","dateModified":"2019-02-18T21:11:34+00:00","breadcrumb":{"@id":"https:\/\/www.jaermuseet.no\/vitengarden\/aktiviteter\/vinterferien-pa-vitengarden-2\/#breadcrumb"},"inLanguage":"nn-NO","potentialAction":[{"@type":"ReadAction","target":["https:\/\/www.jaermuseet.no\/vitengarden\/aktiviteter\/vinterferien-pa-vitengarden-2\/"]}]},{"@type":"ImageObject","inLanguage":"nn-NO","@id":"https:\/\/www.jaermuseet.no\/vitengarden\/aktiviteter\/vinterferien-pa-vitengarden-2\/#primaryimage","url":"https:\/\/www.jaermuseet.no\/vitengarden\/wp-content\/uploads\/sites\/11\/2019\/01\/science_cirkus103.jpg","contentUrl":"https:\/\/www.jaermuseet.no\/vitengarden\/wp-content\/uploads\/sites\/11\/2019\/01\/science_cirkus103.jpg","width":6310,"height":4207,"caption":"Fotograf: Jan Inge Haga"},{"@type":"BreadcrumbList","@id":"https:\/\/www.jaermuseet.no\/vitengarden\/aktiviteter\/vinterferien-pa-vitengarden-2\/#breadcrumb","itemListElement":[{"@type":"ListItem","position":1,"name":"Heim","item":"https:\/\/www.jaermuseet.no\/vitengarden\/"},{"@type":"ListItem","position":2,"name":"Arrangementer","item":"https:\/\/www.jaermuseet.no\/vitengarden\/aktiviteter\/"},{"@type":"ListItem","position":3,"name":"Vinterferien på Vitengarden"}]},{"@type":"WebSite","@id":"https:\/\/www.jaermuseet.no\/vitengarden\/#website","url":"https:\/\/www.jaermuseet.no\/vitengarden\/","name":"Vitengarden","description":"Take part in science and history with new and engaging methods","potentialAction":[{"@type":"SearchAction","target":{"@type":"EntryPoint","urlTemplate":"https:\/\/www.jaermuseet.no\/vitengarden\/?s={search_term_string}"},"query-input":{"@type":"PropertyValueSpecification","valueRequired":true,"valueName":"search_term_string"}}],"inLanguage":"nn-NO"}]}</script>
<!-- / Yoast SEO plugin. -->

Vinterferien på Vitengarden - Vitengarden
