{"id":9737,"date":"2016-06-24T10:07:20","date_gmt":"2016-06-24T08:07:20","guid":{"rendered":"https:\/\/www.jaermuseet.no\/vitenfabrikken\/?page_id=9737"},"modified":"2023-04-17T14:35:55","modified_gmt":"2023-04-17T12:35:55","slug":"kart-vitenfabrikken","status":"publish","type":"page","link":"https:\/\/www.jaermuseet.no\/vitenfabrikken\/kart-vitenfabrikken\/","title":{"rendered":"Kart Vitenfabrikken"},"content":{"rendered":"\n\n\n<p>Det er enkelt \u00e5 komme til Vitenfabrikken fra flyplassen.  Buss 42 g\u00e5r direkte til Sandnes.  Sjekk rutetabellen her: <a href=\"https:\/\/www.kolumbus.no\/reise\/rutetabeller\/buss\/alle-bussruter\/42\/\">Rute 42 &#8211; Kolumbushttps:\/\/www.kolumbus.no\/reise\/rutetabeller\/buss\/alle-bussruter\/42\/<\/a><\/p>\n","protected":false},"excerpt":{"rendered":"<p>Det er enkelt \u00e5 komme til Vitenfabrikken fra flyplassen. Buss&#8230;<\/p>\n","protected":false},"author":1,"featured_media":0,"parent":0,"menu_order":0,"comment_status":"open","ping_status":"open","template":"","meta":{"_acf_changed":false,"footnotes":""},"class_list":["post-9737","page","type-page","status-publish","hentry","featured-image-size-large"],"acf":[],"yoast_head":"<!-- This site is optimized with the Yoast SEO plugin v27.4 - https:\/\/yoast.com\/product\/yoast-seo-wordpress\/ -->\n<title>Kart Vitenfabrikken - Vitenfabrikken<\/title>\n<meta name=\"robots\" content=\"index, follow, max-snippet:-1, max-image-preview:large, max-video-preview:-1\" \/>\n<link rel=\"canonical\" href=\"https:\/\/www.jaermuseet.no\/vitenfabrikken\/kart-vitenfabrikken\/\" \/>\n<meta property=\"og:locale\" content=\"nb_NO\" \/>\n<meta property=\"og:type\" content=\"article\" \/>\n<meta property=\"og:title\" content=\"Kart Vitenfabrikken - Vitenfabrikken\" \/>\n<meta property=\"og:description\" content=\"Det er enkelt \u00e5 komme til Vitenfabrikken fra flyplassen. Buss...\" \/>\n<meta property=\"og:url\" content=\"https:\/\/www.jaermuseet.no\/vitenfabrikken\/kart-vitenfabrikken\/\" \/>\n<meta property=\"og:site_name\" content=\"Vitenfabrikken\" \/>\n<meta property=\"article:modified_time\" content=\"2023-04-17T12:35:55+00:00\" \/>\n<meta name=\"twitter:card\" content=\"summary_large_image\" \/>\n<meta name=\"twitter:label1\" content=\"Ansl. lesetid\" \/>\n\t<meta name=\"twitter:data1\" content=\"1 minutt\" \/>\n<script type=\"application\/ld+json\" class=\"yoast-schema-graph\">{\"@context\":\"https:\\\/\\\/schema.org\",\"@graph\":[{\"@type\":\"WebPage\",\"@id\":\"https:\\\/\\\/www.jaermuseet.no\\\/vitenfabrikken\\\/kart-vitenfabrikken\\\/\",\"url\":\"https:\\\/\\\/www.jaermuseet.no\\\/vitenfabrikken\\\/kart-vitenfabrikken\\\/\",\"name\":\"Kart Vitenfabrikken - Vitenfabrikken\",\"isPartOf\":{\"@id\":\"https:\\\/\\\/www.jaermuseet.no\\\/vitenfabrikken\\\/#website\"},\"datePublished\":\"2016-06-24T08:07:20+00:00\",\"dateModified\":\"2023-04-17T12:35:55+00:00\",\"breadcrumb\":{\"@id\":\"https:\\\/\\\/www.jaermuseet.no\\\/vitenfabrikken\\\/kart-vitenfabrikken\\\/#breadcrumb\"},\"inLanguage\":\"nb-NO\",\"potentialAction\":[{\"@type\":\"ReadAction\",\"target\":[\"https:\\\/\\\/www.jaermuseet.no\\\/vitenfabrikken\\\/kart-vitenfabrikken\\\/\"]}]},{\"@type\":\"BreadcrumbList\",\"@id\":\"https:\\\/\\\/www.jaermuseet.no\\\/vitenfabrikken\\\/kart-vitenfabrikken\\\/#breadcrumb\",\"itemListElement\":[{\"@type\":\"ListItem\",\"position\":1,\"name\":\"Hjem\",\"item\":\"https:\\\/\\\/www.jaermuseet.no\\\/vitenfabrikken\\\/\"},{\"@type\":\"ListItem\",\"position\":2,\"name\":\"Kart Vitenfabrikken\"}]},{\"@type\":\"WebSite\",\"@id\":\"https:\\\/\\\/www.jaermuseet.no\\\/vitenfabrikken\\\/#website\",\"url\":\"https:\\\/\\\/www.jaermuseet.no\\\/vitenfabrikken\\\/\",\"name\":\"Vitenfabrikken\",\"description\":\"Exciting exhibitions and interactive installations\",\"potentialAction\":[{\"@type\":\"SearchAction\",\"target\":{\"@type\":\"EntryPoint\",\"urlTemplate\":\"https:\\\/\\\/www.jaermuseet.no\\\/vitenfabrikken\\\/?s={search_term_string}\"},\"query-input\":{\"@type\":\"PropertyValueSpecification\",\"valueRequired\":true,\"valueName\":\"search_term_string\"}}],\"inLanguage\":\"nb-NO\"}]}<\/script>\n<!-- \/ Yoast SEO plugin. -->","yoast_head_json":{"title":"Kart Vitenfabrikken - Vitenfabrikken","robots":{"index":"index","follow":"follow","max-snippet":"max-snippet:-1","max-image-preview":"max-image-preview:large","max-video-preview":"max-video-preview:-1"},"canonical":"https:\/\/www.jaermuseet.no\/vitenfabrikken\/kart-vitenfabrikken\/","og_locale":"nb_NO","og_type":"article","og_title":"Kart Vitenfabrikken - Vitenfabrikken","og_description":"Det er enkelt \u00e5 komme til Vitenfabrikken fra flyplassen. Buss...","og_url":"https:\/\/www.jaermuseet.no\/vitenfabrikken\/kart-vitenfabrikken\/","og_site_name":"Vitenfabrikken","article_modified_time":"2023-04-17T12:35:55+00:00","twitter_card":"summary_large_image","twitter_misc":{"Ansl. lesetid":"1 minutt"},"schema":{"@context":"https:\/\/schema.org","@graph":[{"@type":"WebPage","@id":"https:\/\/www.jaermuseet.no\/vitenfabrikken\/kart-vitenfabrikken\/","url":"https:\/\/www.jaermuseet.no\/vitenfabrikken\/kart-vitenfabrikken\/","name":"Kart Vitenfabrikken - Vitenfabrikken","isPartOf":{"@id":"https:\/\/www.jaermuseet.no\/vitenfabrikken\/#website"},"datePublished":"2016-06-24T08:07:20+00:00","dateModified":"2023-04-17T12:35:55+00:00","breadcrumb":{"@id":"https:\/\/www.jaermuseet.no\/vitenfabrikken\/kart-vitenfabrikken\/#breadcrumb"},"inLanguage":"nb-NO","potentialAction":[{"@type":"ReadAction","target":["https:\/\/www.jaermuseet.no\/vitenfabrikken\/kart-vitenfabrikken\/"]}]},{"@type":"BreadcrumbList","@id":"https:\/\/www.jaermuseet.no\/vitenfabrikken\/kart-vitenfabrikken\/#breadcrumb","itemListElement":[{"@type":"ListItem","position":1,"name":"Hjem","item":"https:\/\/www.jaermuseet.no\/vitenfabrikken\/"},{"@type":"ListItem","position":2,"name":"Kart Vitenfabrikken"}]},{"@type":"WebSite","@id":"https:\/\/www.jaermuseet.no\/vitenfabrikken\/#website","url":"https:\/\/www.jaermuseet.no\/vitenfabrikken\/","name":"Vitenfabrikken","description":"Exciting exhibitions and interactive installations","potentialAction":[{"@type":"SearchAction","target":{"@type":"EntryPoint","urlTemplate":"https:\/\/www.jaermuseet.no\/vitenfabrikken\/?s={search_term_string}"},"query-input":{"@type":"PropertyValueSpecification","valueRequired":true,"valueName":"search_term_string"}}],"inLanguage":"nb-NO"}]}},"jetpack_sharing_enabled":true,"jetpack-related-posts":[{"id":40,"url":"https:\/\/www.jaermuseet.no\/vitenfabrikken\/butikken\/","url_meta":{"origin":9737,"position":0},"title":"Butikk","author":"Vitenfabrikken","date":"13. november 2024","format":false,"excerpt":"I v\u00e5r butikk finner du mange kule, spennende og l\u00e6rerike ting! Trenger du noe utenom det vanlige til en gave s\u00e5 finner du det helt sikkert hos oss. V\u00e5re kunnskapsrike verter hjelper deg til \u00e5 finne rett produkt, og vi pakker selvsagt inn. Du finner noe til alle aldre, s\u00e5\u2026","rel":"","context":"Liknende innlegg","block_context":{"text":"Liknende innlegg","link":""},"img":{"alt_text":"","src":"https:\/\/i0.wp.com\/www.jaermuseet.no\/vitenfabrikken\/wp-content\/uploads\/sites\/12\/2025\/03\/Skrivebok-og-penal-150x150.jpg?resize=350%2C200&ssl=1","width":350,"height":200,"srcset":"https:\/\/i0.wp.com\/www.jaermuseet.no\/vitenfabrikken\/wp-content\/uploads\/sites\/12\/2025\/03\/Skrivebok-og-penal-150x150.jpg?resize=350%2C200&ssl=1 1x, https:\/\/i0.wp.com\/www.jaermuseet.no\/vitenfabrikken\/wp-content\/uploads\/sites\/12\/2025\/03\/Skrivebok-og-penal-150x150.jpg?resize=525%2C300&ssl=1 1.5x, https:\/\/i0.wp.com\/www.jaermuseet.no\/vitenfabrikken\/wp-content\/uploads\/sites\/12\/2025\/03\/Skrivebok-og-penal-150x150.jpg?resize=700%2C400&ssl=1 2x, https:\/\/i0.wp.com\/www.jaermuseet.no\/vitenfabrikken\/wp-content\/uploads\/sites\/12\/2025\/03\/Skrivebok-og-penal-150x150.jpg?resize=1050%2C600&ssl=1 3x, https:\/\/i0.wp.com\/www.jaermuseet.no\/vitenfabrikken\/wp-content\/uploads\/sites\/12\/2025\/03\/Skrivebok-og-penal-150x150.jpg?resize=1400%2C800&ssl=1 4x"},"classes":[]},{"id":39,"url":"https:\/\/www.jaermuseet.no\/vitenfabrikken\/planlegg-besoket-pa-vitenfabrikken-i-sandnes\/","url_meta":{"origin":9737,"position":1},"title":"Planlegg bes\u00f8ket p\u00e5 Vitenfabrikken i Sandnes","author":"Vitenfabrikken","date":"3. september 2010","format":false,"excerpt":"Foto: Morten Bruun \u00c5pningstider og priser Parkering Butikk Kaf\u00e8 Kart","rel":"","context":"Liknende innlegg","block_context":{"text":"Liknende innlegg","link":""},"img":{"alt_text":"Planlegg bes\u00f8ket p\u00e5 Vitenfabrikken","src":"https:\/\/i0.wp.com\/www.jaermuseet.no\/wp-content\/uploads\/sites\/12\/2010\/09\/planlegg_besoket.jpg?resize=350%2C200&ssl=1","width":350,"height":200,"srcset":"https:\/\/i0.wp.com\/www.jaermuseet.no\/wp-content\/uploads\/sites\/12\/2010\/09\/planlegg_besoket.jpg?resize=350%2C200&ssl=1 1x, https:\/\/i0.wp.com\/www.jaermuseet.no\/wp-content\/uploads\/sites\/12\/2010\/09\/planlegg_besoket.jpg?resize=525%2C300&ssl=1 1.5x"},"classes":[]},{"id":41,"url":"https:\/\/www.jaermuseet.no\/vitenfabrikken\/parkering\/","url_meta":{"origin":9737,"position":2},"title":"Parkering","author":"Vitenfabrikken","date":"7. september 2010","format":false,"excerpt":"1. Nygaardshagen parkeringsanlegg - langtidsparkering. Adresse: J\u00e6rveien 16, Sandnes. Nygaardshagen parkeringsanlegg er et helt nytt parkeringsanlegg, som ligger kun 2 minutters gange fra Vitenfabrikken. I dette anlegget kan man ikke benytte kort ved innkj\u00f8ring for avgiftsparkering. Man m\u00e5 alltid trekke billett, som man kan betale med mynt, sedler eller kredittkort\/bankkort\u2026","rel":"","context":"Liknende innlegg","block_context":{"text":"Liknende innlegg","link":""},"img":{"alt_text":"Vitenfabrikken har normalt \u00e5pent alle dager unntantt mandager.","src":"https:\/\/i0.wp.com\/www.jaermuseet.no\/vitenfabrikken\/wp-content\/uploads\/sites\/12\/2017\/06\/vitenfabrikken15-e1497850274780.jpg?resize=350%2C200&ssl=1","width":350,"height":200,"srcset":"https:\/\/i0.wp.com\/www.jaermuseet.no\/vitenfabrikken\/wp-content\/uploads\/sites\/12\/2017\/06\/vitenfabrikken15-e1497850274780.jpg?resize=350%2C200&ssl=1 1x, https:\/\/i0.wp.com\/www.jaermuseet.no\/vitenfabrikken\/wp-content\/uploads\/sites\/12\/2017\/06\/vitenfabrikken15-e1497850274780.jpg?resize=525%2C300&ssl=1 1.5x, https:\/\/i0.wp.com\/www.jaermuseet.no\/vitenfabrikken\/wp-content\/uploads\/sites\/12\/2017\/06\/vitenfabrikken15-e1497850274780.jpg?resize=700%2C400&ssl=1 2x, https:\/\/i0.wp.com\/www.jaermuseet.no\/vitenfabrikken\/wp-content\/uploads\/sites\/12\/2017\/06\/vitenfabrikken15-e1497850274780.jpg?resize=1050%2C600&ssl=1 3x, https:\/\/i0.wp.com\/www.jaermuseet.no\/vitenfabrikken\/wp-content\/uploads\/sites\/12\/2017\/06\/vitenfabrikken15-e1497850274780.jpg?resize=1400%2C800&ssl=1 4x"},"classes":[]},{"id":33,"url":"https:\/\/www.jaermuseet.no\/vitenfabrikken\/sponsorer-disse-har-bidratt\/","url_meta":{"origin":9737,"position":3},"title":"Sponsorer &#8211; disse har bidratt","author":"Vitenfabrikken","date":"22. juli 2010","format":false,"excerpt":"Vi vil takke sponsorene som st\u00f8tter spesifikke prosjekt.Uten ekstra midler hadde disse delene av driften ikke v\u00e6rt mulig.GENERALSPONSOR:HOVEDSAMARBEIDSPARTNER: SAMARBEIDSPARTNERE:ENI Norge Forus N\u00e6ringspark Exxon mobil NITO - Norges ingeni\u00f8r- og teknologiorganisasjonLYSEIKMDa Vitenfabrikken \u00e5pnet i 2008 var det flere som bidro til \u00e5 realisere UMOE-Planetariet.VENNER AV VITENFABRIKKEN:Kongeparken Kronengruppen Frisk Luft","rel":"","context":"Liknende innlegg","block_context":{"text":"Liknende innlegg","link":""},"img":{"alt_text":"Umoe","src":"https:\/\/i0.wp.com\/www.jaermuseet.no\/wp-content\/uploads\/sites\/12\/2010\/07\/logo_umoe.jpg?resize=350%2C200&ssl=1","width":350,"height":200},"classes":[]},{"id":35,"url":"https:\/\/www.jaermuseet.no\/vitenfabrikken\/vitenfabrikken\/","url_meta":{"origin":9737,"position":4},"title":"Vitenfabrikken","author":"Vitenfabrikken","date":"22. januar 2026","format":false,"excerpt":"Her kan store og sm\u00e5 utforske interaktive utstillinger og bli med p\u00e5 kjekke aktiviteter over flere etasjer. Vitenfabrikken er et moderne vitensenter og museum, der publikum blir oppfordret til \u00e5 delta og \u00e5 utforske. Gjennom slike interaktive formidlingsmetoder er m\u00e5let \u00e5 vekke spesielt barn og unge sin interesse for realfag,\u2026","rel":"","context":"Med 1 kommentar","block_context":{"text":"Med 1 kommentar","link":"https:\/\/www.jaermuseet.no\/vitenfabrikken\/vitenfabrikken\/#comments"},"img":{"alt_text":"","src":"https:\/\/i0.wp.com\/www.jaermuseet.no\/vitenfabrikken\/wp-content\/uploads\/sites\/12\/2015\/04\/Vitenfabrikken-fasade-sandnes.jpg?resize=350%2C200&ssl=1","width":350,"height":200,"srcset":"https:\/\/i0.wp.com\/www.jaermuseet.no\/vitenfabrikken\/wp-content\/uploads\/sites\/12\/2015\/04\/Vitenfabrikken-fasade-sandnes.jpg?resize=350%2C200&ssl=1 1x, https:\/\/i0.wp.com\/www.jaermuseet.no\/vitenfabrikken\/wp-content\/uploads\/sites\/12\/2015\/04\/Vitenfabrikken-fasade-sandnes.jpg?resize=525%2C300&ssl=1 1.5x, https:\/\/i0.wp.com\/www.jaermuseet.no\/vitenfabrikken\/wp-content\/uploads\/sites\/12\/2015\/04\/Vitenfabrikken-fasade-sandnes.jpg?resize=700%2C400&ssl=1 2x, https:\/\/i0.wp.com\/www.jaermuseet.no\/vitenfabrikken\/wp-content\/uploads\/sites\/12\/2015\/04\/Vitenfabrikken-fasade-sandnes.jpg?resize=1050%2C600&ssl=1 3x, https:\/\/i0.wp.com\/www.jaermuseet.no\/vitenfabrikken\/wp-content\/uploads\/sites\/12\/2015\/04\/Vitenfabrikken-fasade-sandnes.jpg?resize=1400%2C800&ssl=1 4x"},"classes":[]},{"id":51,"url":"https:\/\/www.jaermuseet.no\/vitenfabrikken\/vare-lokaler\/","url_meta":{"origin":9737,"position":5},"title":"V\u00e5re lokaler","author":"Vitenfabrikken","date":"15. oktober 2012","format":false,"excerpt":"Auditoriet Auditoriet er et topp moderne rom med behagelige, polstrete stoler med skriveplate. P\u00e5 scenen er det god plass til bord, talerstol og underholdning. Auditoriet er utstyrt med topp moderne AV-utstyr og automatisk lyssetting.KAPASITET: Teatersal 120 stk Kaf\u00e9 Hjernef\u00f8de Kaf\u00e9 Hjernef\u00f8de ligger i f\u00f8rste etasje p\u00e5 Vitenfabrikken og er en\u2026","rel":"","context":"Liknende innlegg","block_context":{"text":"Liknende innlegg","link":""},"img":{"alt_text":"","src":"https:\/\/i0.wp.com\/www.jaermuseet.no\/vitenfabrikken\/wp-content\/uploads\/sites\/12\/2015\/04\/Vitenfabrikken-fasade-sandnes.jpg?resize=350%2C200&ssl=1","width":350,"height":200,"srcset":"https:\/\/i0.wp.com\/www.jaermuseet.no\/vitenfabrikken\/wp-content\/uploads\/sites\/12\/2015\/04\/Vitenfabrikken-fasade-sandnes.jpg?resize=350%2C200&ssl=1 1x, https:\/\/i0.wp.com\/www.jaermuseet.no\/vitenfabrikken\/wp-content\/uploads\/sites\/12\/2015\/04\/Vitenfabrikken-fasade-sandnes.jpg?resize=525%2C300&ssl=1 1.5x, https:\/\/i0.wp.com\/www.jaermuseet.no\/vitenfabrikken\/wp-content\/uploads\/sites\/12\/2015\/04\/Vitenfabrikken-fasade-sandnes.jpg?resize=700%2C400&ssl=1 2x, https:\/\/i0.wp.com\/www.jaermuseet.no\/vitenfabrikken\/wp-content\/uploads\/sites\/12\/2015\/04\/Vitenfabrikken-fasade-sandnes.jpg?resize=1050%2C600&ssl=1 3x, https:\/\/i0.wp.com\/www.jaermuseet.no\/vitenfabrikken\/wp-content\/uploads\/sites\/12\/2015\/04\/Vitenfabrikken-fasade-sandnes.jpg?resize=1400%2C800&ssl=1 4x"},"classes":[]}],"_links":{"self":[{"href":"https:\/\/www.jaermuseet.no\/vitenfabrikken\/wp-json\/wp\/v2\/pages\/9737","targetHints":{"allow":["GET"]}}],"collection":[{"href":"https:\/\/www.jaermuseet.no\/vitenfabrikken\/wp-json\/wp\/v2\/pages"}],"about":[{"href":"https:\/\/www.jaermuseet.no\/vitenfabrikken\/wp-json\/wp\/v2\/types\/page"}],"author":[{"embeddable":true,"href":"https:\/\/www.jaermuseet.no\/vitenfabrikken\/wp-json\/wp\/v2\/users\/1"}],"replies":[{"embeddable":true,"href":"https:\/\/www.jaermuseet.no\/vitenfabrikken\/wp-json\/wp\/v2\/comments?post=9737"}],"version-history":[{"count":6,"href":"https:\/\/www.jaermuseet.no\/vitenfabrikken\/wp-json\/wp\/v2\/pages\/9737\/revisions"}],"predecessor-version":[{"id":10903,"href":"https:\/\/www.jaermuseet.no\/vitenfabrikken\/wp-json\/wp\/v2\/pages\/9737\/revisions\/10903"}],"wp:attachment":[{"href":"https:\/\/www.jaermuseet.no\/vitenfabrikken\/wp-json\/wp\/v2\/media?parent=9737"}],"curies":[{"name":"wp","href":"https:\/\/api.w.org\/{rel}","templated":true}]}}