{"id":86,"date":"2011-01-25T12:14:20","date_gmt":"2011-01-25T11:14:20","guid":{"rendered":"https:\/\/www.jaermuseet.no\/vitenfabrikken\/exhibitions\/"},"modified":"2011-01-25T12:14:20","modified_gmt":"2011-01-25T11:14:20","slug":"exhibitions","status":"publish","type":"page","link":"https:\/\/www.jaermuseet.no\/vitenfabrikken\/exhibitions\/","title":{"rendered":"Exhibitions"},"content":{"rendered":"<p>{rdxsg folder=&#8221;images\/stories\/vitenfabrikken\/bildegalleri\/abels_skissebok&#8221; thumbs_position=&#8221;bottom&#8221; midsize_width=&#8221;640&#8243; midsize_height=&#8221;270&#8243; thumbs_width=&#8221;640px&#8221; class=&#8221;time-w&#8221;} <br \/>Vitenfabrikken opened in 2008, and is an exciting science center and museum with several exhibitions in the fields of mathematics, technology, science, regional industry, the city of Sandnes, and art. Vitenfabrikken has the following exhibitions:<\/p>\n<p><span style=\"text-decoration: underline\"><img loading=\"lazy\" decoding=\"async\" width=\"450\" height=\"160\" style=\"margin-bottom: 10px;float: left;margin-right: 10px\" alt=\"utst banner abel skissebok\" src=\"https:\/\/www.jaermuseet.no\/wp-content\/uploads\/sites\/12\/2011\/01\/utst_banner_abel_skissebok.jpg\" \/>Abels Sketchbook: <\/span>an interactive exhibition that presents fundamental phenomena within science and art, with special focus on the relationship between mathematics, technology, science and art.<\/p>\n<p><span style=\"text-decoration: underline\"><\/span>  <\/p>\n<p><span style=\"text-decoration: underline\"><\/span>  <\/p>\n<p><span style=\"text-decoration: underline\"><img loading=\"lazy\" decoding=\"async\" width=\"260\" height=\"153\" style=\"margin-bottom: 10px;float: left;margin-right: 10px\" alt=\"utst vannets kretsloep\" src=\"https:\/\/www.jaermuseet.no\/wp-content\/uploads\/sites\/12\/2011\/01\/utst_vannets_kretsloep.jpg\" \/>Water cycles: <\/span>where does the poo go when we flush the toilet?<\/p>\n<\/p>\n<\/p>\n<p><img loading=\"lazy\" decoding=\"async\" width=\"177\" height=\"153\" style=\"margin-bottom: 10px;float: left;margin-right: 10px\" alt=\"utst kem e sandnes\" src=\"https:\/\/www.jaermuseet.no\/wp-content\/uploads\/sites\/12\/2011\/01\/utst_kem_e_sandnes.jpg\" \/><\/p>\n<p><span style=\"text-decoration: underline\">Who&#8217;s Sandnes?:<\/span> what do you think about the city? Give your opinion and see others.<\/p>\n<\/p>\n<\/p>\n<p><span style=\"text-decoration: underline\"><img loading=\"lazy\" decoding=\"async\" width=\"300\" height=\"120\" style=\"margin-bottom: 10px;float: left;margin-right: 10px\" alt=\"planetariet\" src=\"https:\/\/www.jaermuseet.no\/wp-content\/uploads\/sites\/12\/2011\/01\/planetariet.jpg\" \/>Planetarium<\/span>: see the stars and astronomic phenomenon even when it&#8217;s cloudy! In the planetarium you will have the sky 360 degrees around you. 6 films and demonstrations are shown daily on the weekends and in summer season.<\/p>\n<\/p>\n<p><span style=\"text-decoration: underline\">Krossen Havrem\u00f8lle<\/span>: an authentic Oat Mill. It showcases oat processing and the significance of the oat mill to the region and nation.<\/p>\n<p><span style=\"text-decoration: underline\">Leonardo Da Vinci<\/span>: explore the ideas of the Italian multi-talent through 30 models based on his sketches.<\/p>\n<p><span style=\"text-decoration: underline\">Pottery and brickworks exhibitions<\/span>: brickworks and potteries have left their mark on Sandnes for more than 200 years. The pottery and brickworks exhibition showcases the clay&#8217;s path from the ground to finished product.<\/p><\/p>\n","protected":false},"excerpt":{"rendered":"<p>{rdxsg folder=&#8221;images\/stories\/vitenfabrikken\/bildegalleri\/abels_skissebok&#8221; thumbs_position=&#8221;bottom&#8221; midsize_width=&#8221;640&#8243; midsize_height=&#8221;270&#8243; thumbs_width=&#8221;640px&#8221; class=&#8221;time-w&#8221;} Vitenfabrikken opened in&#8230;<\/p>\n","protected":false},"author":11,"featured_media":0,"parent":0,"menu_order":0,"comment_status":"open","ping_status":"open","template":"","meta":{"_acf_changed":false,"footnotes":""},"class_list":["post-86","page","type-page","status-publish","hentry"],"acf":[],"yoast_head":"<!-- This site is optimized with the Yoast SEO plugin v27.3 - https:\/\/yoast.com\/product\/yoast-seo-wordpress\/ -->\n<title>Exhibitions - Vitenfabrikken<\/title>\n<meta name=\"robots\" content=\"index, follow, max-snippet:-1, max-image-preview:large, max-video-preview:-1\" \/>\n<link rel=\"canonical\" href=\"https:\/\/www.jaermuseet.no\/vitenfabrikken\/exhibitions\/\" \/>\n<meta property=\"og:locale\" content=\"nb_NO\" \/>\n<meta property=\"og:type\" content=\"article\" \/>\n<meta property=\"og:title\" content=\"Exhibitions - Vitenfabrikken\" \/>\n<meta property=\"og:description\" content=\"{rdxsg folder=&#8221;images\/stories\/vitenfabrikken\/bildegalleri\/abels_skissebok&#8221; thumbs_position=&#8221;bottom&#8221; midsize_width=&#8221;640&#8243; midsize_height=&#8221;270&#8243; thumbs_width=&#8221;640px&#8221; class=&#8221;time-w&#8221;} Vitenfabrikken opened in...\" \/>\n<meta property=\"og:url\" content=\"https:\/\/www.jaermuseet.no\/vitenfabrikken\/exhibitions\/\" \/>\n<meta property=\"og:site_name\" content=\"Vitenfabrikken\" \/>\n<meta property=\"og:image\" content=\"https:\/\/www.jaermuseet.no\/wp-content\/uploads\/sites\/12\/2011\/01\/utst_banner_abel_skissebok.jpg\" \/>\n<meta name=\"twitter:card\" content=\"summary_large_image\" \/>\n<meta name=\"twitter:label1\" content=\"Ansl. lesetid\" \/>\n\t<meta name=\"twitter:data1\" content=\"1 minutt\" \/>\n<script type=\"application\/ld+json\" class=\"yoast-schema-graph\">{\"@context\":\"https:\\\/\\\/schema.org\",\"@graph\":[{\"@type\":\"WebPage\",\"@id\":\"https:\\\/\\\/www.jaermuseet.no\\\/vitenfabrikken\\\/exhibitions\\\/\",\"url\":\"https:\\\/\\\/www.jaermuseet.no\\\/vitenfabrikken\\\/exhibitions\\\/\",\"name\":\"Exhibitions - Vitenfabrikken\",\"isPartOf\":{\"@id\":\"https:\\\/\\\/www.jaermuseet.no\\\/vitenfabrikken\\\/#website\"},\"primaryImageOfPage\":{\"@id\":\"https:\\\/\\\/www.jaermuseet.no\\\/vitenfabrikken\\\/exhibitions\\\/#primaryimage\"},\"image\":{\"@id\":\"https:\\\/\\\/www.jaermuseet.no\\\/vitenfabrikken\\\/exhibitions\\\/#primaryimage\"},\"thumbnailUrl\":\"https:\\\/\\\/www.jaermuseet.no\\\/wp-content\\\/uploads\\\/sites\\\/12\\\/2011\\\/01\\\/utst_banner_abel_skissebok.jpg\",\"datePublished\":\"2011-01-25T11:14:20+00:00\",\"breadcrumb\":{\"@id\":\"https:\\\/\\\/www.jaermuseet.no\\\/vitenfabrikken\\\/exhibitions\\\/#breadcrumb\"},\"inLanguage\":\"nb-NO\",\"potentialAction\":[{\"@type\":\"ReadAction\",\"target\":[\"https:\\\/\\\/www.jaermuseet.no\\\/vitenfabrikken\\\/exhibitions\\\/\"]}]},{\"@type\":\"ImageObject\",\"inLanguage\":\"nb-NO\",\"@id\":\"https:\\\/\\\/www.jaermuseet.no\\\/vitenfabrikken\\\/exhibitions\\\/#primaryimage\",\"url\":\"https:\\\/\\\/www.jaermuseet.no\\\/wp-content\\\/uploads\\\/sites\\\/12\\\/2011\\\/01\\\/utst_banner_abel_skissebok.jpg\",\"contentUrl\":\"https:\\\/\\\/www.jaermuseet.no\\\/wp-content\\\/uploads\\\/sites\\\/12\\\/2011\\\/01\\\/utst_banner_abel_skissebok.jpg\"},{\"@type\":\"BreadcrumbList\",\"@id\":\"https:\\\/\\\/www.jaermuseet.no\\\/vitenfabrikken\\\/exhibitions\\\/#breadcrumb\",\"itemListElement\":[{\"@type\":\"ListItem\",\"position\":1,\"name\":\"Hjem\",\"item\":\"https:\\\/\\\/www.jaermuseet.no\\\/vitenfabrikken\\\/\"},{\"@type\":\"ListItem\",\"position\":2,\"name\":\"Exhibitions\"}]},{\"@type\":\"WebSite\",\"@id\":\"https:\\\/\\\/www.jaermuseet.no\\\/vitenfabrikken\\\/#website\",\"url\":\"https:\\\/\\\/www.jaermuseet.no\\\/vitenfabrikken\\\/\",\"name\":\"Vitenfabrikken\",\"description\":\"Exciting exhibitions and interactive installations\",\"potentialAction\":[{\"@type\":\"SearchAction\",\"target\":{\"@type\":\"EntryPoint\",\"urlTemplate\":\"https:\\\/\\\/www.jaermuseet.no\\\/vitenfabrikken\\\/?s={search_term_string}\"},\"query-input\":{\"@type\":\"PropertyValueSpecification\",\"valueRequired\":true,\"valueName\":\"search_term_string\"}}],\"inLanguage\":\"nb-NO\"}]}<\/script>\n<!-- \/ Yoast SEO plugin. -->","yoast_head_json":{"title":"Exhibitions - Vitenfabrikken","robots":{"index":"index","follow":"follow","max-snippet":"max-snippet:-1","max-image-preview":"max-image-preview:large","max-video-preview":"max-video-preview:-1"},"canonical":"https:\/\/www.jaermuseet.no\/vitenfabrikken\/exhibitions\/","og_locale":"nb_NO","og_type":"article","og_title":"Exhibitions - Vitenfabrikken","og_description":"{rdxsg folder=&#8221;images\/stories\/vitenfabrikken\/bildegalleri\/abels_skissebok&#8221; thumbs_position=&#8221;bottom&#8221; midsize_width=&#8221;640&#8243; midsize_height=&#8221;270&#8243; thumbs_width=&#8221;640px&#8221; class=&#8221;time-w&#8221;} Vitenfabrikken opened in...","og_url":"https:\/\/www.jaermuseet.no\/vitenfabrikken\/exhibitions\/","og_site_name":"Vitenfabrikken","og_image":[{"url":"https:\/\/www.jaermuseet.no\/wp-content\/uploads\/sites\/12\/2011\/01\/utst_banner_abel_skissebok.jpg","type":"","width":"","height":""}],"twitter_card":"summary_large_image","twitter_misc":{"Ansl. lesetid":"1 minutt"},"schema":{"@context":"https:\/\/schema.org","@graph":[{"@type":"WebPage","@id":"https:\/\/www.jaermuseet.no\/vitenfabrikken\/exhibitions\/","url":"https:\/\/www.jaermuseet.no\/vitenfabrikken\/exhibitions\/","name":"Exhibitions - Vitenfabrikken","isPartOf":{"@id":"https:\/\/www.jaermuseet.no\/vitenfabrikken\/#website"},"primaryImageOfPage":{"@id":"https:\/\/www.jaermuseet.no\/vitenfabrikken\/exhibitions\/#primaryimage"},"image":{"@id":"https:\/\/www.jaermuseet.no\/vitenfabrikken\/exhibitions\/#primaryimage"},"thumbnailUrl":"https:\/\/www.jaermuseet.no\/wp-content\/uploads\/sites\/12\/2011\/01\/utst_banner_abel_skissebok.jpg","datePublished":"2011-01-25T11:14:20+00:00","breadcrumb":{"@id":"https:\/\/www.jaermuseet.no\/vitenfabrikken\/exhibitions\/#breadcrumb"},"inLanguage":"nb-NO","potentialAction":[{"@type":"ReadAction","target":["https:\/\/www.jaermuseet.no\/vitenfabrikken\/exhibitions\/"]}]},{"@type":"ImageObject","inLanguage":"nb-NO","@id":"https:\/\/www.jaermuseet.no\/vitenfabrikken\/exhibitions\/#primaryimage","url":"https:\/\/www.jaermuseet.no\/wp-content\/uploads\/sites\/12\/2011\/01\/utst_banner_abel_skissebok.jpg","contentUrl":"https:\/\/www.jaermuseet.no\/wp-content\/uploads\/sites\/12\/2011\/01\/utst_banner_abel_skissebok.jpg"},{"@type":"BreadcrumbList","@id":"https:\/\/www.jaermuseet.no\/vitenfabrikken\/exhibitions\/#breadcrumb","itemListElement":[{"@type":"ListItem","position":1,"name":"Hjem","item":"https:\/\/www.jaermuseet.no\/vitenfabrikken\/"},{"@type":"ListItem","position":2,"name":"Exhibitions"}]},{"@type":"WebSite","@id":"https:\/\/www.jaermuseet.no\/vitenfabrikken\/#website","url":"https:\/\/www.jaermuseet.no\/vitenfabrikken\/","name":"Vitenfabrikken","description":"Exciting exhibitions and interactive installations","potentialAction":[{"@type":"SearchAction","target":{"@type":"EntryPoint","urlTemplate":"https:\/\/www.jaermuseet.no\/vitenfabrikken\/?s={search_term_string}"},"query-input":{"@type":"PropertyValueSpecification","valueRequired":true,"valueName":"search_term_string"}}],"inLanguage":"nb-NO"}]}},"jetpack_sharing_enabled":true,"jetpack-related-posts":[{"id":85,"url":"https:\/\/www.jaermuseet.no\/vitenfabrikken\/shop-and-cafe\/","url_meta":{"origin":86,"position":0},"title":"Shop and caf\u00e8","author":"Vitenfabrikken","date":"25. januar 2011","format":false,"excerpt":"{rdxsg folder=\"images\/stories\/vitenfabrikken\/bildegalleri\/butikken\" thumbs_position=\"bottom\" midsize_width=\"640\" midsize_height=\"270\" thumbs_width=\"640px\" class=\"time-w\"} The Science Store Our store has exciting gifts for young and old, that relate to experiments in the exhibition, and that encourage activity and curiosity. Here you can find everything from books, building sets with different subjects, outside and inside toys, games and\u2026","rel":"","context":"Liknende innlegg","block_context":{"text":"Liknende innlegg","link":""},"img":{"alt_text":"hylle270x210","src":"https:\/\/i0.wp.com\/www.jaermuseet.no\/wp-content\/uploads\/sites\/12\/2011\/01\/hylle270x210.jpg?resize=350%2C200&ssl=1","width":350,"height":200},"classes":[]},{"id":35,"url":"https:\/\/www.jaermuseet.no\/vitenfabrikken\/vitenfabrikken\/","url_meta":{"origin":86,"position":1},"title":"Vitenfabrikken","author":"Vitenfabrikken","date":"22. januar 2026","format":false,"excerpt":"Her kan store og sm\u00e5 utforske interaktive utstillinger og bli med p\u00e5 kjekke aktiviteter over flere etasjer. Vitenfabrikken er et moderne vitensenter og museum, der publikum blir oppfordret til \u00e5 delta og \u00e5 utforske. Gjennom slike interaktive formidlingsmetoder er m\u00e5let \u00e5 vekke spesielt barn og unge sin interesse for realfag,\u2026","rel":"","context":"Med 1 kommentar","block_context":{"text":"Med 1 kommentar","link":"https:\/\/www.jaermuseet.no\/vitenfabrikken\/vitenfabrikken\/#comments"},"img":{"alt_text":"","src":"https:\/\/i0.wp.com\/www.jaermuseet.no\/vitenfabrikken\/wp-content\/uploads\/sites\/12\/2015\/04\/Vitenfabrikken-fasade-sandnes.jpg?resize=350%2C200&ssl=1","width":350,"height":200,"srcset":"https:\/\/i0.wp.com\/www.jaermuseet.no\/vitenfabrikken\/wp-content\/uploads\/sites\/12\/2015\/04\/Vitenfabrikken-fasade-sandnes.jpg?resize=350%2C200&ssl=1 1x, https:\/\/i0.wp.com\/www.jaermuseet.no\/vitenfabrikken\/wp-content\/uploads\/sites\/12\/2015\/04\/Vitenfabrikken-fasade-sandnes.jpg?resize=525%2C300&ssl=1 1.5x, https:\/\/i0.wp.com\/www.jaermuseet.no\/vitenfabrikken\/wp-content\/uploads\/sites\/12\/2015\/04\/Vitenfabrikken-fasade-sandnes.jpg?resize=700%2C400&ssl=1 2x, https:\/\/i0.wp.com\/www.jaermuseet.no\/vitenfabrikken\/wp-content\/uploads\/sites\/12\/2015\/04\/Vitenfabrikken-fasade-sandnes.jpg?resize=1050%2C600&ssl=1 3x, https:\/\/i0.wp.com\/www.jaermuseet.no\/vitenfabrikken\/wp-content\/uploads\/sites\/12\/2015\/04\/Vitenfabrikken-fasade-sandnes.jpg?resize=1400%2C800&ssl=1 4x"},"classes":[]},{"id":4975,"url":"https:\/\/www.jaermuseet.no\/vitenfabrikken\/andre-vitensentre\/","url_meta":{"origin":86,"position":2},"title":"Andre vitensentre","author":"administrator","date":"30. august 2018","format":false,"excerpt":"Rundtom i Norge finner du flere regionale vitensentre, som alle inspirerer barn og unge til interesse for naturfag, matematikk og teknologi. Gjennom lekende l\u00e6ring i interaktive utstillinger, skoleprogrammer, eksperimentverksteder, vitenshow og enda flere aktiviteter, engasjerer vitensentrene b\u00e5de barn og voksne. \u00a0 \u00a0","rel":"","context":"Liknende innlegg","block_context":{"text":"Liknende innlegg","link":""},"img":{"alt_text":"","src":"https:\/\/i0.wp.com\/www.jaermuseet.no\/wp-content\/uploads\/2018\/08\/vitensenteret-trondheim.jpg?resize=350%2C200&ssl=1","width":350,"height":200},"classes":[]},{"id":39,"url":"https:\/\/www.jaermuseet.no\/vitenfabrikken\/planlegg-besoket-pa-vitenfabrikken-i-sandnes\/","url_meta":{"origin":86,"position":3},"title":"Planlegg bes\u00f8ket p\u00e5 Vitenfabrikken i Sandnes","author":"Vitenfabrikken","date":"3. september 2010","format":false,"excerpt":"Foto: Morten Bruun \u00c5pningstider og priser Parkering Butikk Kaf\u00e8 Kart","rel":"","context":"Liknende innlegg","block_context":{"text":"Liknende innlegg","link":""},"img":{"alt_text":"Planlegg bes\u00f8ket p\u00e5 Vitenfabrikken","src":"https:\/\/i0.wp.com\/www.jaermuseet.no\/wp-content\/uploads\/sites\/12\/2010\/09\/planlegg_besoket.jpg?resize=350%2C200&ssl=1","width":350,"height":200,"srcset":"https:\/\/i0.wp.com\/www.jaermuseet.no\/wp-content\/uploads\/sites\/12\/2010\/09\/planlegg_besoket.jpg?resize=350%2C200&ssl=1 1x, https:\/\/i0.wp.com\/www.jaermuseet.no\/wp-content\/uploads\/sites\/12\/2010\/09\/planlegg_besoket.jpg?resize=525%2C300&ssl=1 1.5x"},"classes":[]},{"id":9737,"url":"https:\/\/www.jaermuseet.no\/vitenfabrikken\/kart-vitenfabrikken\/","url_meta":{"origin":86,"position":4},"title":"Kart Vitenfabrikken","author":"administrator","date":"24. juni 2016","format":false,"excerpt":"Det er enkelt \u00e5 komme til Vitenfabrikken fra flyplassen. Buss 42 g\u00e5r direkte til Sandnes. Sjekk rutetabellen her: Rute 42 - Kolumbushttps:\/\/www.kolumbus.no\/reise\/rutetabeller\/buss\/alle-bussruter\/42\/","rel":"","context":"Liknende innlegg","block_context":{"text":"Liknende innlegg","link":""},"img":{"alt_text":"","src":"","width":0,"height":0},"classes":[]},{"id":41,"url":"https:\/\/www.jaermuseet.no\/vitenfabrikken\/parkering\/","url_meta":{"origin":86,"position":5},"title":"Parkering","author":"Vitenfabrikken","date":"7. september 2010","format":false,"excerpt":"1. Nygaardshagen parkeringsanlegg - langtidsparkering. Adresse: J\u00e6rveien 16, Sandnes. Nygaardshagen parkeringsanlegg er et helt nytt parkeringsanlegg, som ligger kun 2 minutters gange fra Vitenfabrikken. I dette anlegget kan man ikke benytte kort ved innkj\u00f8ring for avgiftsparkering. Man m\u00e5 alltid trekke billett, som man kan betale med mynt, sedler eller kredittkort\/bankkort\u2026","rel":"","context":"Liknende innlegg","block_context":{"text":"Liknende innlegg","link":""},"img":{"alt_text":"Vitenfabrikken har normalt \u00e5pent alle dager unntantt mandager.","src":"https:\/\/i0.wp.com\/www.jaermuseet.no\/vitenfabrikken\/wp-content\/uploads\/sites\/12\/2017\/06\/vitenfabrikken15-e1497850274780.jpg?resize=350%2C200&ssl=1","width":350,"height":200,"srcset":"https:\/\/i0.wp.com\/www.jaermuseet.no\/vitenfabrikken\/wp-content\/uploads\/sites\/12\/2017\/06\/vitenfabrikken15-e1497850274780.jpg?resize=350%2C200&ssl=1 1x, https:\/\/i0.wp.com\/www.jaermuseet.no\/vitenfabrikken\/wp-content\/uploads\/sites\/12\/2017\/06\/vitenfabrikken15-e1497850274780.jpg?resize=525%2C300&ssl=1 1.5x, https:\/\/i0.wp.com\/www.jaermuseet.no\/vitenfabrikken\/wp-content\/uploads\/sites\/12\/2017\/06\/vitenfabrikken15-e1497850274780.jpg?resize=700%2C400&ssl=1 2x, https:\/\/i0.wp.com\/www.jaermuseet.no\/vitenfabrikken\/wp-content\/uploads\/sites\/12\/2017\/06\/vitenfabrikken15-e1497850274780.jpg?resize=1050%2C600&ssl=1 3x, https:\/\/i0.wp.com\/www.jaermuseet.no\/vitenfabrikken\/wp-content\/uploads\/sites\/12\/2017\/06\/vitenfabrikken15-e1497850274780.jpg?resize=1400%2C800&ssl=1 4x"},"classes":[]}],"_links":{"self":[{"href":"https:\/\/www.jaermuseet.no\/vitenfabrikken\/wp-json\/wp\/v2\/pages\/86","targetHints":{"allow":["GET"]}}],"collection":[{"href":"https:\/\/www.jaermuseet.no\/vitenfabrikken\/wp-json\/wp\/v2\/pages"}],"about":[{"href":"https:\/\/www.jaermuseet.no\/vitenfabrikken\/wp-json\/wp\/v2\/types\/page"}],"author":[{"embeddable":true,"href":"https:\/\/www.jaermuseet.no\/vitenfabrikken\/wp-json\/wp\/v2\/users\/11"}],"replies":[{"embeddable":true,"href":"https:\/\/www.jaermuseet.no\/vitenfabrikken\/wp-json\/wp\/v2\/comments?post=86"}],"version-history":[{"count":0,"href":"https:\/\/www.jaermuseet.no\/vitenfabrikken\/wp-json\/wp\/v2\/pages\/86\/revisions"}],"wp:attachment":[{"href":"https:\/\/www.jaermuseet.no\/vitenfabrikken\/wp-json\/wp\/v2\/media?parent=86"}],"curies":[{"name":"wp","href":"https:\/\/api.w.org\/{rel}","templated":true}]}}