{"id":85,"date":"2011-01-25T12:14:20","date_gmt":"2011-01-25T11:14:20","guid":{"rendered":"https:\/\/www.jaermuseet.no\/vitenfabrikken\/shop-and-cafe\/"},"modified":"2011-01-25T12:14:20","modified_gmt":"2011-01-25T11:14:20","slug":"shop-and-cafe","status":"publish","type":"page","link":"https:\/\/www.jaermuseet.no\/vitenfabrikken\/shop-and-cafe\/","title":{"rendered":"Shop and caf\u00e8"},"content":{"rendered":"<p> {rdxsg folder=&#8221;images\/stories\/vitenfabrikken\/bildegalleri\/butikken&#8221; thumbs_position=&#8221;bottom&#8221; midsize_width=&#8221;640&#8243; midsize_height=&#8221;270&#8243; thumbs_width=&#8221;640px&#8221; class=&#8221;time-w&#8221;}<strong><img loading=\"lazy\" decoding=\"async\" width=\"270\" height=\"200\" style=\"margin-left: 10px;float: right\" alt=\"hylle270x210\" src=\"https:\/\/www.jaermuseet.no\/wp-content\/uploads\/sites\/12\/2011\/01\/hylle270x210.jpg\" \/> <\/strong><\/p>\n<p><span style=\"font-size: 12pt\"><strong>The Science Store<\/strong><\/span><\/p>\n<p><strong>Our store has exciting gifts for young and old, that relate to experiments in the exhibition, and that encourage activity and curiosity.<\/strong><\/p>\n<p>Here you can find everything from books, building sets with different subjects, outside and inside toys, games and other fun curiosities. In the case that we&#8217;re lacking what you&#8217;re looking for, we can perhaps find it for you. Ask us or send and email to <a href=\"mailto:vitenfabrikken@jaermuseet.no\">vitenfabrikken@jaermuseet.no<\/a>  if you are looking for something that we do not have.<\/p>\n<p>The store is open during Vitenfabrikkens opening hours, and you don&#8217;t need to pay the entrance fee to visit the store.<\/p>\n<p><span style=\"font-size: 14pt\"><strong><span style=\"font-size: 12pt\">Caf\u00e9 &#8220;Brain Food&#8221;<\/span><\/strong><img loading=\"lazy\" decoding=\"async\" width=\"270\" height=\"270\" style=\"margin-bottom: 10px;float: right;margin-right: 10px\" alt=\"brd\" src=\"https:\/\/www.jaermuseet.no\/wp-content\/uploads\/sites\/12\/2011\/01\/brd.jpg\" \/><\/span><\/p>\n<p>Caf\u00e9 &#8220;Brain Food&#8221; gives children and adults the perfect refill for an active day. Our chefs use quality commodities and they serve simple and good food. Fresh coffee, a good assortment of beverages, homemade cakes and fresh bread really sets the tone for the experience that is Vitenfabrikken.<\/p>\n<p>You don&#8217;t have to buy an entrance ticket to visit our caf\u00e9, situated on the first floor. Our caf\u00e9 is child friendly and has plenty of room for strollers. We are glad to help when baby food needs to be heated and we have access to a baby changing room. In summer you can enjoy the nice weather on our terrace outside.<\/p>\n<p>Caf\u00e9 &#8220;Brain Food&#8221; also delivers conference menus and menus for events at Vitenfabrikken. We have a close cooperation with the restaurant &#8220;Mathuset Charles &amp; De&#8221;. It is possible to order catering with tapas and other menus from them. Should there be any other wishes they can also create special menus and prices fit for your group. Contact our business host Ingunn Aase at ina@jaermuseet.no for more information or questions about our menu packages etc.<\/p>\n<p><strong>Opening hours, Caf\u00e9 &#8220;Brain Food&#8221;<\/strong><br \/>Monday closed<br \/>Tuesday \u2013 Friday 10:00 \u2013 15:00<br \/>Saturday 11:00 \u2013 15:30<br \/>Sunday and Holidays 12:00 \u2013 16:30<\/p>\n<p>The cafe can be held open outside of the normal opening hours, as with big event or group orders.<\/p><\/p>\n","protected":false},"excerpt":{"rendered":"<p>{rdxsg folder=&#8221;images\/stories\/vitenfabrikken\/bildegalleri\/butikken&#8221; thumbs_position=&#8221;bottom&#8221; midsize_width=&#8221;640&#8243; midsize_height=&#8221;270&#8243; thumbs_width=&#8221;640px&#8221; class=&#8221;time-w&#8221;} The Science Store&#8230;<\/p>\n","protected":false},"author":11,"featured_media":0,"parent":0,"menu_order":0,"comment_status":"open","ping_status":"open","template":"","meta":{"_acf_changed":false,"footnotes":""},"class_list":["post-85","page","type-page","status-publish","hentry"],"acf":[],"yoast_head":"<!-- This site is optimized with the Yoast SEO plugin v27.4 - https:\/\/yoast.com\/product\/yoast-seo-wordpress\/ -->\n<title>Shop and caf\u00e8 - Vitenfabrikken<\/title>\n<meta name=\"robots\" content=\"index, follow, max-snippet:-1, max-image-preview:large, max-video-preview:-1\" \/>\n<link rel=\"canonical\" href=\"https:\/\/www.jaermuseet.no\/vitenfabrikken\/shop-and-cafe\/\" \/>\n<meta property=\"og:locale\" content=\"nb_NO\" \/>\n<meta property=\"og:type\" content=\"article\" \/>\n<meta property=\"og:title\" content=\"Shop and caf\u00e8 - Vitenfabrikken\" \/>\n<meta property=\"og:description\" content=\"{rdxsg folder=&#8221;images\/stories\/vitenfabrikken\/bildegalleri\/butikken&#8221; thumbs_position=&#8221;bottom&#8221; midsize_width=&#8221;640&#8243; midsize_height=&#8221;270&#8243; thumbs_width=&#8221;640px&#8221; class=&#8221;time-w&#8221;} The Science Store...\" \/>\n<meta property=\"og:url\" content=\"https:\/\/www.jaermuseet.no\/vitenfabrikken\/shop-and-cafe\/\" \/>\n<meta property=\"og:site_name\" content=\"Vitenfabrikken\" \/>\n<meta property=\"og:image\" content=\"https:\/\/www.jaermuseet.no\/wp-content\/uploads\/sites\/12\/2011\/01\/hylle270x210.jpg\" \/>\n<meta name=\"twitter:card\" content=\"summary_large_image\" \/>\n<meta name=\"twitter:label1\" content=\"Ansl. lesetid\" \/>\n\t<meta name=\"twitter:data1\" content=\"2 minutter\" \/>\n<script type=\"application\/ld+json\" class=\"yoast-schema-graph\">{\"@context\":\"https:\\\/\\\/schema.org\",\"@graph\":[{\"@type\":\"WebPage\",\"@id\":\"https:\\\/\\\/www.jaermuseet.no\\\/vitenfabrikken\\\/shop-and-cafe\\\/\",\"url\":\"https:\\\/\\\/www.jaermuseet.no\\\/vitenfabrikken\\\/shop-and-cafe\\\/\",\"name\":\"Shop and caf\u00e8 - Vitenfabrikken\",\"isPartOf\":{\"@id\":\"https:\\\/\\\/www.jaermuseet.no\\\/vitenfabrikken\\\/#website\"},\"primaryImageOfPage\":{\"@id\":\"https:\\\/\\\/www.jaermuseet.no\\\/vitenfabrikken\\\/shop-and-cafe\\\/#primaryimage\"},\"image\":{\"@id\":\"https:\\\/\\\/www.jaermuseet.no\\\/vitenfabrikken\\\/shop-and-cafe\\\/#primaryimage\"},\"thumbnailUrl\":\"https:\\\/\\\/www.jaermuseet.no\\\/wp-content\\\/uploads\\\/sites\\\/12\\\/2011\\\/01\\\/hylle270x210.jpg\",\"datePublished\":\"2011-01-25T11:14:20+00:00\",\"breadcrumb\":{\"@id\":\"https:\\\/\\\/www.jaermuseet.no\\\/vitenfabrikken\\\/shop-and-cafe\\\/#breadcrumb\"},\"inLanguage\":\"nb-NO\",\"potentialAction\":[{\"@type\":\"ReadAction\",\"target\":[\"https:\\\/\\\/www.jaermuseet.no\\\/vitenfabrikken\\\/shop-and-cafe\\\/\"]}]},{\"@type\":\"ImageObject\",\"inLanguage\":\"nb-NO\",\"@id\":\"https:\\\/\\\/www.jaermuseet.no\\\/vitenfabrikken\\\/shop-and-cafe\\\/#primaryimage\",\"url\":\"https:\\\/\\\/www.jaermuseet.no\\\/wp-content\\\/uploads\\\/sites\\\/12\\\/2011\\\/01\\\/hylle270x210.jpg\",\"contentUrl\":\"https:\\\/\\\/www.jaermuseet.no\\\/wp-content\\\/uploads\\\/sites\\\/12\\\/2011\\\/01\\\/hylle270x210.jpg\"},{\"@type\":\"BreadcrumbList\",\"@id\":\"https:\\\/\\\/www.jaermuseet.no\\\/vitenfabrikken\\\/shop-and-cafe\\\/#breadcrumb\",\"itemListElement\":[{\"@type\":\"ListItem\",\"position\":1,\"name\":\"Hjem\",\"item\":\"https:\\\/\\\/www.jaermuseet.no\\\/vitenfabrikken\\\/\"},{\"@type\":\"ListItem\",\"position\":2,\"name\":\"Shop and caf\u00e8\"}]},{\"@type\":\"WebSite\",\"@id\":\"https:\\\/\\\/www.jaermuseet.no\\\/vitenfabrikken\\\/#website\",\"url\":\"https:\\\/\\\/www.jaermuseet.no\\\/vitenfabrikken\\\/\",\"name\":\"Vitenfabrikken\",\"description\":\"Exciting exhibitions and interactive installations\",\"potentialAction\":[{\"@type\":\"SearchAction\",\"target\":{\"@type\":\"EntryPoint\",\"urlTemplate\":\"https:\\\/\\\/www.jaermuseet.no\\\/vitenfabrikken\\\/?s={search_term_string}\"},\"query-input\":{\"@type\":\"PropertyValueSpecification\",\"valueRequired\":true,\"valueName\":\"search_term_string\"}}],\"inLanguage\":\"nb-NO\"}]}<\/script>\n<!-- \/ Yoast SEO plugin. -->","yoast_head_json":{"title":"Shop and caf\u00e8 - Vitenfabrikken","robots":{"index":"index","follow":"follow","max-snippet":"max-snippet:-1","max-image-preview":"max-image-preview:large","max-video-preview":"max-video-preview:-1"},"canonical":"https:\/\/www.jaermuseet.no\/vitenfabrikken\/shop-and-cafe\/","og_locale":"nb_NO","og_type":"article","og_title":"Shop and caf\u00e8 - Vitenfabrikken","og_description":"{rdxsg folder=&#8221;images\/stories\/vitenfabrikken\/bildegalleri\/butikken&#8221; thumbs_position=&#8221;bottom&#8221; midsize_width=&#8221;640&#8243; midsize_height=&#8221;270&#8243; thumbs_width=&#8221;640px&#8221; class=&#8221;time-w&#8221;} The Science Store...","og_url":"https:\/\/www.jaermuseet.no\/vitenfabrikken\/shop-and-cafe\/","og_site_name":"Vitenfabrikken","og_image":[{"url":"https:\/\/www.jaermuseet.no\/wp-content\/uploads\/sites\/12\/2011\/01\/hylle270x210.jpg","type":"","width":"","height":""}],"twitter_card":"summary_large_image","twitter_misc":{"Ansl. lesetid":"2 minutter"},"schema":{"@context":"https:\/\/schema.org","@graph":[{"@type":"WebPage","@id":"https:\/\/www.jaermuseet.no\/vitenfabrikken\/shop-and-cafe\/","url":"https:\/\/www.jaermuseet.no\/vitenfabrikken\/shop-and-cafe\/","name":"Shop and caf\u00e8 - Vitenfabrikken","isPartOf":{"@id":"https:\/\/www.jaermuseet.no\/vitenfabrikken\/#website"},"primaryImageOfPage":{"@id":"https:\/\/www.jaermuseet.no\/vitenfabrikken\/shop-and-cafe\/#primaryimage"},"image":{"@id":"https:\/\/www.jaermuseet.no\/vitenfabrikken\/shop-and-cafe\/#primaryimage"},"thumbnailUrl":"https:\/\/www.jaermuseet.no\/wp-content\/uploads\/sites\/12\/2011\/01\/hylle270x210.jpg","datePublished":"2011-01-25T11:14:20+00:00","breadcrumb":{"@id":"https:\/\/www.jaermuseet.no\/vitenfabrikken\/shop-and-cafe\/#breadcrumb"},"inLanguage":"nb-NO","potentialAction":[{"@type":"ReadAction","target":["https:\/\/www.jaermuseet.no\/vitenfabrikken\/shop-and-cafe\/"]}]},{"@type":"ImageObject","inLanguage":"nb-NO","@id":"https:\/\/www.jaermuseet.no\/vitenfabrikken\/shop-and-cafe\/#primaryimage","url":"https:\/\/www.jaermuseet.no\/wp-content\/uploads\/sites\/12\/2011\/01\/hylle270x210.jpg","contentUrl":"https:\/\/www.jaermuseet.no\/wp-content\/uploads\/sites\/12\/2011\/01\/hylle270x210.jpg"},{"@type":"BreadcrumbList","@id":"https:\/\/www.jaermuseet.no\/vitenfabrikken\/shop-and-cafe\/#breadcrumb","itemListElement":[{"@type":"ListItem","position":1,"name":"Hjem","item":"https:\/\/www.jaermuseet.no\/vitenfabrikken\/"},{"@type":"ListItem","position":2,"name":"Shop and caf\u00e8"}]},{"@type":"WebSite","@id":"https:\/\/www.jaermuseet.no\/vitenfabrikken\/#website","url":"https:\/\/www.jaermuseet.no\/vitenfabrikken\/","name":"Vitenfabrikken","description":"Exciting exhibitions and interactive installations","potentialAction":[{"@type":"SearchAction","target":{"@type":"EntryPoint","urlTemplate":"https:\/\/www.jaermuseet.no\/vitenfabrikken\/?s={search_term_string}"},"query-input":{"@type":"PropertyValueSpecification","valueRequired":true,"valueName":"search_term_string"}}],"inLanguage":"nb-NO"}]}},"jetpack_sharing_enabled":true,"jetpack-related-posts":[{"id":35,"url":"https:\/\/www.jaermuseet.no\/vitenfabrikken\/vitenfabrikken\/","url_meta":{"origin":85,"position":0},"title":"Vitenfabrikken","author":"Vitenfabrikken","date":"22. januar 2026","format":false,"excerpt":"Her kan store og sm\u00e5 utforske interaktive utstillinger og bli med p\u00e5 kjekke aktiviteter over flere etasjer. Vitenfabrikken er et moderne vitensenter og museum, der publikum blir oppfordret til \u00e5 delta og \u00e5 utforske. Gjennom slike interaktive formidlingsmetoder er m\u00e5let \u00e5 vekke spesielt barn og unge sin interesse for realfag,\u2026","rel":"","context":"Med 1 kommentar","block_context":{"text":"Med 1 kommentar","link":"https:\/\/www.jaermuseet.no\/vitenfabrikken\/vitenfabrikken\/#comments"},"img":{"alt_text":"","src":"https:\/\/i0.wp.com\/www.jaermuseet.no\/vitenfabrikken\/wp-content\/uploads\/sites\/12\/2015\/04\/Vitenfabrikken-fasade-sandnes.jpg?resize=350%2C200&ssl=1","width":350,"height":200,"srcset":"https:\/\/i0.wp.com\/www.jaermuseet.no\/vitenfabrikken\/wp-content\/uploads\/sites\/12\/2015\/04\/Vitenfabrikken-fasade-sandnes.jpg?resize=350%2C200&ssl=1 1x, https:\/\/i0.wp.com\/www.jaermuseet.no\/vitenfabrikken\/wp-content\/uploads\/sites\/12\/2015\/04\/Vitenfabrikken-fasade-sandnes.jpg?resize=525%2C300&ssl=1 1.5x, https:\/\/i0.wp.com\/www.jaermuseet.no\/vitenfabrikken\/wp-content\/uploads\/sites\/12\/2015\/04\/Vitenfabrikken-fasade-sandnes.jpg?resize=700%2C400&ssl=1 2x, https:\/\/i0.wp.com\/www.jaermuseet.no\/vitenfabrikken\/wp-content\/uploads\/sites\/12\/2015\/04\/Vitenfabrikken-fasade-sandnes.jpg?resize=1050%2C600&ssl=1 3x, https:\/\/i0.wp.com\/www.jaermuseet.no\/vitenfabrikken\/wp-content\/uploads\/sites\/12\/2015\/04\/Vitenfabrikken-fasade-sandnes.jpg?resize=1400%2C800&ssl=1 4x"},"classes":[]},{"id":74,"url":"https:\/\/www.jaermuseet.no\/vitenfabrikken\/familiedag\/","url_meta":{"origin":85,"position":1},"title":"Familiedag","author":"Vitenfabrikken","date":"14. oktober 2012","format":false,"excerpt":"Opplev, utforsk og delta! Like kjekt for de voksne som for barna.","rel":"","context":"Liknende innlegg","block_context":{"text":"Liknende innlegg","link":""},"img":{"alt_text":"","src":"https:\/\/i0.wp.com\/www.jaermuseet.no\/vitenfabrikken\/wp-content\/uploads\/sites\/12\/2013\/12\/20131119_JanIngeHaga_DSSS_nettside2.jpg?resize=350%2C200&ssl=1","width":350,"height":200,"srcset":"https:\/\/i0.wp.com\/www.jaermuseet.no\/vitenfabrikken\/wp-content\/uploads\/sites\/12\/2013\/12\/20131119_JanIngeHaga_DSSS_nettside2.jpg?resize=350%2C200&ssl=1 1x, https:\/\/i0.wp.com\/www.jaermuseet.no\/vitenfabrikken\/wp-content\/uploads\/sites\/12\/2013\/12\/20131119_JanIngeHaga_DSSS_nettside2.jpg?resize=525%2C300&ssl=1 1.5x"},"classes":[]},{"id":6992,"url":"https:\/\/www.jaermuseet.no\/vitenfabrikken\/konfirmasjon-selskapslokaler-utleie-sandnes-lokaler-utleie-selskap-dap-aremal\/","url_meta":{"origin":85,"position":2},"title":"Konfirmasjon","author":"Vitenfabrikken","date":"18. januar 2022","format":false,"excerpt":"P\u00e5 Vitenfabrikken kan dere feire den store dagen i spennende omgivelser. Inviter familie og venner til en feiring dere vil huske lenge. N\u00e5r dere er hos oss \u00f8nsker vi at dere kan lene dere tilbake og la dere bli vertet opp. V\u00e5re kokker st\u00e5r for mat og drikke, og dessert\u2026","rel":"","context":"Liknende innlegg","block_context":{"text":"Liknende innlegg","link":""},"img":{"alt_text":"Dekket bord","src":"https:\/\/i0.wp.com\/www.jaermuseet.no\/vitenfabrikken\/wp-content\/uploads\/sites\/12\/2024\/02\/20190503_153048-scaled.jpg?resize=350%2C200&ssl=1","width":350,"height":200,"srcset":"https:\/\/i0.wp.com\/www.jaermuseet.no\/vitenfabrikken\/wp-content\/uploads\/sites\/12\/2024\/02\/20190503_153048-scaled.jpg?resize=350%2C200&ssl=1 1x, https:\/\/i0.wp.com\/www.jaermuseet.no\/vitenfabrikken\/wp-content\/uploads\/sites\/12\/2024\/02\/20190503_153048-scaled.jpg?resize=525%2C300&ssl=1 1.5x, https:\/\/i0.wp.com\/www.jaermuseet.no\/vitenfabrikken\/wp-content\/uploads\/sites\/12\/2024\/02\/20190503_153048-scaled.jpg?resize=700%2C400&ssl=1 2x, https:\/\/i0.wp.com\/www.jaermuseet.no\/vitenfabrikken\/wp-content\/uploads\/sites\/12\/2024\/02\/20190503_153048-scaled.jpg?resize=1050%2C600&ssl=1 3x, https:\/\/i0.wp.com\/www.jaermuseet.no\/vitenfabrikken\/wp-content\/uploads\/sites\/12\/2024\/02\/20190503_153048-scaled.jpg?resize=1400%2C800&ssl=1 4x"},"classes":[]},{"id":50,"url":"https:\/\/www.jaermuseet.no\/vitenfabrikken\/kafe-hjernefode-pa-vitenfabrikken\/","url_meta":{"origin":85,"position":3},"title":"Kaf\u00e9 Hjernef\u00f8de","author":"Vitenfabrikken","date":"1. februar 2022","format":false,"excerpt":"Kaf\u00e9 Hjernef\u00f8de tilbyr en variert meny av mat og drikke, tilpasset alle aldre. Vi har et utvalg av varme og kalde retter, samt v\u00e5re fantastiske nystekte lapper og hjemmebakte kaker. Du finner ogs\u00e5 noe til de aller yngste og frisk frukt. Kaf\u00e9 Hjernef\u00f8de gir barn og voksne det perfekte p\u00e5fyll\u2026","rel":"","context":"Liknende innlegg","block_context":{"text":"Liknende innlegg","link":""},"img":{"alt_text":"Kaf\u00e9 Hjernef\u00f8de","src":"https:\/\/i0.wp.com\/www.jaermuseet.no\/vitenfabrikken\/wp-content\/uploads\/sites\/12\/2012\/07\/kafe-hjernefode-bord.jpg?resize=350%2C200&ssl=1","width":350,"height":200,"srcset":"https:\/\/i0.wp.com\/www.jaermuseet.no\/vitenfabrikken\/wp-content\/uploads\/sites\/12\/2012\/07\/kafe-hjernefode-bord.jpg?resize=350%2C200&ssl=1 1x, https:\/\/i0.wp.com\/www.jaermuseet.no\/vitenfabrikken\/wp-content\/uploads\/sites\/12\/2012\/07\/kafe-hjernefode-bord.jpg?resize=525%2C300&ssl=1 1.5x, https:\/\/i0.wp.com\/www.jaermuseet.no\/vitenfabrikken\/wp-content\/uploads\/sites\/12\/2012\/07\/kafe-hjernefode-bord.jpg?resize=700%2C400&ssl=1 2x, https:\/\/i0.wp.com\/www.jaermuseet.no\/vitenfabrikken\/wp-content\/uploads\/sites\/12\/2012\/07\/kafe-hjernefode-bord.jpg?resize=1050%2C600&ssl=1 3x, https:\/\/i0.wp.com\/www.jaermuseet.no\/vitenfabrikken\/wp-content\/uploads\/sites\/12\/2012\/07\/kafe-hjernefode-bord.jpg?resize=1400%2C800&ssl=1 4x"},"classes":[]},{"id":71,"url":"https:\/\/www.jaermuseet.no\/vitenfabrikken\/bursdag-pa-vitenfabrikken-stavanger-sandnes\/","url_meta":{"origin":85,"position":4},"title":"Bursdag","author":"Vitenfabrikken","date":"11. desember 2025","format":false,"excerpt":"Ha en t\u00f8ff bursdagsfeiring p\u00e5 Vitenfabrikken!","rel":"","context":"Liknende innlegg","block_context":{"text":"Liknende innlegg","link":""},"img":{"alt_text":"","src":"https:\/\/i0.wp.com\/www.jaermuseet.no\/vitenfabrikken\/wp-content\/uploads\/sites\/12\/2013\/12\/20131119_JanIngeHaga_DSSS_nettside2.jpg?resize=350%2C200&ssl=1","width":350,"height":200,"srcset":"https:\/\/i0.wp.com\/www.jaermuseet.no\/vitenfabrikken\/wp-content\/uploads\/sites\/12\/2013\/12\/20131119_JanIngeHaga_DSSS_nettside2.jpg?resize=350%2C200&ssl=1 1x, https:\/\/i0.wp.com\/www.jaermuseet.no\/vitenfabrikken\/wp-content\/uploads\/sites\/12\/2013\/12\/20131119_JanIngeHaga_DSSS_nettside2.jpg?resize=525%2C300&ssl=1 1.5x"},"classes":[]},{"id":4975,"url":"https:\/\/www.jaermuseet.no\/vitenfabrikken\/andre-vitensentre\/","url_meta":{"origin":85,"position":5},"title":"Andre vitensentre","author":"administrator","date":"30. august 2018","format":false,"excerpt":"Rundtom i Norge finner du flere regionale vitensentre, som alle inspirerer barn og unge til interesse for naturfag, matematikk og teknologi. Gjennom lekende l\u00e6ring i interaktive utstillinger, skoleprogrammer, eksperimentverksteder, vitenshow og enda flere aktiviteter, engasjerer vitensentrene b\u00e5de barn og voksne. \u00a0 \u00a0","rel":"","context":"Liknende innlegg","block_context":{"text":"Liknende innlegg","link":""},"img":{"alt_text":"","src":"https:\/\/i0.wp.com\/www.jaermuseet.no\/wp-content\/uploads\/2018\/08\/vitensenteret-trondheim.jpg?resize=350%2C200&ssl=1","width":350,"height":200},"classes":[]}],"_links":{"self":[{"href":"https:\/\/www.jaermuseet.no\/vitenfabrikken\/wp-json\/wp\/v2\/pages\/85","targetHints":{"allow":["GET"]}}],"collection":[{"href":"https:\/\/www.jaermuseet.no\/vitenfabrikken\/wp-json\/wp\/v2\/pages"}],"about":[{"href":"https:\/\/www.jaermuseet.no\/vitenfabrikken\/wp-json\/wp\/v2\/types\/page"}],"author":[{"embeddable":true,"href":"https:\/\/www.jaermuseet.no\/vitenfabrikken\/wp-json\/wp\/v2\/users\/11"}],"replies":[{"embeddable":true,"href":"https:\/\/www.jaermuseet.no\/vitenfabrikken\/wp-json\/wp\/v2\/comments?post=85"}],"version-history":[{"count":0,"href":"https:\/\/www.jaermuseet.no\/vitenfabrikken\/wp-json\/wp\/v2\/pages\/85\/revisions"}],"wp:attachment":[{"href":"https:\/\/www.jaermuseet.no\/vitenfabrikken\/wp-json\/wp\/v2\/media?parent=85"}],"curies":[{"name":"wp","href":"https:\/\/api.w.org\/{rel}","templated":true}]}}