{"id":4376,"date":"2018-02-21T09:38:31","date_gmt":"2018-02-21T08:38:31","guid":{"rendered":"https:\/\/www.jaermuseet.no\/vitenfabrikken\/?page_id=4376"},"modified":"2026-02-23T14:29:22","modified_gmt":"2026-02-23T13:29:22","slug":"jobbe-hos-oss","status":"publish","type":"page","link":"https:\/\/www.jaermuseet.no\/vitenfabrikken\/jobbe-hos-oss\/","title":{"rendered":"Jobbe hos oss?"},"content":{"rendered":"\n<p>Vitenfabrikken er et vitensenter og museum, sentralt plassert midt i Sandnes. \u00c5rlig har vi bes\u00f8k av i overkant av 75.000 gjester, fra skoler, barnehager, bedrifter, lag, orgasisasjoner og ferie- og fritid. &nbsp;Vi formidler Sandnes bys historie, regionens industrihistorie, matematikk, astronomi og energi.<\/p>\n\n\n\n<p>Her er det mange ulike yrkesgrupper som jobber, b\u00e5de innen utstillings- og formidlingsarbeid, museale oppgaver, butikk, resepsjon, kaf\u00e8, arrangement, renhold, markedsf\u00f8ring og mer.<\/p>\n\n\n\n<p>Hver v\u00e5r vi ut etter verter som kan jobbe hos oss prim\u00e6rt i helger og ferier. Disse er lagt ut for 2026.&nbsp;<\/p>\n\n\n\n<p>Oversikt over ledige stillinger i J\u00e6rmuseet inkludert Vitenfabrikken finner du her:&nbsp;<\/p>\n\n\n\n<p><\/p>\n\n\n\n<div class=\"wp-block-buttons is-layout-flex wp-block-buttons-is-layout-flex\">\n<div class=\"wp-block-button\"><a class=\"wp-block-button__link wp-element-button\" href=\"https:\/\/www.jobbnorge.no\/search?OrderBy=Published&amp;Period=All&amp;employer=2310#2\">Oversikt ledige stillinger<\/a><\/div>\n<\/div>\n","protected":false},"excerpt":{"rendered":"<p>Vitenfabrikken er et vitensenter og museum, sentralt plassert midt i&#8230;<\/p>\n","protected":false},"author":18,"featured_media":12212,"parent":0,"menu_order":0,"comment_status":"closed","ping_status":"closed","template":"","meta":{"_acf_changed":false,"footnotes":""},"class_list":["post-4376","page","type-page","status-publish","has-post-thumbnail","hentry","featured-image-size-large"],"acf":[],"yoast_head":"<!-- This site is optimized with the Yoast SEO plugin v27.4 - https:\/\/yoast.com\/product\/yoast-seo-wordpress\/ -->\n<title>Jobbe hos oss? - Vitenfabrikken<\/title>\n<meta name=\"description\" content=\"Det er mange ulike yrkesgrupper p\u00e5 Vitenfabrikken. Ledige stillinger blir lagt ut fortl\u00f8pende p\u00e5 denne siden.\" \/>\n<meta name=\"robots\" content=\"index, follow, max-snippet:-1, max-image-preview:large, max-video-preview:-1\" \/>\n<link rel=\"canonical\" href=\"https:\/\/www.jaermuseet.no\/vitenfabrikken\/jobbe-hos-oss\/\" \/>\n<meta property=\"og:locale\" content=\"nb_NO\" \/>\n<meta property=\"og:type\" content=\"article\" \/>\n<meta property=\"og:title\" content=\"Jobbe hos oss? - Vitenfabrikken\" \/>\n<meta property=\"og:description\" content=\"Det er mange ulike yrkesgrupper p\u00e5 Vitenfabrikken. Ledige stillinger blir lagt ut fortl\u00f8pende p\u00e5 denne siden.\" \/>\n<meta property=\"og:url\" content=\"https:\/\/www.jaermuseet.no\/vitenfabrikken\/jobbe-hos-oss\/\" \/>\n<meta property=\"og:site_name\" content=\"Vitenfabrikken\" \/>\n<meta property=\"article:modified_time\" content=\"2026-02-23T13:29:22+00:00\" \/>\n<meta property=\"og:image\" content=\"https:\/\/www.jaermuseet.no\/vitenfabrikken\/wp-content\/uploads\/sites\/12\/2024\/03\/230201_Header_Museumsverter_Jaermuseet_Vitenfabrikken_1-1024x576.png\" \/>\n\t<meta property=\"og:image:width\" content=\"1024\" \/>\n\t<meta property=\"og:image:height\" content=\"576\" \/>\n\t<meta property=\"og:image:type\" content=\"image\/png\" \/>\n<meta name=\"twitter:card\" content=\"summary_large_image\" \/>\n<meta name=\"twitter:label1\" content=\"Ansl. lesetid\" \/>\n\t<meta name=\"twitter:data1\" content=\"1 minutt\" \/>\n<script type=\"application\/ld+json\" class=\"yoast-schema-graph\">{\"@context\":\"https:\\\/\\\/schema.org\",\"@graph\":[{\"@type\":\"WebPage\",\"@id\":\"https:\\\/\\\/www.jaermuseet.no\\\/vitenfabrikken\\\/jobbe-hos-oss\\\/\",\"url\":\"https:\\\/\\\/www.jaermuseet.no\\\/vitenfabrikken\\\/jobbe-hos-oss\\\/\",\"name\":\"Jobbe hos oss? - Vitenfabrikken\",\"isPartOf\":{\"@id\":\"https:\\\/\\\/www.jaermuseet.no\\\/vitenfabrikken\\\/#website\"},\"primaryImageOfPage\":{\"@id\":\"https:\\\/\\\/www.jaermuseet.no\\\/vitenfabrikken\\\/jobbe-hos-oss\\\/#primaryimage\"},\"image\":{\"@id\":\"https:\\\/\\\/www.jaermuseet.no\\\/vitenfabrikken\\\/jobbe-hos-oss\\\/#primaryimage\"},\"thumbnailUrl\":\"https:\\\/\\\/www.jaermuseet.no\\\/vitenfabrikken\\\/wp-content\\\/uploads\\\/sites\\\/12\\\/2024\\\/03\\\/230201_Header_Museumsverter_Jaermuseet_Vitenfabrikken_1.png\",\"datePublished\":\"2018-02-21T08:38:31+00:00\",\"dateModified\":\"2026-02-23T13:29:22+00:00\",\"description\":\"Det er mange ulike yrkesgrupper p\u00e5 Vitenfabrikken. Ledige stillinger blir lagt ut fortl\u00f8pende p\u00e5 denne siden.\",\"breadcrumb\":{\"@id\":\"https:\\\/\\\/www.jaermuseet.no\\\/vitenfabrikken\\\/jobbe-hos-oss\\\/#breadcrumb\"},\"inLanguage\":\"nb-NO\",\"potentialAction\":[{\"@type\":\"ReadAction\",\"target\":[\"https:\\\/\\\/www.jaermuseet.no\\\/vitenfabrikken\\\/jobbe-hos-oss\\\/\"]}]},{\"@type\":\"ImageObject\",\"inLanguage\":\"nb-NO\",\"@id\":\"https:\\\/\\\/www.jaermuseet.no\\\/vitenfabrikken\\\/jobbe-hos-oss\\\/#primaryimage\",\"url\":\"https:\\\/\\\/www.jaermuseet.no\\\/vitenfabrikken\\\/wp-content\\\/uploads\\\/sites\\\/12\\\/2024\\\/03\\\/230201_Header_Museumsverter_Jaermuseet_Vitenfabrikken_1.png\",\"contentUrl\":\"https:\\\/\\\/www.jaermuseet.no\\\/vitenfabrikken\\\/wp-content\\\/uploads\\\/sites\\\/12\\\/2024\\\/03\\\/230201_Header_Museumsverter_Jaermuseet_Vitenfabrikken_1.png\",\"width\":1920,\"height\":1080},{\"@type\":\"BreadcrumbList\",\"@id\":\"https:\\\/\\\/www.jaermuseet.no\\\/vitenfabrikken\\\/jobbe-hos-oss\\\/#breadcrumb\",\"itemListElement\":[{\"@type\":\"ListItem\",\"position\":1,\"name\":\"Hjem\",\"item\":\"https:\\\/\\\/www.jaermuseet.no\\\/vitenfabrikken\\\/\"},{\"@type\":\"ListItem\",\"position\":2,\"name\":\"Jobbe hos oss?\"}]},{\"@type\":\"WebSite\",\"@id\":\"https:\\\/\\\/www.jaermuseet.no\\\/vitenfabrikken\\\/#website\",\"url\":\"https:\\\/\\\/www.jaermuseet.no\\\/vitenfabrikken\\\/\",\"name\":\"Vitenfabrikken\",\"description\":\"Exciting exhibitions and interactive installations\",\"potentialAction\":[{\"@type\":\"SearchAction\",\"target\":{\"@type\":\"EntryPoint\",\"urlTemplate\":\"https:\\\/\\\/www.jaermuseet.no\\\/vitenfabrikken\\\/?s={search_term_string}\"},\"query-input\":{\"@type\":\"PropertyValueSpecification\",\"valueRequired\":true,\"valueName\":\"search_term_string\"}}],\"inLanguage\":\"nb-NO\"}]}<\/script>\n<!-- \/ Yoast SEO plugin. -->","yoast_head_json":{"title":"Jobbe hos oss? - Vitenfabrikken","description":"Det er mange ulike yrkesgrupper p\u00e5 Vitenfabrikken. Ledige stillinger blir lagt ut fortl\u00f8pende p\u00e5 denne siden.","robots":{"index":"index","follow":"follow","max-snippet":"max-snippet:-1","max-image-preview":"max-image-preview:large","max-video-preview":"max-video-preview:-1"},"canonical":"https:\/\/www.jaermuseet.no\/vitenfabrikken\/jobbe-hos-oss\/","og_locale":"nb_NO","og_type":"article","og_title":"Jobbe hos oss? - Vitenfabrikken","og_description":"Det er mange ulike yrkesgrupper p\u00e5 Vitenfabrikken. Ledige stillinger blir lagt ut fortl\u00f8pende p\u00e5 denne siden.","og_url":"https:\/\/www.jaermuseet.no\/vitenfabrikken\/jobbe-hos-oss\/","og_site_name":"Vitenfabrikken","article_modified_time":"2026-02-23T13:29:22+00:00","og_image":[{"width":1024,"height":576,"url":"https:\/\/www.jaermuseet.no\/vitenfabrikken\/wp-content\/uploads\/sites\/12\/2024\/03\/230201_Header_Museumsverter_Jaermuseet_Vitenfabrikken_1-1024x576.png","type":"image\/png"}],"twitter_card":"summary_large_image","twitter_misc":{"Ansl. lesetid":"1 minutt"},"schema":{"@context":"https:\/\/schema.org","@graph":[{"@type":"WebPage","@id":"https:\/\/www.jaermuseet.no\/vitenfabrikken\/jobbe-hos-oss\/","url":"https:\/\/www.jaermuseet.no\/vitenfabrikken\/jobbe-hos-oss\/","name":"Jobbe hos oss? - Vitenfabrikken","isPartOf":{"@id":"https:\/\/www.jaermuseet.no\/vitenfabrikken\/#website"},"primaryImageOfPage":{"@id":"https:\/\/www.jaermuseet.no\/vitenfabrikken\/jobbe-hos-oss\/#primaryimage"},"image":{"@id":"https:\/\/www.jaermuseet.no\/vitenfabrikken\/jobbe-hos-oss\/#primaryimage"},"thumbnailUrl":"https:\/\/www.jaermuseet.no\/vitenfabrikken\/wp-content\/uploads\/sites\/12\/2024\/03\/230201_Header_Museumsverter_Jaermuseet_Vitenfabrikken_1.png","datePublished":"2018-02-21T08:38:31+00:00","dateModified":"2026-02-23T13:29:22+00:00","description":"Det er mange ulike yrkesgrupper p\u00e5 Vitenfabrikken. Ledige stillinger blir lagt ut fortl\u00f8pende p\u00e5 denne siden.","breadcrumb":{"@id":"https:\/\/www.jaermuseet.no\/vitenfabrikken\/jobbe-hos-oss\/#breadcrumb"},"inLanguage":"nb-NO","potentialAction":[{"@type":"ReadAction","target":["https:\/\/www.jaermuseet.no\/vitenfabrikken\/jobbe-hos-oss\/"]}]},{"@type":"ImageObject","inLanguage":"nb-NO","@id":"https:\/\/www.jaermuseet.no\/vitenfabrikken\/jobbe-hos-oss\/#primaryimage","url":"https:\/\/www.jaermuseet.no\/vitenfabrikken\/wp-content\/uploads\/sites\/12\/2024\/03\/230201_Header_Museumsverter_Jaermuseet_Vitenfabrikken_1.png","contentUrl":"https:\/\/www.jaermuseet.no\/vitenfabrikken\/wp-content\/uploads\/sites\/12\/2024\/03\/230201_Header_Museumsverter_Jaermuseet_Vitenfabrikken_1.png","width":1920,"height":1080},{"@type":"BreadcrumbList","@id":"https:\/\/www.jaermuseet.no\/vitenfabrikken\/jobbe-hos-oss\/#breadcrumb","itemListElement":[{"@type":"ListItem","position":1,"name":"Hjem","item":"https:\/\/www.jaermuseet.no\/vitenfabrikken\/"},{"@type":"ListItem","position":2,"name":"Jobbe hos oss?"}]},{"@type":"WebSite","@id":"https:\/\/www.jaermuseet.no\/vitenfabrikken\/#website","url":"https:\/\/www.jaermuseet.no\/vitenfabrikken\/","name":"Vitenfabrikken","description":"Exciting exhibitions and interactive installations","potentialAction":[{"@type":"SearchAction","target":{"@type":"EntryPoint","urlTemplate":"https:\/\/www.jaermuseet.no\/vitenfabrikken\/?s={search_term_string}"},"query-input":{"@type":"PropertyValueSpecification","valueRequired":true,"valueName":"search_term_string"}}],"inLanguage":"nb-NO"}]}},"jetpack_sharing_enabled":true,"jetpack-related-posts":[{"id":6992,"url":"https:\/\/www.jaermuseet.no\/vitenfabrikken\/konfirmasjon-selskapslokaler-utleie-sandnes-lokaler-utleie-selskap-dap-aremal\/","url_meta":{"origin":4376,"position":0},"title":"Konfirmasjon","author":"Vitenfabrikken","date":"18. januar 2022","format":false,"excerpt":"P\u00e5 Vitenfabrikken kan dere feire den store dagen i spennende omgivelser. Inviter familie og venner til en feiring dere vil huske lenge. N\u00e5r dere er hos oss \u00f8nsker vi at dere kan lene dere tilbake og la dere bli vertet opp. V\u00e5re kokker st\u00e5r for mat og drikke, og dessert\u2026","rel":"","context":"Liknende innlegg","block_context":{"text":"Liknende innlegg","link":""},"img":{"alt_text":"Dekket bord","src":"https:\/\/i0.wp.com\/www.jaermuseet.no\/vitenfabrikken\/wp-content\/uploads\/sites\/12\/2024\/02\/20190503_153048-scaled.jpg?resize=350%2C200&ssl=1","width":350,"height":200,"srcset":"https:\/\/i0.wp.com\/www.jaermuseet.no\/vitenfabrikken\/wp-content\/uploads\/sites\/12\/2024\/02\/20190503_153048-scaled.jpg?resize=350%2C200&ssl=1 1x, https:\/\/i0.wp.com\/www.jaermuseet.no\/vitenfabrikken\/wp-content\/uploads\/sites\/12\/2024\/02\/20190503_153048-scaled.jpg?resize=525%2C300&ssl=1 1.5x, https:\/\/i0.wp.com\/www.jaermuseet.no\/vitenfabrikken\/wp-content\/uploads\/sites\/12\/2024\/02\/20190503_153048-scaled.jpg?resize=700%2C400&ssl=1 2x, https:\/\/i0.wp.com\/www.jaermuseet.no\/vitenfabrikken\/wp-content\/uploads\/sites\/12\/2024\/02\/20190503_153048-scaled.jpg?resize=1050%2C600&ssl=1 3x, https:\/\/i0.wp.com\/www.jaermuseet.no\/vitenfabrikken\/wp-content\/uploads\/sites\/12\/2024\/02\/20190503_153048-scaled.jpg?resize=1400%2C800&ssl=1 4x"},"classes":[]},{"id":50,"url":"https:\/\/www.jaermuseet.no\/vitenfabrikken\/kafe-hjernefode-pa-vitenfabrikken\/","url_meta":{"origin":4376,"position":1},"title":"Kaf\u00e9 Hjernef\u00f8de","author":"Vitenfabrikken","date":"1. februar 2022","format":false,"excerpt":"Kaf\u00e9 Hjernef\u00f8de tilbyr en variert meny av mat og drikke, tilpasset alle aldre. Vi har et utvalg av varme og kalde retter, samt v\u00e5re fantastiske nystekte lapper og hjemmebakte kaker. Du finner ogs\u00e5 noe til de aller yngste og frisk frukt. Kaf\u00e9 Hjernef\u00f8de gir barn og voksne det perfekte p\u00e5fyll\u2026","rel":"","context":"Liknende innlegg","block_context":{"text":"Liknende innlegg","link":""},"img":{"alt_text":"Kaf\u00e9 Hjernef\u00f8de","src":"https:\/\/i0.wp.com\/www.jaermuseet.no\/vitenfabrikken\/wp-content\/uploads\/sites\/12\/2012\/07\/kafe-hjernefode-bord.jpg?resize=350%2C200&ssl=1","width":350,"height":200,"srcset":"https:\/\/i0.wp.com\/www.jaermuseet.no\/vitenfabrikken\/wp-content\/uploads\/sites\/12\/2012\/07\/kafe-hjernefode-bord.jpg?resize=350%2C200&ssl=1 1x, https:\/\/i0.wp.com\/www.jaermuseet.no\/vitenfabrikken\/wp-content\/uploads\/sites\/12\/2012\/07\/kafe-hjernefode-bord.jpg?resize=525%2C300&ssl=1 1.5x, https:\/\/i0.wp.com\/www.jaermuseet.no\/vitenfabrikken\/wp-content\/uploads\/sites\/12\/2012\/07\/kafe-hjernefode-bord.jpg?resize=700%2C400&ssl=1 2x, https:\/\/i0.wp.com\/www.jaermuseet.no\/vitenfabrikken\/wp-content\/uploads\/sites\/12\/2012\/07\/kafe-hjernefode-bord.jpg?resize=1050%2C600&ssl=1 3x, https:\/\/i0.wp.com\/www.jaermuseet.no\/vitenfabrikken\/wp-content\/uploads\/sites\/12\/2012\/07\/kafe-hjernefode-bord.jpg?resize=1400%2C800&ssl=1 4x"},"classes":[]},{"id":35,"url":"https:\/\/www.jaermuseet.no\/vitenfabrikken\/vitenfabrikken\/","url_meta":{"origin":4376,"position":2},"title":"Vitenfabrikken","author":"Vitenfabrikken","date":"22. januar 2026","format":false,"excerpt":"Her kan store og sm\u00e5 utforske interaktive utstillinger og bli med p\u00e5 kjekke aktiviteter over flere etasjer. Vitenfabrikken er et moderne vitensenter og museum, der publikum blir oppfordret til \u00e5 delta og \u00e5 utforske. Gjennom slike interaktive formidlingsmetoder er m\u00e5let \u00e5 vekke spesielt barn og unge sin interesse for realfag,\u2026","rel":"","context":"Med 1 kommentar","block_context":{"text":"Med 1 kommentar","link":"https:\/\/www.jaermuseet.no\/vitenfabrikken\/vitenfabrikken\/#comments"},"img":{"alt_text":"","src":"https:\/\/i0.wp.com\/www.jaermuseet.no\/vitenfabrikken\/wp-content\/uploads\/sites\/12\/2015\/04\/Vitenfabrikken-fasade-sandnes.jpg?resize=350%2C200&ssl=1","width":350,"height":200,"srcset":"https:\/\/i0.wp.com\/www.jaermuseet.no\/vitenfabrikken\/wp-content\/uploads\/sites\/12\/2015\/04\/Vitenfabrikken-fasade-sandnes.jpg?resize=350%2C200&ssl=1 1x, https:\/\/i0.wp.com\/www.jaermuseet.no\/vitenfabrikken\/wp-content\/uploads\/sites\/12\/2015\/04\/Vitenfabrikken-fasade-sandnes.jpg?resize=525%2C300&ssl=1 1.5x, https:\/\/i0.wp.com\/www.jaermuseet.no\/vitenfabrikken\/wp-content\/uploads\/sites\/12\/2015\/04\/Vitenfabrikken-fasade-sandnes.jpg?resize=700%2C400&ssl=1 2x, https:\/\/i0.wp.com\/www.jaermuseet.no\/vitenfabrikken\/wp-content\/uploads\/sites\/12\/2015\/04\/Vitenfabrikken-fasade-sandnes.jpg?resize=1050%2C600&ssl=1 3x, https:\/\/i0.wp.com\/www.jaermuseet.no\/vitenfabrikken\/wp-content\/uploads\/sites\/12\/2015\/04\/Vitenfabrikken-fasade-sandnes.jpg?resize=1400%2C800&ssl=1 4x"},"classes":[]},{"id":40,"url":"https:\/\/www.jaermuseet.no\/vitenfabrikken\/butikken\/","url_meta":{"origin":4376,"position":3},"title":"Butikk","author":"Vitenfabrikken","date":"13. november 2024","format":false,"excerpt":"I v\u00e5r butikk finner du mange kule, spennende og l\u00e6rerike ting! Trenger du noe utenom det vanlige til en gave s\u00e5 finner du det helt sikkert hos oss. V\u00e5re kunnskapsrike verter hjelper deg til \u00e5 finne rett produkt, og vi pakker selvsagt inn. Du finner noe til alle aldre, s\u00e5\u2026","rel":"","context":"Liknende innlegg","block_context":{"text":"Liknende innlegg","link":""},"img":{"alt_text":"","src":"https:\/\/i0.wp.com\/www.jaermuseet.no\/vitenfabrikken\/wp-content\/uploads\/sites\/12\/2025\/03\/Skrivebok-og-penal-150x150.jpg?resize=350%2C200&ssl=1","width":350,"height":200,"srcset":"https:\/\/i0.wp.com\/www.jaermuseet.no\/vitenfabrikken\/wp-content\/uploads\/sites\/12\/2025\/03\/Skrivebok-og-penal-150x150.jpg?resize=350%2C200&ssl=1 1x, https:\/\/i0.wp.com\/www.jaermuseet.no\/vitenfabrikken\/wp-content\/uploads\/sites\/12\/2025\/03\/Skrivebok-og-penal-150x150.jpg?resize=525%2C300&ssl=1 1.5x, https:\/\/i0.wp.com\/www.jaermuseet.no\/vitenfabrikken\/wp-content\/uploads\/sites\/12\/2025\/03\/Skrivebok-og-penal-150x150.jpg?resize=700%2C400&ssl=1 2x, https:\/\/i0.wp.com\/www.jaermuseet.no\/vitenfabrikken\/wp-content\/uploads\/sites\/12\/2025\/03\/Skrivebok-og-penal-150x150.jpg?resize=1050%2C600&ssl=1 3x, https:\/\/i0.wp.com\/www.jaermuseet.no\/vitenfabrikken\/wp-content\/uploads\/sites\/12\/2025\/03\/Skrivebok-og-penal-150x150.jpg?resize=1400%2C800&ssl=1 4x"},"classes":[]},{"id":38,"url":"https:\/\/www.jaermuseet.no\/vitenfabrikken\/umoe-planetariet\/","url_meta":{"origin":4376,"position":4},"title":"Planetariet","author":"Vitenfabrikken","date":"26. august 2010","format":false,"excerpt":"En av de mest spennende og popul\u00e6re attraksjonene p\u00e5 Vitenfabrikken er planetariet, en 360-graders digital kino som brukes for \u00e5 formidle astronomi, verdensrommet og stjernehimmelsen gjennom live-show eller fulldome filmer.\u00a0 Planetariet fremst\u00e5r med den beste og nyeste teknologien innen lyd, lys og bilde.\u00a0 Inngang til planetariet er inkludert i billetten\u2026","rel":"","context":"Liknende innlegg","block_context":{"text":"Liknende innlegg","link":""},"img":{"alt_text":"","src":"https:\/\/i0.wp.com\/www.jaermuseet.no\/vitenfabrikken\/wp-content\/uploads\/sites\/12\/2020\/09\/20190620-Apning-Planetariet-Foto-Rune-Helliesen-24.jpg?resize=350%2C200&ssl=1","width":350,"height":200,"srcset":"https:\/\/i0.wp.com\/www.jaermuseet.no\/vitenfabrikken\/wp-content\/uploads\/sites\/12\/2020\/09\/20190620-Apning-Planetariet-Foto-Rune-Helliesen-24.jpg?resize=350%2C200&ssl=1 1x, https:\/\/i0.wp.com\/www.jaermuseet.no\/vitenfabrikken\/wp-content\/uploads\/sites\/12\/2020\/09\/20190620-Apning-Planetariet-Foto-Rune-Helliesen-24.jpg?resize=525%2C300&ssl=1 1.5x, https:\/\/i0.wp.com\/www.jaermuseet.no\/vitenfabrikken\/wp-content\/uploads\/sites\/12\/2020\/09\/20190620-Apning-Planetariet-Foto-Rune-Helliesen-24.jpg?resize=700%2C400&ssl=1 2x, https:\/\/i0.wp.com\/www.jaermuseet.no\/vitenfabrikken\/wp-content\/uploads\/sites\/12\/2020\/09\/20190620-Apning-Planetariet-Foto-Rune-Helliesen-24.jpg?resize=1050%2C600&ssl=1 3x, https:\/\/i0.wp.com\/www.jaermuseet.no\/vitenfabrikken\/wp-content\/uploads\/sites\/12\/2020\/09\/20190620-Apning-Planetariet-Foto-Rune-Helliesen-24.jpg?resize=1400%2C800&ssl=1 4x"},"classes":[]},{"id":71,"url":"https:\/\/www.jaermuseet.no\/vitenfabrikken\/bursdag-pa-vitenfabrikken-stavanger-sandnes\/","url_meta":{"origin":4376,"position":5},"title":"Bursdag","author":"Vitenfabrikken","date":"11. desember 2025","format":false,"excerpt":"Ha en t\u00f8ff bursdagsfeiring p\u00e5 Vitenfabrikken!","rel":"","context":"Liknende innlegg","block_context":{"text":"Liknende innlegg","link":""},"img":{"alt_text":"","src":"https:\/\/i0.wp.com\/www.jaermuseet.no\/vitenfabrikken\/wp-content\/uploads\/sites\/12\/2013\/12\/20131119_JanIngeHaga_DSSS_nettside2.jpg?resize=350%2C200&ssl=1","width":350,"height":200,"srcset":"https:\/\/i0.wp.com\/www.jaermuseet.no\/vitenfabrikken\/wp-content\/uploads\/sites\/12\/2013\/12\/20131119_JanIngeHaga_DSSS_nettside2.jpg?resize=350%2C200&ssl=1 1x, https:\/\/i0.wp.com\/www.jaermuseet.no\/vitenfabrikken\/wp-content\/uploads\/sites\/12\/2013\/12\/20131119_JanIngeHaga_DSSS_nettside2.jpg?resize=525%2C300&ssl=1 1.5x"},"classes":[]}],"_links":{"self":[{"href":"https:\/\/www.jaermuseet.no\/vitenfabrikken\/wp-json\/wp\/v2\/pages\/4376","targetHints":{"allow":["GET"]}}],"collection":[{"href":"https:\/\/www.jaermuseet.no\/vitenfabrikken\/wp-json\/wp\/v2\/pages"}],"about":[{"href":"https:\/\/www.jaermuseet.no\/vitenfabrikken\/wp-json\/wp\/v2\/types\/page"}],"author":[{"embeddable":true,"href":"https:\/\/www.jaermuseet.no\/vitenfabrikken\/wp-json\/wp\/v2\/users\/18"}],"replies":[{"embeddable":true,"href":"https:\/\/www.jaermuseet.no\/vitenfabrikken\/wp-json\/wp\/v2\/comments?post=4376"}],"version-history":[{"count":45,"href":"https:\/\/www.jaermuseet.no\/vitenfabrikken\/wp-json\/wp\/v2\/pages\/4376\/revisions"}],"predecessor-version":[{"id":14944,"href":"https:\/\/www.jaermuseet.no\/vitenfabrikken\/wp-json\/wp\/v2\/pages\/4376\/revisions\/14944"}],"wp:featuredmedia":[{"embeddable":true,"href":"https:\/\/www.jaermuseet.no\/vitenfabrikken\/wp-json\/wp\/v2\/media\/12212"}],"wp:attachment":[{"href":"https:\/\/www.jaermuseet.no\/vitenfabrikken\/wp-json\/wp\/v2\/media?parent=4376"}],"curies":[{"name":"wp","href":"https:\/\/api.w.org\/{rel}","templated":true}]}}