{"id":43,"date":"2011-01-25T09:39:24","date_gmt":"2011-01-25T08:39:24","guid":{"rendered":"https:\/\/www.jaermuseet.no\/vitenfabrikken\/bygget\/"},"modified":"2021-06-08T09:18:25","modified_gmt":"2021-06-08T07:18:25","slug":"bygget","status":"publish","type":"page","link":"https:\/\/www.jaermuseet.no\/vitenfabrikken\/bygget\/","title":{"rendered":"Bygget"},"content":{"rendered":"<p><strong>Vitenfabrikken \u00e5pnet sitt nybygg 22. mai 2008. <\/strong><\/p>\n<p>I 2003 ble det utlyst en Europeisk arkitektkonkurranse finansiert med midler fra Sandnes Sparebank og Sandnes kommune. Vinnerprosjektet &#8220;Jonas og vitenfabrikken&#8221; forfattet av Arkitektkontoret Askim og Lantto AS ble k\u00e5ret i 2004.<\/p>\n<p>Nybygget er p\u00e5 ca 4000 m2 og kostet 95 mill. I tillegg kommer planetariet med en kostnad p\u00e5 omtrent 24 mill.<\/p>\n<p>&#8211; Stat og kulturdepartement 45 mill<\/p>\n<p>&#8211; Rogaland Fylkeskommune 17 mil<\/p>\n<p>&#8211; J\u00e6rkommunene 4 mill<\/p>\n<p>&#8211; Sandnes kommune 25 mill<\/p>\n<p>&#8211; Privat 4 mill<\/p>\n<p>1.byggetrinn inneholder utstillingsareal, planetarium, verksteder, auditorium, museumsbutikk og kafe. 2. byggetrinn er under planlegging.<\/p>\n","protected":false},"excerpt":{"rendered":"<p>Vitenfabrikken \u00e5pnet sitt nybygg 22. mai 2008. I 2003 ble&#8230;<\/p>\n","protected":false},"author":11,"featured_media":263,"parent":0,"menu_order":0,"comment_status":"open","ping_status":"open","template":"","meta":{"_acf_changed":false,"footnotes":""},"class_list":["post-43","page","type-page","status-publish","has-post-thumbnail","hentry","featured-image-size-large"],"acf":[],"yoast_head":"<!-- This site is optimized with the Yoast SEO plugin v27.4 - https:\/\/yoast.com\/product\/yoast-seo-wordpress\/ -->\n<title>Bygget - Vitenfabrikken<\/title>\n<meta name=\"robots\" content=\"index, follow, max-snippet:-1, max-image-preview:large, max-video-preview:-1\" \/>\n<link rel=\"canonical\" href=\"https:\/\/www.jaermuseet.no\/vitenfabrikken\/bygget\/\" \/>\n<meta property=\"og:locale\" content=\"nb_NO\" \/>\n<meta property=\"og:type\" content=\"article\" \/>\n<meta property=\"og:title\" content=\"Bygget - Vitenfabrikken\" \/>\n<meta property=\"og:description\" content=\"Vitenfabrikken \u00e5pnet sitt nybygg 22. mai 2008. I 2003 ble...\" \/>\n<meta property=\"og:url\" content=\"https:\/\/www.jaermuseet.no\/vitenfabrikken\/bygget\/\" \/>\n<meta property=\"og:site_name\" content=\"Vitenfabrikken\" \/>\n<meta property=\"article:modified_time\" content=\"2021-06-08T07:18:25+00:00\" \/>\n<meta property=\"og:image\" content=\"https:\/\/www.jaermuseet.no\/vitenfabrikken\/wp-content\/uploads\/sites\/12\/2015\/04\/Vitenfabrikken-fasade-sandnes.jpg\" \/>\n\t<meta property=\"og:image:width\" content=\"1600\" \/>\n\t<meta property=\"og:image:height\" content=\"747\" \/>\n\t<meta property=\"og:image:type\" content=\"image\/jpeg\" \/>\n<meta name=\"twitter:card\" content=\"summary_large_image\" \/>\n<meta name=\"twitter:label1\" content=\"Ansl. lesetid\" \/>\n\t<meta name=\"twitter:data1\" content=\"1 minutt\" \/>\n<script type=\"application\/ld+json\" class=\"yoast-schema-graph\">{\"@context\":\"https:\\\/\\\/schema.org\",\"@graph\":[{\"@type\":\"WebPage\",\"@id\":\"https:\\\/\\\/www.jaermuseet.no\\\/vitenfabrikken\\\/bygget\\\/\",\"url\":\"https:\\\/\\\/www.jaermuseet.no\\\/vitenfabrikken\\\/bygget\\\/\",\"name\":\"Bygget - Vitenfabrikken\",\"isPartOf\":{\"@id\":\"https:\\\/\\\/www.jaermuseet.no\\\/vitenfabrikken\\\/#website\"},\"primaryImageOfPage\":{\"@id\":\"https:\\\/\\\/www.jaermuseet.no\\\/vitenfabrikken\\\/bygget\\\/#primaryimage\"},\"image\":{\"@id\":\"https:\\\/\\\/www.jaermuseet.no\\\/vitenfabrikken\\\/bygget\\\/#primaryimage\"},\"thumbnailUrl\":\"https:\\\/\\\/www.jaermuseet.no\\\/vitenfabrikken\\\/wp-content\\\/uploads\\\/sites\\\/12\\\/2015\\\/04\\\/Vitenfabrikken-fasade-sandnes.jpg\",\"datePublished\":\"2011-01-25T08:39:24+00:00\",\"dateModified\":\"2021-06-08T07:18:25+00:00\",\"breadcrumb\":{\"@id\":\"https:\\\/\\\/www.jaermuseet.no\\\/vitenfabrikken\\\/bygget\\\/#breadcrumb\"},\"inLanguage\":\"nb-NO\",\"potentialAction\":[{\"@type\":\"ReadAction\",\"target\":[\"https:\\\/\\\/www.jaermuseet.no\\\/vitenfabrikken\\\/bygget\\\/\"]}]},{\"@type\":\"ImageObject\",\"inLanguage\":\"nb-NO\",\"@id\":\"https:\\\/\\\/www.jaermuseet.no\\\/vitenfabrikken\\\/bygget\\\/#primaryimage\",\"url\":\"https:\\\/\\\/www.jaermuseet.no\\\/vitenfabrikken\\\/wp-content\\\/uploads\\\/sites\\\/12\\\/2015\\\/04\\\/Vitenfabrikken-fasade-sandnes.jpg\",\"contentUrl\":\"https:\\\/\\\/www.jaermuseet.no\\\/vitenfabrikken\\\/wp-content\\\/uploads\\\/sites\\\/12\\\/2015\\\/04\\\/Vitenfabrikken-fasade-sandnes.jpg\",\"width\":1600,\"height\":747},{\"@type\":\"BreadcrumbList\",\"@id\":\"https:\\\/\\\/www.jaermuseet.no\\\/vitenfabrikken\\\/bygget\\\/#breadcrumb\",\"itemListElement\":[{\"@type\":\"ListItem\",\"position\":1,\"name\":\"Hjem\",\"item\":\"https:\\\/\\\/www.jaermuseet.no\\\/vitenfabrikken\\\/\"},{\"@type\":\"ListItem\",\"position\":2,\"name\":\"Bygget\"}]},{\"@type\":\"WebSite\",\"@id\":\"https:\\\/\\\/www.jaermuseet.no\\\/vitenfabrikken\\\/#website\",\"url\":\"https:\\\/\\\/www.jaermuseet.no\\\/vitenfabrikken\\\/\",\"name\":\"Vitenfabrikken\",\"description\":\"Exciting exhibitions and interactive installations\",\"potentialAction\":[{\"@type\":\"SearchAction\",\"target\":{\"@type\":\"EntryPoint\",\"urlTemplate\":\"https:\\\/\\\/www.jaermuseet.no\\\/vitenfabrikken\\\/?s={search_term_string}\"},\"query-input\":{\"@type\":\"PropertyValueSpecification\",\"valueRequired\":true,\"valueName\":\"search_term_string\"}}],\"inLanguage\":\"nb-NO\"}]}<\/script>\n<!-- \/ Yoast SEO plugin. -->","yoast_head_json":{"title":"Bygget - Vitenfabrikken","robots":{"index":"index","follow":"follow","max-snippet":"max-snippet:-1","max-image-preview":"max-image-preview:large","max-video-preview":"max-video-preview:-1"},"canonical":"https:\/\/www.jaermuseet.no\/vitenfabrikken\/bygget\/","og_locale":"nb_NO","og_type":"article","og_title":"Bygget - Vitenfabrikken","og_description":"Vitenfabrikken \u00e5pnet sitt nybygg 22. mai 2008. I 2003 ble...","og_url":"https:\/\/www.jaermuseet.no\/vitenfabrikken\/bygget\/","og_site_name":"Vitenfabrikken","article_modified_time":"2021-06-08T07:18:25+00:00","og_image":[{"width":1600,"height":747,"url":"https:\/\/www.jaermuseet.no\/vitenfabrikken\/wp-content\/uploads\/sites\/12\/2015\/04\/Vitenfabrikken-fasade-sandnes.jpg","type":"image\/jpeg"}],"twitter_card":"summary_large_image","twitter_misc":{"Ansl. lesetid":"1 minutt"},"schema":{"@context":"https:\/\/schema.org","@graph":[{"@type":"WebPage","@id":"https:\/\/www.jaermuseet.no\/vitenfabrikken\/bygget\/","url":"https:\/\/www.jaermuseet.no\/vitenfabrikken\/bygget\/","name":"Bygget - Vitenfabrikken","isPartOf":{"@id":"https:\/\/www.jaermuseet.no\/vitenfabrikken\/#website"},"primaryImageOfPage":{"@id":"https:\/\/www.jaermuseet.no\/vitenfabrikken\/bygget\/#primaryimage"},"image":{"@id":"https:\/\/www.jaermuseet.no\/vitenfabrikken\/bygget\/#primaryimage"},"thumbnailUrl":"https:\/\/www.jaermuseet.no\/vitenfabrikken\/wp-content\/uploads\/sites\/12\/2015\/04\/Vitenfabrikken-fasade-sandnes.jpg","datePublished":"2011-01-25T08:39:24+00:00","dateModified":"2021-06-08T07:18:25+00:00","breadcrumb":{"@id":"https:\/\/www.jaermuseet.no\/vitenfabrikken\/bygget\/#breadcrumb"},"inLanguage":"nb-NO","potentialAction":[{"@type":"ReadAction","target":["https:\/\/www.jaermuseet.no\/vitenfabrikken\/bygget\/"]}]},{"@type":"ImageObject","inLanguage":"nb-NO","@id":"https:\/\/www.jaermuseet.no\/vitenfabrikken\/bygget\/#primaryimage","url":"https:\/\/www.jaermuseet.no\/vitenfabrikken\/wp-content\/uploads\/sites\/12\/2015\/04\/Vitenfabrikken-fasade-sandnes.jpg","contentUrl":"https:\/\/www.jaermuseet.no\/vitenfabrikken\/wp-content\/uploads\/sites\/12\/2015\/04\/Vitenfabrikken-fasade-sandnes.jpg","width":1600,"height":747},{"@type":"BreadcrumbList","@id":"https:\/\/www.jaermuseet.no\/vitenfabrikken\/bygget\/#breadcrumb","itemListElement":[{"@type":"ListItem","position":1,"name":"Hjem","item":"https:\/\/www.jaermuseet.no\/vitenfabrikken\/"},{"@type":"ListItem","position":2,"name":"Bygget"}]},{"@type":"WebSite","@id":"https:\/\/www.jaermuseet.no\/vitenfabrikken\/#website","url":"https:\/\/www.jaermuseet.no\/vitenfabrikken\/","name":"Vitenfabrikken","description":"Exciting exhibitions and interactive installations","potentialAction":[{"@type":"SearchAction","target":{"@type":"EntryPoint","urlTemplate":"https:\/\/www.jaermuseet.no\/vitenfabrikken\/?s={search_term_string}"},"query-input":{"@type":"PropertyValueSpecification","valueRequired":true,"valueName":"search_term_string"}}],"inLanguage":"nb-NO"}]}},"jetpack_sharing_enabled":true,"jetpack-related-posts":[{"id":38,"url":"https:\/\/www.jaermuseet.no\/vitenfabrikken\/umoe-planetariet\/","url_meta":{"origin":43,"position":0},"title":"Planetariet","author":"Vitenfabrikken","date":"26. august 2010","format":false,"excerpt":"En av de mest spennende og popul\u00e6re attraksjonene p\u00e5 Vitenfabrikken er planetariet, en 360-graders digital kino som brukes for \u00e5 formidle astronomi, verdensrommet og stjernehimmelsen gjennom live-show eller fulldome filmer.\u00a0 Planetariet fremst\u00e5r med den beste og nyeste teknologien innen lyd, lys og bilde.\u00a0 Inngang til planetariet er inkludert i billetten\u2026","rel":"","context":"Liknende innlegg","block_context":{"text":"Liknende innlegg","link":""},"img":{"alt_text":"","src":"https:\/\/i0.wp.com\/www.jaermuseet.no\/vitenfabrikken\/wp-content\/uploads\/sites\/12\/2020\/09\/20190620-Apning-Planetariet-Foto-Rune-Helliesen-24.jpg?resize=350%2C200&ssl=1","width":350,"height":200,"srcset":"https:\/\/i0.wp.com\/www.jaermuseet.no\/vitenfabrikken\/wp-content\/uploads\/sites\/12\/2020\/09\/20190620-Apning-Planetariet-Foto-Rune-Helliesen-24.jpg?resize=350%2C200&ssl=1 1x, https:\/\/i0.wp.com\/www.jaermuseet.no\/vitenfabrikken\/wp-content\/uploads\/sites\/12\/2020\/09\/20190620-Apning-Planetariet-Foto-Rune-Helliesen-24.jpg?resize=525%2C300&ssl=1 1.5x, https:\/\/i0.wp.com\/www.jaermuseet.no\/vitenfabrikken\/wp-content\/uploads\/sites\/12\/2020\/09\/20190620-Apning-Planetariet-Foto-Rune-Helliesen-24.jpg?resize=700%2C400&ssl=1 2x, https:\/\/i0.wp.com\/www.jaermuseet.no\/vitenfabrikken\/wp-content\/uploads\/sites\/12\/2020\/09\/20190620-Apning-Planetariet-Foto-Rune-Helliesen-24.jpg?resize=1050%2C600&ssl=1 3x, https:\/\/i0.wp.com\/www.jaermuseet.no\/vitenfabrikken\/wp-content\/uploads\/sites\/12\/2020\/09\/20190620-Apning-Planetariet-Foto-Rune-Helliesen-24.jpg?resize=1400%2C800&ssl=1 4x"},"classes":[]},{"id":646,"url":"https:\/\/www.jaermuseet.no\/vitenfabrikken\/bestillingsskjema-for-skoler-og-barnehager\/","url_meta":{"origin":43,"position":1},"title":"Bestillingsskjema for skoler og barnehager","author":"administrator","date":"1. september 2015","format":false,"excerpt":"Fyll inn skjema og send inn s\u00e5 tar vi kontakt: Mandag er Vitenfabrikken stengt for undervisning. Undervisningsopplegg for grunnskolen er gratis, materialkostnader kan komme i tillegg p\u00e5 enkelte opplegg. Barnehager betaler kr. 30 per barn for bes\u00f8k. Barn under 4 \u00e5r g\u00e5r gratis. \u00d8nsker en et av v\u00e5re formidlingsopplegg, betaler\u2026","rel":"","context":"Liknende innlegg","block_context":{"text":"Liknende innlegg","link":""},"img":{"alt_text":"","src":"","width":0,"height":0},"classes":[]},{"id":40,"url":"https:\/\/www.jaermuseet.no\/vitenfabrikken\/butikken\/","url_meta":{"origin":43,"position":2},"title":"Butikk","author":"Vitenfabrikken","date":"13. november 2024","format":false,"excerpt":"I v\u00e5r butikk finner du mange kule, spennende og l\u00e6rerike ting! Trenger du noe utenom det vanlige til en gave s\u00e5 finner du det helt sikkert hos oss. V\u00e5re kunnskapsrike verter hjelper deg til \u00e5 finne rett produkt, og vi pakker selvsagt inn. Du finner noe til alle aldre, s\u00e5\u2026","rel":"","context":"Liknende innlegg","block_context":{"text":"Liknende innlegg","link":""},"img":{"alt_text":"","src":"https:\/\/i0.wp.com\/www.jaermuseet.no\/vitenfabrikken\/wp-content\/uploads\/sites\/12\/2025\/03\/Skrivebok-og-penal-150x150.jpg?resize=350%2C200&ssl=1","width":350,"height":200,"srcset":"https:\/\/i0.wp.com\/www.jaermuseet.no\/vitenfabrikken\/wp-content\/uploads\/sites\/12\/2025\/03\/Skrivebok-og-penal-150x150.jpg?resize=350%2C200&ssl=1 1x, https:\/\/i0.wp.com\/www.jaermuseet.no\/vitenfabrikken\/wp-content\/uploads\/sites\/12\/2025\/03\/Skrivebok-og-penal-150x150.jpg?resize=525%2C300&ssl=1 1.5x, https:\/\/i0.wp.com\/www.jaermuseet.no\/vitenfabrikken\/wp-content\/uploads\/sites\/12\/2025\/03\/Skrivebok-og-penal-150x150.jpg?resize=700%2C400&ssl=1 2x, https:\/\/i0.wp.com\/www.jaermuseet.no\/vitenfabrikken\/wp-content\/uploads\/sites\/12\/2025\/03\/Skrivebok-og-penal-150x150.jpg?resize=1050%2C600&ssl=1 3x, https:\/\/i0.wp.com\/www.jaermuseet.no\/vitenfabrikken\/wp-content\/uploads\/sites\/12\/2025\/03\/Skrivebok-og-penal-150x150.jpg?resize=1400%2C800&ssl=1 4x"},"classes":[]},{"id":6992,"url":"https:\/\/www.jaermuseet.no\/vitenfabrikken\/konfirmasjon-selskapslokaler-utleie-sandnes-lokaler-utleie-selskap-dap-aremal\/","url_meta":{"origin":43,"position":3},"title":"Konfirmasjon","author":"Vitenfabrikken","date":"18. januar 2022","format":false,"excerpt":"P\u00e5 Vitenfabrikken kan dere feire den store dagen i spennende omgivelser. Inviter familie og venner til en feiring dere vil huske lenge. N\u00e5r dere er hos oss \u00f8nsker vi at dere kan lene dere tilbake og la dere bli vertet opp. V\u00e5re kokker st\u00e5r for mat og drikke, og dessert\u2026","rel":"","context":"Liknende innlegg","block_context":{"text":"Liknende innlegg","link":""},"img":{"alt_text":"Dekket bord","src":"https:\/\/i0.wp.com\/www.jaermuseet.no\/vitenfabrikken\/wp-content\/uploads\/sites\/12\/2024\/02\/20190503_153048-scaled.jpg?resize=350%2C200&ssl=1","width":350,"height":200,"srcset":"https:\/\/i0.wp.com\/www.jaermuseet.no\/vitenfabrikken\/wp-content\/uploads\/sites\/12\/2024\/02\/20190503_153048-scaled.jpg?resize=350%2C200&ssl=1 1x, https:\/\/i0.wp.com\/www.jaermuseet.no\/vitenfabrikken\/wp-content\/uploads\/sites\/12\/2024\/02\/20190503_153048-scaled.jpg?resize=525%2C300&ssl=1 1.5x, https:\/\/i0.wp.com\/www.jaermuseet.no\/vitenfabrikken\/wp-content\/uploads\/sites\/12\/2024\/02\/20190503_153048-scaled.jpg?resize=700%2C400&ssl=1 2x, https:\/\/i0.wp.com\/www.jaermuseet.no\/vitenfabrikken\/wp-content\/uploads\/sites\/12\/2024\/02\/20190503_153048-scaled.jpg?resize=1050%2C600&ssl=1 3x, https:\/\/i0.wp.com\/www.jaermuseet.no\/vitenfabrikken\/wp-content\/uploads\/sites\/12\/2024\/02\/20190503_153048-scaled.jpg?resize=1400%2C800&ssl=1 4x"},"classes":[]},{"id":41,"url":"https:\/\/www.jaermuseet.no\/vitenfabrikken\/parkering\/","url_meta":{"origin":43,"position":4},"title":"Parkering","author":"Vitenfabrikken","date":"7. september 2010","format":false,"excerpt":"1. Nygaardshagen parkeringsanlegg - langtidsparkering. Adresse: J\u00e6rveien 16, Sandnes. Nygaardshagen parkeringsanlegg er et helt nytt parkeringsanlegg, som ligger kun 2 minutters gange fra Vitenfabrikken. I dette anlegget kan man ikke benytte kort ved innkj\u00f8ring for avgiftsparkering. Man m\u00e5 alltid trekke billett, som man kan betale med mynt, sedler eller kredittkort\/bankkort\u2026","rel":"","context":"Liknende innlegg","block_context":{"text":"Liknende innlegg","link":""},"img":{"alt_text":"Vitenfabrikken har normalt \u00e5pent alle dager unntantt mandager.","src":"https:\/\/i0.wp.com\/www.jaermuseet.no\/vitenfabrikken\/wp-content\/uploads\/sites\/12\/2017\/06\/vitenfabrikken15-e1497850274780.jpg?resize=350%2C200&ssl=1","width":350,"height":200,"srcset":"https:\/\/i0.wp.com\/www.jaermuseet.no\/vitenfabrikken\/wp-content\/uploads\/sites\/12\/2017\/06\/vitenfabrikken15-e1497850274780.jpg?resize=350%2C200&ssl=1 1x, https:\/\/i0.wp.com\/www.jaermuseet.no\/vitenfabrikken\/wp-content\/uploads\/sites\/12\/2017\/06\/vitenfabrikken15-e1497850274780.jpg?resize=525%2C300&ssl=1 1.5x, https:\/\/i0.wp.com\/www.jaermuseet.no\/vitenfabrikken\/wp-content\/uploads\/sites\/12\/2017\/06\/vitenfabrikken15-e1497850274780.jpg?resize=700%2C400&ssl=1 2x, https:\/\/i0.wp.com\/www.jaermuseet.no\/vitenfabrikken\/wp-content\/uploads\/sites\/12\/2017\/06\/vitenfabrikken15-e1497850274780.jpg?resize=1050%2C600&ssl=1 3x, https:\/\/i0.wp.com\/www.jaermuseet.no\/vitenfabrikken\/wp-content\/uploads\/sites\/12\/2017\/06\/vitenfabrikken15-e1497850274780.jpg?resize=1400%2C800&ssl=1 4x"},"classes":[]},{"id":48,"url":"https:\/\/www.jaermuseet.no\/vitenfabrikken\/researchers-night-2\/","url_meta":{"origin":43,"position":5},"title":"Researchers&#8217; Night","author":"Vitenfabrikken","date":"22. september 2011","format":false,"excerpt":"En eksperimentiell kveld for de unge voksne, og de eldre barna. Vitenfabrikken \u00e5pnes p\u00e5 kveldstid 23. september.","rel":"","context":"Liknende innlegg","block_context":{"text":"Liknende innlegg","link":""},"img":{"alt_text":"eventbilde_researchersnight","src":"https:\/\/i0.wp.com\/www.jaermuseet.no\/wp-content\/uploads\/sites\/12\/2011\/09\/eventbilde_researchersnight.jpg?resize=350%2C200&ssl=1","width":350,"height":200},"classes":[]}],"_links":{"self":[{"href":"https:\/\/www.jaermuseet.no\/vitenfabrikken\/wp-json\/wp\/v2\/pages\/43","targetHints":{"allow":["GET"]}}],"collection":[{"href":"https:\/\/www.jaermuseet.no\/vitenfabrikken\/wp-json\/wp\/v2\/pages"}],"about":[{"href":"https:\/\/www.jaermuseet.no\/vitenfabrikken\/wp-json\/wp\/v2\/types\/page"}],"author":[{"embeddable":true,"href":"https:\/\/www.jaermuseet.no\/vitenfabrikken\/wp-json\/wp\/v2\/users\/11"}],"replies":[{"embeddable":true,"href":"https:\/\/www.jaermuseet.no\/vitenfabrikken\/wp-json\/wp\/v2\/comments?post=43"}],"version-history":[{"count":2,"href":"https:\/\/www.jaermuseet.no\/vitenfabrikken\/wp-json\/wp\/v2\/pages\/43\/revisions"}],"predecessor-version":[{"id":8495,"href":"https:\/\/www.jaermuseet.no\/vitenfabrikken\/wp-json\/wp\/v2\/pages\/43\/revisions\/8495"}],"wp:featuredmedia":[{"embeddable":true,"href":"https:\/\/www.jaermuseet.no\/vitenfabrikken\/wp-json\/wp\/v2\/media\/263"}],"wp:attachment":[{"href":"https:\/\/www.jaermuseet.no\/vitenfabrikken\/wp-json\/wp\/v2\/media?parent=43"}],"curies":[{"name":"wp","href":"https:\/\/api.w.org\/{rel}","templated":true}]}}