{"id":2376,"date":"2026-01-22T13:47:46","date_gmt":"2026-01-22T12:47:46","guid":{"rendered":"https:\/\/www.jaermuseet.no\/vitenfabrikken\/?page_id=2376"},"modified":"2026-01-22T13:50:30","modified_gmt":"2026-01-22T12:50:30","slug":"about-vitenfabrikken","status":"publish","type":"page","link":"https:\/\/www.jaermuseet.no\/vitenfabrikken\/en\/about-vitenfabrikken\/","title":{"rendered":"About Vitenfabrikken"},"content":{"rendered":"\n<p><span title=\"Vitenfabrikken er et moderne vitensenter, der publikum blir oppfordret til \u00e5 delta og \u00e5 utforske.\">Vitenfabrikken is both a museum and a science centre located in the city centre of Sandnes. The exhibitions and activites are spread across four floors. The topics explained here are natural science, mathematics, energy and astronomy, regional industrial history and the city of Sandnes&#8217; history.&nbsp;<\/span><\/p>\n\n\n\n<p><span title=\"Vitenfabrikken er et moderne vitensenter, der publikum blir oppfordret til \u00e5 delta og \u00e5 utforske.\">At Vitenfabrikken, you can visit the following permanent, interactive exhibitions which invite you to take part, explore and learn: <\/span><\/p>\n\n\n\n<p><strong>&#8220;<\/strong><span title=\"Vitenfabrikken er et moderne vitensenter, der publikum blir oppfordret til \u00e5 delta og \u00e5 utforske.\"><strong>Abels Sketchbook&#8221;<\/strong> shows how the body is a tool for creative activity. Test the brain, your balance and reaction &#8211; and much more! <\/span><\/p>\n\n\n\n<p><strong>&#8220;<\/strong><span title=\"Vitenfabrikken er et moderne vitensenter, der publikum blir oppfordret til \u00e5 delta og \u00e5 utforske.\"><strong>It has to pay off&#8221;<\/strong> is an old saying in Sandnes. The exhibition tells the story of entrepreneurs in the region. Work in the shop, transport goods with the crane in the harbour, check your weight in gold or learn more about money and finances. By the way, did you know that the Jaquard-machine was the first computer ever invented? See how it works at Vitenfabrikken! <\/span><\/p>\n\n\n\n<p><strong>The Planetarium<\/strong> is Vitenfabrikken&#8217;s main attraction. It was fully renovated in 2019 and is one of the most modern Planetariums in Scandinavia. Lean back and enjoy a trip to the universe!<\/p>\n\n\n\n<p><strong>The Abelloft<\/strong> is a new and magical exhibition which focuses on mathematics with more than 50 experiments and activities.<\/p>\n\n\n\n<p><strong>&#8220;100% Energy&#8221;<\/strong> explains basic energy sources. The Tesla-Coil is the highlight of the exhibiton. It sends out light arcs with a strength of 700.000 volts. These can play music &#8211; or you can try to catch them!<\/p>\n\n\n\n<p><strong>&#8220;\u00d8gl\u00e6nd in 150&#8221;<\/strong> tells the history of the company Jonas \u00d8gl\u00e6nd AS, well known for brands\u00a0 like DBS, Tempo and Cubus. Take a ride through the streets of Sandnes on the Tempo-moped. The year 2018 marked the 150 year anniversary for the start of Jonas \u00d8gl\u00e6nd, therefore the name of the exhibition.<\/p>\n\n\n\n<p><strong>Lommeparken\/pocket park &#8211; bio coal <\/strong>is a new exhibition at the entrance to Vitenfabrikken, which opened in mai 2023. Sandnes commune and the philanthropic organisation Bloomberg have been cooperating on the bio coal project since 2022, and the planting scheme in Ruten park is planted in bio coal. The park is one of the largest bio coal areas in the world. The plants outside Vitenfabrikken are also planted in a mixture of bio coal and gravel, and it is possible to see how the roots of some of the plants will grow, through the window in the side of the planting area. Vitenfabrikken has been involved in teaching what bio coal is, to all six graders in the schools in Sandnes. The pupils learn about bio coal before making some of their own.<\/p>\n\n\n\n<p><strong>&#8220;Turn on the brain&#8221;<\/strong> is a new exhibition that opened in the autumn of 2025. Explore the human body&#8217;s most fascinating organ. Our visitors can see the brain from different perspectives in the 6 stations: <\/p>\n\n\n\n<p>Learn about anatomy and neurons. Discover how our senses cooperate with our brain. Learn about artificial intelligence&#8217;s way of learning, and compare with our brain&#8217;s way. Who can relax the most? Play our mindball game &#8211; a game controlled by brain waves. Put your motor skills to the test with balance, reaction time, and &#8216;brain surgery&#8217;. Challenge your memory and problem-solving skills with IQ and air traffic controller tests<\/p>\n\n\n\n<p>The brain is a complex organ, that controls everything we think, feel and do. Therefore this exhibiton is a natural start to exploring the museum, by activating your brain before you move on to our many exhibitions throughout the building.<\/p>\n\n\n\n<p>You can take part in many activities, especially during weekends and school holidays: different shows, films in the Planetarium and workshops where you can make and discover many different things. There are also several temporary exhibitions throughout the year.<\/p>\n\n\n\n<p>Vitenfabrikken also runs a MakerSpace. At MakerSpace, you can learn more about 3D-printing, vinyl cutting and much more. MakerSpace is usually open for children from 10 to 13 years between 15:00 and 17:00 on Wednesday evenings, and 17:00 to 19:30 for those between 13 and 20 years of age. Friday between 12:00 and 15:00 it is open for everyone. MakerSpace is free to use, the only cost is the materials you use. Please contact us for more details in English about MakerSpace and opening hours.<\/p>\n\n\n\n<p><span title=\"Vi \u00f8nsker at publikum skal f\u00e5 rike opplevelser p\u00e5 Vitenfabrikken, for opp i all teknologien st\u00e5r mennesket i sentrum.\">Vitenfabrikken would like all their guests to have good experiences. <\/span><span title=\"Gode verter og formidlere, en hyggelig og veldrevet kaf\u00e9 og en spennende butikk er med p\u00e5 \u00e5 gj\u00f8re Vitenfabrikken til en komplett kulturinstitusjon.\">Good hosts and educators, a pleasant and well-run cafe and an exciting shop helps make Vitenfabrikken a complete cultural institution. <\/span><span title=\"Hvert semester har vi et aktivitetsprogram der vi b\u00e5de produserer selv og samarbeider med andre om ulike arrangement.\">Vitenfabrikken<\/span><span title=\"Vitenfabrikken tar i mot enkeltbes\u00f8kende, grupper, skoleklasser, bursdagsbarn, bedrifter, ja, alle skal kunne finne seg til rette her. \"> welcomes individual visitors, groups, school groups, birthday children, and businesses. Everyone should be able to have fun and find inspiration here!<\/span><\/p>\n","protected":false},"excerpt":{"rendered":"<p>Vitenfabrikken is both a museum and a science centre located&#8230;<\/p>\n","protected":false},"author":18,"featured_media":263,"parent":0,"menu_order":0,"comment_status":"open","ping_status":"open","template":"","meta":{"_acf_changed":false,"footnotes":""},"class_list":["post-2376","page","type-page","status-publish","has-post-thumbnail","hentry","featured-image-size-large"],"acf":[],"yoast_head":"<!-- This site is optimized with the Yoast SEO plugin v27.4 - https:\/\/yoast.com\/product\/yoast-seo-wordpress\/ -->\n<title>About Vitenfabrikken - Vitenfabrikken<\/title>\n<meta name=\"robots\" content=\"index, follow, max-snippet:-1, max-image-preview:large, max-video-preview:-1\" \/>\n<link rel=\"canonical\" href=\"https:\/\/www.jaermuseet.no\/vitenfabrikken\/en\/about-vitenfabrikken\/\" \/>\n<meta property=\"og:locale\" content=\"nb_NO\" \/>\n<meta property=\"og:type\" content=\"article\" \/>\n<meta property=\"og:title\" content=\"About Vitenfabrikken - Vitenfabrikken\" \/>\n<meta property=\"og:description\" content=\"Vitenfabrikken is both a museum and a science centre located...\" \/>\n<meta property=\"og:url\" content=\"https:\/\/www.jaermuseet.no\/vitenfabrikken\/en\/about-vitenfabrikken\/\" \/>\n<meta property=\"og:site_name\" content=\"Vitenfabrikken\" \/>\n<meta property=\"article:modified_time\" content=\"2026-01-22T12:50:30+00:00\" \/>\n<meta property=\"og:image\" content=\"https:\/\/www.jaermuseet.no\/vitenfabrikken\/wp-content\/uploads\/sites\/12\/2015\/04\/Vitenfabrikken-fasade-sandnes.jpg\" \/>\n\t<meta property=\"og:image:width\" content=\"1600\" \/>\n\t<meta property=\"og:image:height\" content=\"747\" \/>\n\t<meta property=\"og:image:type\" content=\"image\/jpeg\" \/>\n<meta name=\"twitter:card\" content=\"summary_large_image\" \/>\n<meta name=\"twitter:label1\" content=\"Ansl. lesetid\" \/>\n\t<meta name=\"twitter:data1\" content=\"5 minutter\" \/>\n<script type=\"application\/ld+json\" class=\"yoast-schema-graph\">{\"@context\":\"https:\\\/\\\/schema.org\",\"@graph\":[{\"@type\":\"WebPage\",\"@id\":\"https:\\\/\\\/www.jaermuseet.no\\\/vitenfabrikken\\\/en\\\/about-vitenfabrikken\\\/\",\"url\":\"https:\\\/\\\/www.jaermuseet.no\\\/vitenfabrikken\\\/en\\\/about-vitenfabrikken\\\/\",\"name\":\"About Vitenfabrikken - Vitenfabrikken\",\"isPartOf\":{\"@id\":\"https:\\\/\\\/www.jaermuseet.no\\\/vitenfabrikken\\\/#website\"},\"primaryImageOfPage\":{\"@id\":\"https:\\\/\\\/www.jaermuseet.no\\\/vitenfabrikken\\\/en\\\/about-vitenfabrikken\\\/#primaryimage\"},\"image\":{\"@id\":\"https:\\\/\\\/www.jaermuseet.no\\\/vitenfabrikken\\\/en\\\/about-vitenfabrikken\\\/#primaryimage\"},\"thumbnailUrl\":\"https:\\\/\\\/www.jaermuseet.no\\\/vitenfabrikken\\\/wp-content\\\/uploads\\\/sites\\\/12\\\/2015\\\/04\\\/Vitenfabrikken-fasade-sandnes.jpg\",\"datePublished\":\"2026-01-22T12:47:46+00:00\",\"dateModified\":\"2026-01-22T12:50:30+00:00\",\"breadcrumb\":{\"@id\":\"https:\\\/\\\/www.jaermuseet.no\\\/vitenfabrikken\\\/en\\\/about-vitenfabrikken\\\/#breadcrumb\"},\"inLanguage\":\"nb-NO\",\"potentialAction\":[{\"@type\":\"ReadAction\",\"target\":[\"https:\\\/\\\/www.jaermuseet.no\\\/vitenfabrikken\\\/en\\\/about-vitenfabrikken\\\/\"]}]},{\"@type\":\"ImageObject\",\"inLanguage\":\"nb-NO\",\"@id\":\"https:\\\/\\\/www.jaermuseet.no\\\/vitenfabrikken\\\/en\\\/about-vitenfabrikken\\\/#primaryimage\",\"url\":\"https:\\\/\\\/www.jaermuseet.no\\\/vitenfabrikken\\\/wp-content\\\/uploads\\\/sites\\\/12\\\/2015\\\/04\\\/Vitenfabrikken-fasade-sandnes.jpg\",\"contentUrl\":\"https:\\\/\\\/www.jaermuseet.no\\\/vitenfabrikken\\\/wp-content\\\/uploads\\\/sites\\\/12\\\/2015\\\/04\\\/Vitenfabrikken-fasade-sandnes.jpg\",\"width\":1600,\"height\":747},{\"@type\":\"BreadcrumbList\",\"@id\":\"https:\\\/\\\/www.jaermuseet.no\\\/vitenfabrikken\\\/en\\\/about-vitenfabrikken\\\/#breadcrumb\",\"itemListElement\":[{\"@type\":\"ListItem\",\"position\":1,\"name\":\"Hjem\",\"item\":\"https:\\\/\\\/www.jaermuseet.no\\\/vitenfabrikken\\\/\"},{\"@type\":\"ListItem\",\"position\":2,\"name\":\"About Vitenfabrikken\"}]},{\"@type\":\"WebSite\",\"@id\":\"https:\\\/\\\/www.jaermuseet.no\\\/vitenfabrikken\\\/#website\",\"url\":\"https:\\\/\\\/www.jaermuseet.no\\\/vitenfabrikken\\\/\",\"name\":\"Vitenfabrikken\",\"description\":\"Exciting exhibitions and interactive installations\",\"potentialAction\":[{\"@type\":\"SearchAction\",\"target\":{\"@type\":\"EntryPoint\",\"urlTemplate\":\"https:\\\/\\\/www.jaermuseet.no\\\/vitenfabrikken\\\/?s={search_term_string}\"},\"query-input\":{\"@type\":\"PropertyValueSpecification\",\"valueRequired\":true,\"valueName\":\"search_term_string\"}}],\"inLanguage\":\"nb-NO\"}]}<\/script>\n<!-- \/ Yoast SEO plugin. -->","yoast_head_json":{"title":"About Vitenfabrikken - Vitenfabrikken","robots":{"index":"index","follow":"follow","max-snippet":"max-snippet:-1","max-image-preview":"max-image-preview:large","max-video-preview":"max-video-preview:-1"},"canonical":"https:\/\/www.jaermuseet.no\/vitenfabrikken\/en\/about-vitenfabrikken\/","og_locale":"nb_NO","og_type":"article","og_title":"About Vitenfabrikken - Vitenfabrikken","og_description":"Vitenfabrikken is both a museum and a science centre located...","og_url":"https:\/\/www.jaermuseet.no\/vitenfabrikken\/en\/about-vitenfabrikken\/","og_site_name":"Vitenfabrikken","article_modified_time":"2026-01-22T12:50:30+00:00","og_image":[{"width":1600,"height":747,"url":"https:\/\/www.jaermuseet.no\/vitenfabrikken\/wp-content\/uploads\/sites\/12\/2015\/04\/Vitenfabrikken-fasade-sandnes.jpg","type":"image\/jpeg"}],"twitter_card":"summary_large_image","twitter_misc":{"Ansl. lesetid":"5 minutter"},"schema":{"@context":"https:\/\/schema.org","@graph":[{"@type":"WebPage","@id":"https:\/\/www.jaermuseet.no\/vitenfabrikken\/en\/about-vitenfabrikken\/","url":"https:\/\/www.jaermuseet.no\/vitenfabrikken\/en\/about-vitenfabrikken\/","name":"About Vitenfabrikken - Vitenfabrikken","isPartOf":{"@id":"https:\/\/www.jaermuseet.no\/vitenfabrikken\/#website"},"primaryImageOfPage":{"@id":"https:\/\/www.jaermuseet.no\/vitenfabrikken\/en\/about-vitenfabrikken\/#primaryimage"},"image":{"@id":"https:\/\/www.jaermuseet.no\/vitenfabrikken\/en\/about-vitenfabrikken\/#primaryimage"},"thumbnailUrl":"https:\/\/www.jaermuseet.no\/vitenfabrikken\/wp-content\/uploads\/sites\/12\/2015\/04\/Vitenfabrikken-fasade-sandnes.jpg","datePublished":"2026-01-22T12:47:46+00:00","dateModified":"2026-01-22T12:50:30+00:00","breadcrumb":{"@id":"https:\/\/www.jaermuseet.no\/vitenfabrikken\/en\/about-vitenfabrikken\/#breadcrumb"},"inLanguage":"nb-NO","potentialAction":[{"@type":"ReadAction","target":["https:\/\/www.jaermuseet.no\/vitenfabrikken\/en\/about-vitenfabrikken\/"]}]},{"@type":"ImageObject","inLanguage":"nb-NO","@id":"https:\/\/www.jaermuseet.no\/vitenfabrikken\/en\/about-vitenfabrikken\/#primaryimage","url":"https:\/\/www.jaermuseet.no\/vitenfabrikken\/wp-content\/uploads\/sites\/12\/2015\/04\/Vitenfabrikken-fasade-sandnes.jpg","contentUrl":"https:\/\/www.jaermuseet.no\/vitenfabrikken\/wp-content\/uploads\/sites\/12\/2015\/04\/Vitenfabrikken-fasade-sandnes.jpg","width":1600,"height":747},{"@type":"BreadcrumbList","@id":"https:\/\/www.jaermuseet.no\/vitenfabrikken\/en\/about-vitenfabrikken\/#breadcrumb","itemListElement":[{"@type":"ListItem","position":1,"name":"Hjem","item":"https:\/\/www.jaermuseet.no\/vitenfabrikken\/"},{"@type":"ListItem","position":2,"name":"About Vitenfabrikken"}]},{"@type":"WebSite","@id":"https:\/\/www.jaermuseet.no\/vitenfabrikken\/#website","url":"https:\/\/www.jaermuseet.no\/vitenfabrikken\/","name":"Vitenfabrikken","description":"Exciting exhibitions and interactive installations","potentialAction":[{"@type":"SearchAction","target":{"@type":"EntryPoint","urlTemplate":"https:\/\/www.jaermuseet.no\/vitenfabrikken\/?s={search_term_string}"},"query-input":{"@type":"PropertyValueSpecification","valueRequired":true,"valueName":"search_term_string"}}],"inLanguage":"nb-NO"}]}},"jetpack_sharing_enabled":true,"jetpack-related-posts":[{"id":2369,"url":"https:\/\/www.jaermuseet.no\/vitenfabrikken\/en\/contact-us\/","url_meta":{"origin":2376,"position":0},"title":"Contact us","author":"administrator","date":"7. juni 2016","format":false,"excerpt":"Phone: (+47) 47 77 60 20 Email: vitenfabrikken@jaermuseet.no Visit\u00a0adress: Storgata 28 4307 Sandnes, Norway Tax id: 971 098 767","rel":"","context":"Liknende innlegg","block_context":{"text":"Liknende innlegg","link":""},"img":{"alt_text":"","src":"https:\/\/i0.wp.com\/www.jaermuseet.no\/vitenfabrikken\/wp-content\/uploads\/sites\/12\/2015\/04\/Vitenfabrikken-fasade-sandnes.jpg?resize=350%2C200&ssl=1","width":350,"height":200,"srcset":"https:\/\/i0.wp.com\/www.jaermuseet.no\/vitenfabrikken\/wp-content\/uploads\/sites\/12\/2015\/04\/Vitenfabrikken-fasade-sandnes.jpg?resize=350%2C200&ssl=1 1x, https:\/\/i0.wp.com\/www.jaermuseet.no\/vitenfabrikken\/wp-content\/uploads\/sites\/12\/2015\/04\/Vitenfabrikken-fasade-sandnes.jpg?resize=525%2C300&ssl=1 1.5x, https:\/\/i0.wp.com\/www.jaermuseet.no\/vitenfabrikken\/wp-content\/uploads\/sites\/12\/2015\/04\/Vitenfabrikken-fasade-sandnes.jpg?resize=700%2C400&ssl=1 2x, https:\/\/i0.wp.com\/www.jaermuseet.no\/vitenfabrikken\/wp-content\/uploads\/sites\/12\/2015\/04\/Vitenfabrikken-fasade-sandnes.jpg?resize=1050%2C600&ssl=1 3x, https:\/\/i0.wp.com\/www.jaermuseet.no\/vitenfabrikken\/wp-content\/uploads\/sites\/12\/2015\/04\/Vitenfabrikken-fasade-sandnes.jpg?resize=1400%2C800&ssl=1 4x"},"classes":[]},{"id":4350,"url":"https:\/\/www.jaermuseet.no\/vitenfabrikken\/en\/birthday-party-at-vitenfabrikken\/","url_meta":{"origin":2376,"position":1},"title":"Birthday party at Vitenfabrikken","author":"administrator","date":"11. desember 2025","format":false,"excerpt":"Have a great birthday with good food and fun activities! We are open for birthday celebrations on Wednesday's. Both children and adults can explore our exhibitions together, in addition to a fun activity. Choose between the following time slots: 16:45 to 19:00, 17:15 to 19:30 and 17:45 to 20:00. Birthday\u2026","rel":"","context":"Liknende innlegg","block_context":{"text":"Liknende innlegg","link":""},"img":{"alt_text":"","src":"https:\/\/i0.wp.com\/www.jaermuseet.no\/vitenfabrikken\/wp-content\/uploads\/sites\/12\/2013\/12\/20131119_JanIngeHaga_DSSS_nettside2.jpg?resize=350%2C200&ssl=1","width":350,"height":200,"srcset":"https:\/\/i0.wp.com\/www.jaermuseet.no\/vitenfabrikken\/wp-content\/uploads\/sites\/12\/2013\/12\/20131119_JanIngeHaga_DSSS_nettside2.jpg?resize=350%2C200&ssl=1 1x, https:\/\/i0.wp.com\/www.jaermuseet.no\/vitenfabrikken\/wp-content\/uploads\/sites\/12\/2013\/12\/20131119_JanIngeHaga_DSSS_nettside2.jpg?resize=525%2C300&ssl=1 1.5x"},"classes":[]},{"id":31,"url":"https:\/\/www.jaermuseet.no\/vitenfabrikken\/en\/map-vitenfabrikken\/","url_meta":{"origin":2376,"position":2},"title":"Map Vitenfabrikken","author":"Vitenfabrikken","date":"24. juni 2016","format":false,"excerpt":"","rel":"","context":"Liknende innlegg","block_context":{"text":"Liknende innlegg","link":""},"img":{"alt_text":"","src":"","width":0,"height":0},"classes":[]},{"id":2461,"url":"https:\/\/www.jaermuseet.no\/vitenfabrikken\/en\/map-to-vitenfabrikken\/","url_meta":{"origin":2376,"position":3},"title":"Map to Vitenfabrikken","author":"administrator","date":"24. juni 2016","format":false,"excerpt":"","rel":"","context":"Liknende innlegg","block_context":{"text":"Liknende innlegg","link":""},"img":{"alt_text":"","src":"","width":0,"height":0},"classes":[]},{"id":2345,"url":"https:\/\/www.jaermuseet.no\/vitenfabrikken\/en\/tickets\/","url_meta":{"origin":2376,"position":4},"title":"Tickets","author":"administrator","date":"31. mai 2016","format":false,"excerpt":"","rel":"","context":"Liknende innlegg","block_context":{"text":"Liknende innlegg","link":""},"img":{"alt_text":"","src":"","width":0,"height":0},"classes":[]},{"id":2332,"url":"https:\/\/www.jaermuseet.no\/vitenfabrikken\/en\/opening-hours\/","url_meta":{"origin":2376,"position":5},"title":"Opening hours","author":"administrator","date":"30. mai 2016","format":false,"excerpt":"","rel":"","context":"Liknende innlegg","block_context":{"text":"Liknende innlegg","link":""},"img":{"alt_text":"","src":"","width":0,"height":0},"classes":[]}],"_links":{"self":[{"href":"https:\/\/www.jaermuseet.no\/vitenfabrikken\/wp-json\/wp\/v2\/pages\/2376","targetHints":{"allow":["GET"]}}],"collection":[{"href":"https:\/\/www.jaermuseet.no\/vitenfabrikken\/wp-json\/wp\/v2\/pages"}],"about":[{"href":"https:\/\/www.jaermuseet.no\/vitenfabrikken\/wp-json\/wp\/v2\/types\/page"}],"author":[{"embeddable":true,"href":"https:\/\/www.jaermuseet.no\/vitenfabrikken\/wp-json\/wp\/v2\/users\/18"}],"replies":[{"embeddable":true,"href":"https:\/\/www.jaermuseet.no\/vitenfabrikken\/wp-json\/wp\/v2\/comments?post=2376"}],"version-history":[{"count":15,"href":"https:\/\/www.jaermuseet.no\/vitenfabrikken\/wp-json\/wp\/v2\/pages\/2376\/revisions"}],"predecessor-version":[{"id":14766,"href":"https:\/\/www.jaermuseet.no\/vitenfabrikken\/wp-json\/wp\/v2\/pages\/2376\/revisions\/14766"}],"wp:featuredmedia":[{"embeddable":true,"href":"https:\/\/www.jaermuseet.no\/vitenfabrikken\/wp-json\/wp\/v2\/media\/263"}],"wp:attachment":[{"href":"https:\/\/www.jaermuseet.no\/vitenfabrikken\/wp-json\/wp\/v2\/media?parent=2376"}],"curies":[{"name":"wp","href":"https:\/\/api.w.org\/{rel}","templated":true}]}}