{"id":7436,"date":"2023-08-14T07:50:11","date_gmt":"2023-08-14T05:50:11","guid":{"rendered":"https:\/\/www.jaermuseet.no\/vitenfabrikken\/?post_type=activity&#038;p=7436"},"modified":"2023-08-31T12:41:40","modified_gmt":"2023-08-31T10:41:40","slug":"molledag","status":"publish","type":"activity","link":"https:\/\/www.jaermuseet.no\/vitenfabrikken\/aktiviteter\/molledag\/","title":{"rendered":"M\u00f8lle- og Kulturminnedag!"},"content":{"rendered":"<div class=\"activity-meta\">\n    <div class=\"activity-meta__line\">\n        <div class=\"activity-meta__icon\">\n            <i class=\"fa fa-calendar\" aria-hidden=\"true\"><\/i>\n        <\/div>\n                                        <span class=\"meta-date\">\n                        3. september 2023        <\/span>\n                                <span class=\"meta-time\">11.00-17.00<\/span>\n            <\/div>\n\n            <div class=\"activity-meta__line\">\n        <div class=\"activity-meta__icon\">\n            <i class=\"fa fa-map\" aria-hidden=\"true\"><\/i>\n        <\/div>\n        <span class=\"meta-location\">Storgata 28, 4307 Sandnes<\/span>\n    <\/div>\n    \n            <div class=\"activity-meta__line\">\n        <div class=\"activity-meta__icon\">\n            <i class=\"fa fa-tag\" aria-hidden=\"true\"><\/i>\n        <\/div>\n        <span class=\"meta-price\">Gratis inngang!<\/span>\n    <\/div>\n    <\/div>\n<p>Denne dagen kan du oppleve b\u00e5de Krossens havrem\u00f8lle og mange verksteder.<\/p>\n<p>I 2023 markeres Kulturminnedagene 2. \u2013 10. september. Gjennom temaet \u00abLevende Kulturarv\u00bb settes det fokus p\u00e5 kunnskapen og h\u00e5ndverket som kreves for \u00e5 ivareta kulturarven v\u00e5r og de mange kulturminnene landet rundt. P\u00e5 Vitenfabrikken har vi snekker-, hekle- og strikkeverksteder. I tillegg kan du bli med p\u00e5 baking av lefser og valsing av havregryn i Krossens havrem\u00f8lle.<\/p>\n<p>Vi har ogs\u00e5 bes\u00f8k av Pottemaker Ruth Simonsen som vil demonstere hva en ekte pottemaker gj\u00f8r.\u00a0 Hils p\u00e5 Ruth mellom 11:00 og 14:00 for \u00e5 se.<\/p>\n<p>Beate \u00d8gl\u00e6nd er 4. generasjons \u00d8gl\u00e6nd og datter av Jonas Bjarne \u00d8gl\u00e6nd. Hun er et tidsvitne som kjenner bedriftshistorien fra \u00e5 ha vokst opp med den, og har mange gode historier \u00e5 fortelle. Beate har omvisning i \u00d8gl\u00e6nd-utstillingen klokken 12:30.<\/p>\n<p>En super dag for hele familien, og siden det er Kulturminnedag har vi valgt \u00e5 ha GRATIS inngang.<\/p>\n<p>M\u00f8llen er \u00e5pen fra 12:00 til 16:00 og resten av Vitenfabrikken er \u00e5pen fra 11:00 til 17:00.<\/p>\n<p>Tusen takk til Stangeland M\u00f8lle som st\u00f8tter arrangementet med deres gode havreprodukt<\/p>\n<p>Velkommen!<\/p>\n","protected":false},"excerpt":{"rendered":"<p>3. september 2023 11.00-17.00 Storgata 28, 4307 Sandnes Gratis inngang!&#8230;<\/p>\n","protected":false},"featured_media":10012,"template":"","categories":[],"class_list":["post-7436","activity","type-activity","status-publish","has-post-thumbnail","hentry","featured-image-size-large"],"acf":[],"yoast_head":"<!-- This site is optimized with the Yoast SEO plugin v27.4 - https:\/\/yoast.com\/product\/yoast-seo-wordpress\/ -->\n<title>M\u00f8lle- og Kulturminnedag! - Vitenfabrikken<\/title>\n<meta name=\"robots\" content=\"index, follow, max-snippet:-1, max-image-preview:large, max-video-preview:-1\" \/>\n<link rel=\"canonical\" href=\"https:\/\/www.jaermuseet.no\/vitenfabrikken\/aktiviteter\/molledag\/\" \/>\n<meta property=\"og:locale\" content=\"nb_NO\" \/>\n<meta property=\"og:type\" content=\"article\" \/>\n<meta property=\"og:title\" content=\"M\u00f8lle- og Kulturminnedag! - Vitenfabrikken\" \/>\n<meta property=\"og:description\" content=\"3. september 2023 11.00-17.00 Storgata 28, 4307 Sandnes Gratis inngang!...\" \/>\n<meta property=\"og:url\" content=\"https:\/\/www.jaermuseet.no\/vitenfabrikken\/aktiviteter\/molledag\/\" \/>\n<meta property=\"og:site_name\" content=\"Vitenfabrikken\" \/>\n<meta property=\"article:modified_time\" content=\"2023-08-31T10:41:40+00:00\" \/>\n<meta property=\"og:image\" content=\"https:\/\/www.jaermuseet.no\/vitenfabrikken\/wp-content\/uploads\/sites\/12\/2022\/05\/IMG_2586-scaled.jpg\" \/>\n\t<meta property=\"og:image:width\" content=\"2560\" \/>\n\t<meta property=\"og:image:height\" content=\"1707\" \/>\n\t<meta property=\"og:image:type\" content=\"image\/jpeg\" \/>\n<meta name=\"twitter:card\" content=\"summary_large_image\" \/>\n<meta name=\"twitter:label1\" content=\"Ansl. lesetid\" \/>\n\t<meta name=\"twitter:data1\" content=\"1 minutt\" \/>\n<script type=\"application\/ld+json\" class=\"yoast-schema-graph\">{\"@context\":\"https:\\\/\\\/schema.org\",\"@graph\":[{\"@type\":\"WebPage\",\"@id\":\"https:\\\/\\\/www.jaermuseet.no\\\/vitenfabrikken\\\/aktiviteter\\\/molledag\\\/\",\"url\":\"https:\\\/\\\/www.jaermuseet.no\\\/vitenfabrikken\\\/aktiviteter\\\/molledag\\\/\",\"name\":\"M\u00f8lle- og Kulturminnedag! - Vitenfabrikken\",\"isPartOf\":{\"@id\":\"https:\\\/\\\/www.jaermuseet.no\\\/vitenfabrikken\\\/#website\"},\"primaryImageOfPage\":{\"@id\":\"https:\\\/\\\/www.jaermuseet.no\\\/vitenfabrikken\\\/aktiviteter\\\/molledag\\\/#primaryimage\"},\"image\":{\"@id\":\"https:\\\/\\\/www.jaermuseet.no\\\/vitenfabrikken\\\/aktiviteter\\\/molledag\\\/#primaryimage\"},\"thumbnailUrl\":\"https:\\\/\\\/www.jaermuseet.no\\\/vitenfabrikken\\\/wp-content\\\/uploads\\\/sites\\\/12\\\/2022\\\/05\\\/IMG_2586-scaled.jpg\",\"datePublished\":\"2023-08-14T05:50:11+00:00\",\"dateModified\":\"2023-08-31T10:41:40+00:00\",\"breadcrumb\":{\"@id\":\"https:\\\/\\\/www.jaermuseet.no\\\/vitenfabrikken\\\/aktiviteter\\\/molledag\\\/#breadcrumb\"},\"inLanguage\":\"nb-NO\",\"potentialAction\":[{\"@type\":\"ReadAction\",\"target\":[\"https:\\\/\\\/www.jaermuseet.no\\\/vitenfabrikken\\\/aktiviteter\\\/molledag\\\/\"]}]},{\"@type\":\"ImageObject\",\"inLanguage\":\"nb-NO\",\"@id\":\"https:\\\/\\\/www.jaermuseet.no\\\/vitenfabrikken\\\/aktiviteter\\\/molledag\\\/#primaryimage\",\"url\":\"https:\\\/\\\/www.jaermuseet.no\\\/vitenfabrikken\\\/wp-content\\\/uploads\\\/sites\\\/12\\\/2022\\\/05\\\/IMG_2586-scaled.jpg\",\"contentUrl\":\"https:\\\/\\\/www.jaermuseet.no\\\/vitenfabrikken\\\/wp-content\\\/uploads\\\/sites\\\/12\\\/2022\\\/05\\\/IMG_2586-scaled.jpg\",\"width\":2560,\"height\":1707},{\"@type\":\"BreadcrumbList\",\"@id\":\"https:\\\/\\\/www.jaermuseet.no\\\/vitenfabrikken\\\/aktiviteter\\\/molledag\\\/#breadcrumb\",\"itemListElement\":[{\"@type\":\"ListItem\",\"position\":1,\"name\":\"Hjem\",\"item\":\"https:\\\/\\\/www.jaermuseet.no\\\/vitenfabrikken\\\/\"},{\"@type\":\"ListItem\",\"position\":2,\"name\":\"Arrangementer\",\"item\":\"https:\\\/\\\/www.jaermuseet.no\\\/vitenfabrikken\\\/aktiviteter\\\/\"},{\"@type\":\"ListItem\",\"position\":3,\"name\":\"M\u00f8lle- og Kulturminnedag!\"}]},{\"@type\":\"WebSite\",\"@id\":\"https:\\\/\\\/www.jaermuseet.no\\\/vitenfabrikken\\\/#website\",\"url\":\"https:\\\/\\\/www.jaermuseet.no\\\/vitenfabrikken\\\/\",\"name\":\"Vitenfabrikken\",\"description\":\"Exciting exhibitions and interactive installations\",\"potentialAction\":[{\"@type\":\"SearchAction\",\"target\":{\"@type\":\"EntryPoint\",\"urlTemplate\":\"https:\\\/\\\/www.jaermuseet.no\\\/vitenfabrikken\\\/?s={search_term_string}\"},\"query-input\":{\"@type\":\"PropertyValueSpecification\",\"valueRequired\":true,\"valueName\":\"search_term_string\"}}],\"inLanguage\":\"nb-NO\"}]}<\/script>\n<!-- \/ Yoast SEO plugin. -->","yoast_head_json":{"title":"M\u00f8lle- og Kulturminnedag! - Vitenfabrikken","robots":{"index":"index","follow":"follow","max-snippet":"max-snippet:-1","max-image-preview":"max-image-preview:large","max-video-preview":"max-video-preview:-1"},"canonical":"https:\/\/www.jaermuseet.no\/vitenfabrikken\/aktiviteter\/molledag\/","og_locale":"nb_NO","og_type":"article","og_title":"M\u00f8lle- og Kulturminnedag! - Vitenfabrikken","og_description":"3. september 2023 11.00-17.00 Storgata 28, 4307 Sandnes Gratis inngang!...","og_url":"https:\/\/www.jaermuseet.no\/vitenfabrikken\/aktiviteter\/molledag\/","og_site_name":"Vitenfabrikken","article_modified_time":"2023-08-31T10:41:40+00:00","og_image":[{"width":2560,"height":1707,"url":"https:\/\/www.jaermuseet.no\/vitenfabrikken\/wp-content\/uploads\/sites\/12\/2022\/05\/IMG_2586-scaled.jpg","type":"image\/jpeg"}],"twitter_card":"summary_large_image","twitter_misc":{"Ansl. lesetid":"1 minutt"},"schema":{"@context":"https:\/\/schema.org","@graph":[{"@type":"WebPage","@id":"https:\/\/www.jaermuseet.no\/vitenfabrikken\/aktiviteter\/molledag\/","url":"https:\/\/www.jaermuseet.no\/vitenfabrikken\/aktiviteter\/molledag\/","name":"M\u00f8lle- og Kulturminnedag! - Vitenfabrikken","isPartOf":{"@id":"https:\/\/www.jaermuseet.no\/vitenfabrikken\/#website"},"primaryImageOfPage":{"@id":"https:\/\/www.jaermuseet.no\/vitenfabrikken\/aktiviteter\/molledag\/#primaryimage"},"image":{"@id":"https:\/\/www.jaermuseet.no\/vitenfabrikken\/aktiviteter\/molledag\/#primaryimage"},"thumbnailUrl":"https:\/\/www.jaermuseet.no\/vitenfabrikken\/wp-content\/uploads\/sites\/12\/2022\/05\/IMG_2586-scaled.jpg","datePublished":"2023-08-14T05:50:11+00:00","dateModified":"2023-08-31T10:41:40+00:00","breadcrumb":{"@id":"https:\/\/www.jaermuseet.no\/vitenfabrikken\/aktiviteter\/molledag\/#breadcrumb"},"inLanguage":"nb-NO","potentialAction":[{"@type":"ReadAction","target":["https:\/\/www.jaermuseet.no\/vitenfabrikken\/aktiviteter\/molledag\/"]}]},{"@type":"ImageObject","inLanguage":"nb-NO","@id":"https:\/\/www.jaermuseet.no\/vitenfabrikken\/aktiviteter\/molledag\/#primaryimage","url":"https:\/\/www.jaermuseet.no\/vitenfabrikken\/wp-content\/uploads\/sites\/12\/2022\/05\/IMG_2586-scaled.jpg","contentUrl":"https:\/\/www.jaermuseet.no\/vitenfabrikken\/wp-content\/uploads\/sites\/12\/2022\/05\/IMG_2586-scaled.jpg","width":2560,"height":1707},{"@type":"BreadcrumbList","@id":"https:\/\/www.jaermuseet.no\/vitenfabrikken\/aktiviteter\/molledag\/#breadcrumb","itemListElement":[{"@type":"ListItem","position":1,"name":"Hjem","item":"https:\/\/www.jaermuseet.no\/vitenfabrikken\/"},{"@type":"ListItem","position":2,"name":"Arrangementer","item":"https:\/\/www.jaermuseet.no\/vitenfabrikken\/aktiviteter\/"},{"@type":"ListItem","position":3,"name":"M\u00f8lle- og Kulturminnedag!"}]},{"@type":"WebSite","@id":"https:\/\/www.jaermuseet.no\/vitenfabrikken\/#website","url":"https:\/\/www.jaermuseet.no\/vitenfabrikken\/","name":"Vitenfabrikken","description":"Exciting exhibitions and interactive installations","potentialAction":[{"@type":"SearchAction","target":{"@type":"EntryPoint","urlTemplate":"https:\/\/www.jaermuseet.no\/vitenfabrikken\/?s={search_term_string}"},"query-input":{"@type":"PropertyValueSpecification","valueRequired":true,"valueName":"search_term_string"}}],"inLanguage":"nb-NO"}]}},"jetpack_sharing_enabled":true,"_links":{"self":[{"href":"https:\/\/www.jaermuseet.no\/vitenfabrikken\/wp-json\/wp\/v2\/activity\/7436","targetHints":{"allow":["GET"]}}],"collection":[{"href":"https:\/\/www.jaermuseet.no\/vitenfabrikken\/wp-json\/wp\/v2\/activity"}],"about":[{"href":"https:\/\/www.jaermuseet.no\/vitenfabrikken\/wp-json\/wp\/v2\/types\/activity"}],"version-history":[{"count":35,"href":"https:\/\/www.jaermuseet.no\/vitenfabrikken\/wp-json\/wp\/v2\/activity\/7436\/revisions"}],"predecessor-version":[{"id":11309,"href":"https:\/\/www.jaermuseet.no\/vitenfabrikken\/wp-json\/wp\/v2\/activity\/7436\/revisions\/11309"}],"wp:featuredmedia":[{"embeddable":true,"href":"https:\/\/www.jaermuseet.no\/vitenfabrikken\/wp-json\/wp\/v2\/media\/10012"}],"wp:attachment":[{"href":"https:\/\/www.jaermuseet.no\/vitenfabrikken\/wp-json\/wp\/v2\/media?parent=7436"}],"wp:term":[{"taxonomy":"category","embeddable":true,"href":"https:\/\/www.jaermuseet.no\/vitenfabrikken\/wp-json\/wp\/v2\/categories?post=7436"}],"curies":[{"name":"wp","href":"https:\/\/api.w.org\/{rel}","templated":true}]}}

Mølle- og Kulturminnedag!

<div class="activity-meta">
    <div class="activity-meta__line">
        <div class="activity-meta__icon">
            <i class="fa fa-calendar" aria-hidden="true"></i>
        </div>
                                        <span class="meta-date">
                        3. september 2023        </span>
                                <span class="meta-time">11.00-17.00</span>
            </div>

            <div class="activity-meta__line">
        <div class="activity-meta__icon">
            <i class="fa fa-map" aria-hidden="true"></i>
        </div>
        <span class="meta-location">Storgata 28, 4307 Sandnes</span>
    </div>
    
            <div class="activity-meta__line">
        <div class="activity-meta__icon">
            <i class="fa fa-tag" aria-hidden="true"></i>
        </div>
        <span class="meta-price">Gratis inngang!</span>
    </div>
    </div>
<p>Denne dagen kan du oppleve både Krossens havremølle og mange verksteder.</p>
<p>I 2023 markeres Kulturminnedagene 2. – 10. september. Gjennom temaet «Levende Kulturarv» settes det fokus på kunnskapen og håndverket som kreves for å ivareta kulturarven vår og de mange kulturminnene landet rundt. På Vitenfabrikken har vi snekker-, hekle- og strikkeverksteder. I tillegg kan du bli med på baking av lefser og valsing av havregryn i Krossens havremølle.</p>
<p>Vi har også besøk av Pottemaker Ruth Simonsen som vil demonstere hva en ekte pottemaker gjør.  Hils på Ruth mellom 11:00 og 14:00 for å se.</p>
<p>Beate Øglænd er 4. generasjons Øglænd og datter av Jonas Bjarne Øglænd. Hun er et tidsvitne som kjenner bedriftshistorien fra å ha vokst opp med den, og har mange gode historier å fortelle. Beate har omvisning i Øglænd-utstillingen klokken 12:30.</p>
<p>En super dag for hele familien, og siden det er Kulturminnedag har vi valgt å ha GRATIS inngang.</p>
<p>Møllen er åpen fra 12:00 til 16:00 og resten av Vitenfabrikken er åpen fra 11:00 til 17:00.</p>
<p>Tusen takk til Stangeland Mølle som støtter arrangementet med deres gode havreprodukt</p>
<p>Velkommen!</p>

<!-- This site is optimized with the Yoast SEO plugin v27.4 - https://yoast.com/product/yoast-seo-wordpress/ -->
<title>Mølle- og Kulturminnedag! - Vitenfabrikken</title>
<meta name="robots" content="index, follow, max-snippet:-1, max-image-preview:large, max-video-preview:-1" />
<link rel="canonical" href="https://www.jaermuseet.no/vitenfabrikken/aktiviteter/molledag/" />
<meta property="og:locale" content="nb_NO" />
<meta property="og:type" content="article" />
<meta property="og:title" content="Mølle- og Kulturminnedag! - Vitenfabrikken" />
<meta property="og:description" content="3. september 2023 11.00-17.00 Storgata 28, 4307 Sandnes Gratis inngang!..." />
<meta property="og:url" content="https://www.jaermuseet.no/vitenfabrikken/aktiviteter/molledag/" />
<meta property="og:site_name" content="Vitenfabrikken" />
<meta property="article:modified_time" content="2023-08-31T10:41:40+00:00" />
<meta property="og:image" content="https://www.jaermuseet.no/vitenfabrikken/wp-content/uploads/sites/12/2022/05/IMG_2586-scaled.jpg" />
	<meta property="og:image:width" content="2560" />
	<meta property="og:image:height" content="1707" />
	<meta property="og:image:type" content="image/jpeg" />
<meta name="twitter:card" content="summary_large_image" />
<meta name="twitter:label1" content="Ansl. lesetid" />
	<meta name="twitter:data1" content="1 minutt" />
<script type="application/ld+json" class="yoast-schema-graph">{"@context":"https:\/\/schema.org","@graph":[{"@type":"WebPage","@id":"https:\/\/www.jaermuseet.no\/vitenfabrikken\/aktiviteter\/molledag\/","url":"https:\/\/www.jaermuseet.no\/vitenfabrikken\/aktiviteter\/molledag\/","name":"Mølle- og Kulturminnedag! - Vitenfabrikken","isPartOf":{"@id":"https:\/\/www.jaermuseet.no\/vitenfabrikken\/#website"},"primaryImageOfPage":{"@id":"https:\/\/www.jaermuseet.no\/vitenfabrikken\/aktiviteter\/molledag\/#primaryimage"},"image":{"@id":"https:\/\/www.jaermuseet.no\/vitenfabrikken\/aktiviteter\/molledag\/#primaryimage"},"thumbnailUrl":"https:\/\/www.jaermuseet.no\/vitenfabrikken\/wp-content\/uploads\/sites\/12\/2022\/05\/IMG_2586-scaled.jpg","datePublished":"2023-08-14T05:50:11+00:00","dateModified":"2023-08-31T10:41:40+00:00","breadcrumb":{"@id":"https:\/\/www.jaermuseet.no\/vitenfabrikken\/aktiviteter\/molledag\/#breadcrumb"},"inLanguage":"nb-NO","potentialAction":[{"@type":"ReadAction","target":["https:\/\/www.jaermuseet.no\/vitenfabrikken\/aktiviteter\/molledag\/"]}]},{"@type":"ImageObject","inLanguage":"nb-NO","@id":"https:\/\/www.jaermuseet.no\/vitenfabrikken\/aktiviteter\/molledag\/#primaryimage","url":"https:\/\/www.jaermuseet.no\/vitenfabrikken\/wp-content\/uploads\/sites\/12\/2022\/05\/IMG_2586-scaled.jpg","contentUrl":"https:\/\/www.jaermuseet.no\/vitenfabrikken\/wp-content\/uploads\/sites\/12\/2022\/05\/IMG_2586-scaled.jpg","width":2560,"height":1707},{"@type":"BreadcrumbList","@id":"https:\/\/www.jaermuseet.no\/vitenfabrikken\/aktiviteter\/molledag\/#breadcrumb","itemListElement":[{"@type":"ListItem","position":1,"name":"Hjem","item":"https:\/\/www.jaermuseet.no\/vitenfabrikken\/"},{"@type":"ListItem","position":2,"name":"Arrangementer","item":"https:\/\/www.jaermuseet.no\/vitenfabrikken\/aktiviteter\/"},{"@type":"ListItem","position":3,"name":"Mølle- og Kulturminnedag!"}]},{"@type":"WebSite","@id":"https:\/\/www.jaermuseet.no\/vitenfabrikken\/#website","url":"https:\/\/www.jaermuseet.no\/vitenfabrikken\/","name":"Vitenfabrikken","description":"Exciting exhibitions and interactive installations","potentialAction":[{"@type":"SearchAction","target":{"@type":"EntryPoint","urlTemplate":"https:\/\/www.jaermuseet.no\/vitenfabrikken\/?s={search_term_string}"},"query-input":{"@type":"PropertyValueSpecification","valueRequired":true,"valueName":"search_term_string"}}],"inLanguage":"nb-NO"}]}</script>
<!-- / Yoast SEO plugin. -->

Mølle- og Kulturminnedag! - Vitenfabrikken
