{"id":3166,"date":"2017-03-15T08:53:54","date_gmt":"2017-03-15T07:53:54","guid":{"rendered":"https:\/\/www.jaermuseet.no\/vitenfabrikken\/?post_type=activity&#038;p=3166"},"modified":"2017-03-15T08:57:07","modified_gmt":"2017-03-15T07:57:07","slug":"amnesty-kveld-barn-unge-pa-flukt","status":"publish","type":"activity","link":"https:\/\/www.jaermuseet.no\/vitenfabrikken\/aktiviteter\/amnesty-kveld-barn-unge-pa-flukt\/","title":{"rendered":"Amnesty kveld &#8211; &#8220;Barn og unge p\u00e5 flukt&#8221;"},"content":{"rendered":"<div class=\"activity-meta\">\n    <div class=\"activity-meta__line\">\n        <div class=\"activity-meta__icon\">\n            <i class=\"fa fa-calendar\" aria-hidden=\"true\"><\/i>\n        <\/div>\n                                        <span class=\"meta-date\">\n                        22. mars 2017        <\/span>\n                                <span class=\"meta-time\">18:00 - 20:00<\/span>\n            <\/div>\n\n            <div class=\"activity-meta__line\">\n        <div class=\"activity-meta__icon\">\n            <i class=\"fa fa-map\" aria-hidden=\"true\"><\/i>\n        <\/div>\n        <span class=\"meta-location\">Storgata 28, 4307 Sandnes<\/span>\n    <\/div>\n    \n        <\/div>\n<h4><span style=\"font-family: Calibri\">\u00c5rets Amnesty-kveld starter under Lanternen kl 18:00, med appell av politisk r\u00e5dgiver i Amnesty, Beate Ekel\u00f8ve-Slydal. Deretter g\u00e5r vi i fakkeltog gjennom Langgata og opp til Vitenfabrikken, der programmet vil fortsette inne. Der blir det taler om dagens flyktningsituasjon, det blir utstilling, dans og dramainnslag fra elever ved V\u00e5gen videreg\u00e5ende skole, samt kulturelle innslag i regi av Sandnes musikkr\u00e5d. <\/span><\/h4>\n<h4><span style=\"font-family: Calibri\">Velkommen!<\/span><\/h4>\n<p>&nbsp;<\/p>\n","protected":false},"excerpt":{"rendered":"<p>22. mars 2017 18:00 &#8211; 20:00 Storgata 28, 4307 Sandnes&#8230;<\/p>\n","protected":false},"featured_media":3169,"template":"","categories":[],"class_list":["post-3166","activity","type-activity","status-publish","has-post-thumbnail","hentry","featured-image-size-large"],"acf":[],"yoast_head":"<!-- This site is optimized with the Yoast SEO plugin v27.4 - https:\/\/yoast.com\/product\/yoast-seo-wordpress\/ -->\n<title>Amnesty kveld - &quot;Barn og unge p\u00e5 flukt&quot; - Vitenfabrikken<\/title>\n<meta name=\"robots\" content=\"index, follow, max-snippet:-1, max-image-preview:large, max-video-preview:-1\" \/>\n<link rel=\"canonical\" href=\"https:\/\/www.jaermuseet.no\/vitenfabrikken\/aktiviteter\/amnesty-kveld-barn-unge-pa-flukt\/\" \/>\n<meta property=\"og:locale\" content=\"nb_NO\" \/>\n<meta property=\"og:type\" content=\"article\" \/>\n<meta property=\"og:title\" content=\"Amnesty kveld - &quot;Barn og unge p\u00e5 flukt&quot; - Vitenfabrikken\" \/>\n<meta property=\"og:description\" content=\"22. mars 2017 18:00 - 20:00 Storgata 28, 4307 Sandnes...\" \/>\n<meta property=\"og:url\" content=\"https:\/\/www.jaermuseet.no\/vitenfabrikken\/aktiviteter\/amnesty-kveld-barn-unge-pa-flukt\/\" \/>\n<meta property=\"og:site_name\" content=\"Vitenfabrikken\" \/>\n<meta property=\"article:modified_time\" content=\"2017-03-15T07:57:07+00:00\" \/>\n<meta property=\"og:image\" content=\"https:\/\/www.jaermuseet.no\/vitenfabrikken\/wp-content\/uploads\/sites\/12\/2017\/03\/Amnesty.jpg\" \/>\n\t<meta property=\"og:image:width\" content=\"720\" \/>\n\t<meta property=\"og:image:height\" content=\"960\" \/>\n\t<meta property=\"og:image:type\" content=\"image\/jpeg\" \/>\n<meta name=\"twitter:card\" content=\"summary_large_image\" \/>\n<script type=\"application\/ld+json\" class=\"yoast-schema-graph\">{\"@context\":\"https:\\\/\\\/schema.org\",\"@graph\":[{\"@type\":\"WebPage\",\"@id\":\"https:\\\/\\\/www.jaermuseet.no\\\/vitenfabrikken\\\/aktiviteter\\\/amnesty-kveld-barn-unge-pa-flukt\\\/\",\"url\":\"https:\\\/\\\/www.jaermuseet.no\\\/vitenfabrikken\\\/aktiviteter\\\/amnesty-kveld-barn-unge-pa-flukt\\\/\",\"name\":\"Amnesty kveld - \\\"Barn og unge p\u00e5 flukt\\\" - Vitenfabrikken\",\"isPartOf\":{\"@id\":\"https:\\\/\\\/www.jaermuseet.no\\\/vitenfabrikken\\\/#website\"},\"primaryImageOfPage\":{\"@id\":\"https:\\\/\\\/www.jaermuseet.no\\\/vitenfabrikken\\\/aktiviteter\\\/amnesty-kveld-barn-unge-pa-flukt\\\/#primaryimage\"},\"image\":{\"@id\":\"https:\\\/\\\/www.jaermuseet.no\\\/vitenfabrikken\\\/aktiviteter\\\/amnesty-kveld-barn-unge-pa-flukt\\\/#primaryimage\"},\"thumbnailUrl\":\"https:\\\/\\\/www.jaermuseet.no\\\/vitenfabrikken\\\/wp-content\\\/uploads\\\/sites\\\/12\\\/2017\\\/03\\\/Amnesty.jpg\",\"datePublished\":\"2017-03-15T07:53:54+00:00\",\"dateModified\":\"2017-03-15T07:57:07+00:00\",\"breadcrumb\":{\"@id\":\"https:\\\/\\\/www.jaermuseet.no\\\/vitenfabrikken\\\/aktiviteter\\\/amnesty-kveld-barn-unge-pa-flukt\\\/#breadcrumb\"},\"inLanguage\":\"nb-NO\",\"potentialAction\":[{\"@type\":\"ReadAction\",\"target\":[\"https:\\\/\\\/www.jaermuseet.no\\\/vitenfabrikken\\\/aktiviteter\\\/amnesty-kveld-barn-unge-pa-flukt\\\/\"]}]},{\"@type\":\"ImageObject\",\"inLanguage\":\"nb-NO\",\"@id\":\"https:\\\/\\\/www.jaermuseet.no\\\/vitenfabrikken\\\/aktiviteter\\\/amnesty-kveld-barn-unge-pa-flukt\\\/#primaryimage\",\"url\":\"https:\\\/\\\/www.jaermuseet.no\\\/vitenfabrikken\\\/wp-content\\\/uploads\\\/sites\\\/12\\\/2017\\\/03\\\/Amnesty.jpg\",\"contentUrl\":\"https:\\\/\\\/www.jaermuseet.no\\\/vitenfabrikken\\\/wp-content\\\/uploads\\\/sites\\\/12\\\/2017\\\/03\\\/Amnesty.jpg\",\"width\":720,\"height\":960},{\"@type\":\"BreadcrumbList\",\"@id\":\"https:\\\/\\\/www.jaermuseet.no\\\/vitenfabrikken\\\/aktiviteter\\\/amnesty-kveld-barn-unge-pa-flukt\\\/#breadcrumb\",\"itemListElement\":[{\"@type\":\"ListItem\",\"position\":1,\"name\":\"Hjem\",\"item\":\"https:\\\/\\\/www.jaermuseet.no\\\/vitenfabrikken\\\/\"},{\"@type\":\"ListItem\",\"position\":2,\"name\":\"Arrangementer\",\"item\":\"https:\\\/\\\/www.jaermuseet.no\\\/vitenfabrikken\\\/aktiviteter\\\/\"},{\"@type\":\"ListItem\",\"position\":3,\"name\":\"Amnesty kveld &#8211; &laquo;Barn og unge p\u00e5 flukt&raquo;\"}]},{\"@type\":\"WebSite\",\"@id\":\"https:\\\/\\\/www.jaermuseet.no\\\/vitenfabrikken\\\/#website\",\"url\":\"https:\\\/\\\/www.jaermuseet.no\\\/vitenfabrikken\\\/\",\"name\":\"Vitenfabrikken\",\"description\":\"Exciting exhibitions and interactive installations\",\"potentialAction\":[{\"@type\":\"SearchAction\",\"target\":{\"@type\":\"EntryPoint\",\"urlTemplate\":\"https:\\\/\\\/www.jaermuseet.no\\\/vitenfabrikken\\\/?s={search_term_string}\"},\"query-input\":{\"@type\":\"PropertyValueSpecification\",\"valueRequired\":true,\"valueName\":\"search_term_string\"}}],\"inLanguage\":\"nb-NO\"}]}<\/script>\n<!-- \/ Yoast SEO plugin. -->","yoast_head_json":{"title":"Amnesty kveld - \"Barn og unge p\u00e5 flukt\" - Vitenfabrikken","robots":{"index":"index","follow":"follow","max-snippet":"max-snippet:-1","max-image-preview":"max-image-preview:large","max-video-preview":"max-video-preview:-1"},"canonical":"https:\/\/www.jaermuseet.no\/vitenfabrikken\/aktiviteter\/amnesty-kveld-barn-unge-pa-flukt\/","og_locale":"nb_NO","og_type":"article","og_title":"Amnesty kveld - \"Barn og unge p\u00e5 flukt\" - Vitenfabrikken","og_description":"22. mars 2017 18:00 - 20:00 Storgata 28, 4307 Sandnes...","og_url":"https:\/\/www.jaermuseet.no\/vitenfabrikken\/aktiviteter\/amnesty-kveld-barn-unge-pa-flukt\/","og_site_name":"Vitenfabrikken","article_modified_time":"2017-03-15T07:57:07+00:00","og_image":[{"width":720,"height":960,"url":"https:\/\/www.jaermuseet.no\/vitenfabrikken\/wp-content\/uploads\/sites\/12\/2017\/03\/Amnesty.jpg","type":"image\/jpeg"}],"twitter_card":"summary_large_image","schema":{"@context":"https:\/\/schema.org","@graph":[{"@type":"WebPage","@id":"https:\/\/www.jaermuseet.no\/vitenfabrikken\/aktiviteter\/amnesty-kveld-barn-unge-pa-flukt\/","url":"https:\/\/www.jaermuseet.no\/vitenfabrikken\/aktiviteter\/amnesty-kveld-barn-unge-pa-flukt\/","name":"Amnesty kveld - \"Barn og unge p\u00e5 flukt\" - Vitenfabrikken","isPartOf":{"@id":"https:\/\/www.jaermuseet.no\/vitenfabrikken\/#website"},"primaryImageOfPage":{"@id":"https:\/\/www.jaermuseet.no\/vitenfabrikken\/aktiviteter\/amnesty-kveld-barn-unge-pa-flukt\/#primaryimage"},"image":{"@id":"https:\/\/www.jaermuseet.no\/vitenfabrikken\/aktiviteter\/amnesty-kveld-barn-unge-pa-flukt\/#primaryimage"},"thumbnailUrl":"https:\/\/www.jaermuseet.no\/vitenfabrikken\/wp-content\/uploads\/sites\/12\/2017\/03\/Amnesty.jpg","datePublished":"2017-03-15T07:53:54+00:00","dateModified":"2017-03-15T07:57:07+00:00","breadcrumb":{"@id":"https:\/\/www.jaermuseet.no\/vitenfabrikken\/aktiviteter\/amnesty-kveld-barn-unge-pa-flukt\/#breadcrumb"},"inLanguage":"nb-NO","potentialAction":[{"@type":"ReadAction","target":["https:\/\/www.jaermuseet.no\/vitenfabrikken\/aktiviteter\/amnesty-kveld-barn-unge-pa-flukt\/"]}]},{"@type":"ImageObject","inLanguage":"nb-NO","@id":"https:\/\/www.jaermuseet.no\/vitenfabrikken\/aktiviteter\/amnesty-kveld-barn-unge-pa-flukt\/#primaryimage","url":"https:\/\/www.jaermuseet.no\/vitenfabrikken\/wp-content\/uploads\/sites\/12\/2017\/03\/Amnesty.jpg","contentUrl":"https:\/\/www.jaermuseet.no\/vitenfabrikken\/wp-content\/uploads\/sites\/12\/2017\/03\/Amnesty.jpg","width":720,"height":960},{"@type":"BreadcrumbList","@id":"https:\/\/www.jaermuseet.no\/vitenfabrikken\/aktiviteter\/amnesty-kveld-barn-unge-pa-flukt\/#breadcrumb","itemListElement":[{"@type":"ListItem","position":1,"name":"Hjem","item":"https:\/\/www.jaermuseet.no\/vitenfabrikken\/"},{"@type":"ListItem","position":2,"name":"Arrangementer","item":"https:\/\/www.jaermuseet.no\/vitenfabrikken\/aktiviteter\/"},{"@type":"ListItem","position":3,"name":"Amnesty kveld &#8211; &laquo;Barn og unge p\u00e5 flukt&raquo;"}]},{"@type":"WebSite","@id":"https:\/\/www.jaermuseet.no\/vitenfabrikken\/#website","url":"https:\/\/www.jaermuseet.no\/vitenfabrikken\/","name":"Vitenfabrikken","description":"Exciting exhibitions and interactive installations","potentialAction":[{"@type":"SearchAction","target":{"@type":"EntryPoint","urlTemplate":"https:\/\/www.jaermuseet.no\/vitenfabrikken\/?s={search_term_string}"},"query-input":{"@type":"PropertyValueSpecification","valueRequired":true,"valueName":"search_term_string"}}],"inLanguage":"nb-NO"}]}},"jetpack_sharing_enabled":true,"_links":{"self":[{"href":"https:\/\/www.jaermuseet.no\/vitenfabrikken\/wp-json\/wp\/v2\/activity\/3166","targetHints":{"allow":["GET"]}}],"collection":[{"href":"https:\/\/www.jaermuseet.no\/vitenfabrikken\/wp-json\/wp\/v2\/activity"}],"about":[{"href":"https:\/\/www.jaermuseet.no\/vitenfabrikken\/wp-json\/wp\/v2\/types\/activity"}],"version-history":[{"count":2,"href":"https:\/\/www.jaermuseet.no\/vitenfabrikken\/wp-json\/wp\/v2\/activity\/3166\/revisions"}],"predecessor-version":[{"id":3168,"href":"https:\/\/www.jaermuseet.no\/vitenfabrikken\/wp-json\/wp\/v2\/activity\/3166\/revisions\/3168"}],"wp:featuredmedia":[{"embeddable":true,"href":"https:\/\/www.jaermuseet.no\/vitenfabrikken\/wp-json\/wp\/v2\/media\/3169"}],"wp:attachment":[{"href":"https:\/\/www.jaermuseet.no\/vitenfabrikken\/wp-json\/wp\/v2\/media?parent=3166"}],"wp:term":[{"taxonomy":"category","embeddable":true,"href":"https:\/\/www.jaermuseet.no\/vitenfabrikken\/wp-json\/wp\/v2\/categories?post=3166"}],"curies":[{"name":"wp","href":"https:\/\/api.w.org\/{rel}","templated":true}]}}

Amnesty kveld &#8211; &#8220;Barn og unge på flukt&#8221;

<div class="activity-meta">
    <div class="activity-meta__line">
        <div class="activity-meta__icon">
            <i class="fa fa-calendar" aria-hidden="true"></i>
        </div>
                                        <span class="meta-date">
                        22. mars 2017        </span>
                                <span class="meta-time">18:00 - 20:00</span>
            </div>

            <div class="activity-meta__line">
        <div class="activity-meta__icon">
            <i class="fa fa-map" aria-hidden="true"></i>
        </div>
        <span class="meta-location">Storgata 28, 4307 Sandnes</span>
    </div>
    
        </div>
<h4><span style="font-family: Calibri">Årets Amnesty-kveld starter under Lanternen kl 18:00, med appell av politisk rådgiver i Amnesty, Beate Ekeløve-Slydal. Deretter går vi i fakkeltog gjennom Langgata og opp til Vitenfabrikken, der programmet vil fortsette inne. Der blir det taler om dagens flyktningsituasjon, det blir utstilling, dans og dramainnslag fra elever ved Vågen videregående skole, samt kulturelle innslag i regi av Sandnes musikkråd. </span></h4>
<h4><span style="font-family: Calibri">Velkommen!</span></h4>
<p>&nbsp;</p>

<!-- This site is optimized with the Yoast SEO plugin v27.4 - https://yoast.com/product/yoast-seo-wordpress/ -->
<title>Amnesty kveld - &quot;Barn og unge på flukt&quot; - Vitenfabrikken</title>
<meta name="robots" content="index, follow, max-snippet:-1, max-image-preview:large, max-video-preview:-1" />
<link rel="canonical" href="https://www.jaermuseet.no/vitenfabrikken/aktiviteter/amnesty-kveld-barn-unge-pa-flukt/" />
<meta property="og:locale" content="nb_NO" />
<meta property="og:type" content="article" />
<meta property="og:title" content="Amnesty kveld - &quot;Barn og unge på flukt&quot; - Vitenfabrikken" />
<meta property="og:description" content="22. mars 2017 18:00 - 20:00 Storgata 28, 4307 Sandnes..." />
<meta property="og:url" content="https://www.jaermuseet.no/vitenfabrikken/aktiviteter/amnesty-kveld-barn-unge-pa-flukt/" />
<meta property="og:site_name" content="Vitenfabrikken" />
<meta property="article:modified_time" content="2017-03-15T07:57:07+00:00" />
<meta property="og:image" content="https://www.jaermuseet.no/vitenfabrikken/wp-content/uploads/sites/12/2017/03/Amnesty.jpg" />
	<meta property="og:image:width" content="720" />
	<meta property="og:image:height" content="960" />
	<meta property="og:image:type" content="image/jpeg" />
<meta name="twitter:card" content="summary_large_image" />
<script type="application/ld+json" class="yoast-schema-graph">{"@context":"https:\/\/schema.org","@graph":[{"@type":"WebPage","@id":"https:\/\/www.jaermuseet.no\/vitenfabrikken\/aktiviteter\/amnesty-kveld-barn-unge-pa-flukt\/","url":"https:\/\/www.jaermuseet.no\/vitenfabrikken\/aktiviteter\/amnesty-kveld-barn-unge-pa-flukt\/","name":"Amnesty kveld - \"Barn og unge på flukt\" - Vitenfabrikken","isPartOf":{"@id":"https:\/\/www.jaermuseet.no\/vitenfabrikken\/#website"},"primaryImageOfPage":{"@id":"https:\/\/www.jaermuseet.no\/vitenfabrikken\/aktiviteter\/amnesty-kveld-barn-unge-pa-flukt\/#primaryimage"},"image":{"@id":"https:\/\/www.jaermuseet.no\/vitenfabrikken\/aktiviteter\/amnesty-kveld-barn-unge-pa-flukt\/#primaryimage"},"thumbnailUrl":"https:\/\/www.jaermuseet.no\/vitenfabrikken\/wp-content\/uploads\/sites\/12\/2017\/03\/Amnesty.jpg","datePublished":"2017-03-15T07:53:54+00:00","dateModified":"2017-03-15T07:57:07+00:00","breadcrumb":{"@id":"https:\/\/www.jaermuseet.no\/vitenfabrikken\/aktiviteter\/amnesty-kveld-barn-unge-pa-flukt\/#breadcrumb"},"inLanguage":"nb-NO","potentialAction":[{"@type":"ReadAction","target":["https:\/\/www.jaermuseet.no\/vitenfabrikken\/aktiviteter\/amnesty-kveld-barn-unge-pa-flukt\/"]}]},{"@type":"ImageObject","inLanguage":"nb-NO","@id":"https:\/\/www.jaermuseet.no\/vitenfabrikken\/aktiviteter\/amnesty-kveld-barn-unge-pa-flukt\/#primaryimage","url":"https:\/\/www.jaermuseet.no\/vitenfabrikken\/wp-content\/uploads\/sites\/12\/2017\/03\/Amnesty.jpg","contentUrl":"https:\/\/www.jaermuseet.no\/vitenfabrikken\/wp-content\/uploads\/sites\/12\/2017\/03\/Amnesty.jpg","width":720,"height":960},{"@type":"BreadcrumbList","@id":"https:\/\/www.jaermuseet.no\/vitenfabrikken\/aktiviteter\/amnesty-kveld-barn-unge-pa-flukt\/#breadcrumb","itemListElement":[{"@type":"ListItem","position":1,"name":"Hjem","item":"https:\/\/www.jaermuseet.no\/vitenfabrikken\/"},{"@type":"ListItem","position":2,"name":"Arrangementer","item":"https:\/\/www.jaermuseet.no\/vitenfabrikken\/aktiviteter\/"},{"@type":"ListItem","position":3,"name":"Amnesty kveld &#8211; &laquo;Barn og unge på flukt&raquo;"}]},{"@type":"WebSite","@id":"https:\/\/www.jaermuseet.no\/vitenfabrikken\/#website","url":"https:\/\/www.jaermuseet.no\/vitenfabrikken\/","name":"Vitenfabrikken","description":"Exciting exhibitions and interactive installations","potentialAction":[{"@type":"SearchAction","target":{"@type":"EntryPoint","urlTemplate":"https:\/\/www.jaermuseet.no\/vitenfabrikken\/?s={search_term_string}"},"query-input":{"@type":"PropertyValueSpecification","valueRequired":true,"valueName":"search_term_string"}}],"inLanguage":"nb-NO"}]}</script>
<!-- / Yoast SEO plugin. -->

Amnesty kveld - "Barn og unge på flukt" - Vitenfabrikken

Amnesty kveld &#8211; &laquo;Barn og unge på flukt&raquo;
