{"id":1753,"date":"2016-02-03T14:13:33","date_gmt":"2016-02-03T13:13:33","guid":{"rendered":"https:\/\/www.jaermuseet.no\/vitenfabrikken\/?post_type=activity&#038;p=1753"},"modified":"2016-02-04T15:11:35","modified_gmt":"2016-02-04T14:11:35","slug":"smakebit-av-elektrisk-med-andreas-wahl","status":"publish","type":"activity","link":"https:\/\/www.jaermuseet.no\/vitenfabrikken\/aktiviteter\/smakebit-av-elektrisk-med-andreas-wahl\/","title":{"rendered":"Smakebit av &#8220;Elektrisk&#8221; med Andreas Wahl"},"content":{"rendered":"<div class=\"activity-meta\">\n    <div class=\"activity-meta__line\">\n        <div class=\"activity-meta__icon\">\n            <i class=\"fa fa-calendar\" aria-hidden=\"true\"><\/i>\n        <\/div>\n                                        <span class=\"meta-date\">\n                        6. februar 2016        <\/span>\n                                <span class=\"meta-time\">12:00<\/span>\n            <\/div>\n\n            <div class=\"activity-meta__line\">\n        <div class=\"activity-meta__icon\">\n            <i class=\"fa fa-map\" aria-hidden=\"true\"><\/i>\n        <\/div>\n        <span class=\"meta-location\">Vitenfabrikken, Storgata 28, 4307 Sandnes<\/span>\n    <\/div>\n    \n            <div class=\"activity-meta__line\">\n        <div class=\"activity-meta__icon\">\n            <i class=\"fa fa-tag\" aria-hidden=\"true\"><\/i>\n        <\/div>\n        <span class=\"meta-price\">Inngangsbillett til Vitenfabrikken <\/span>\n    <\/div>\n    <\/div>\n<p>Andreas Wahl skal l\u00f8rdag 6. februar kl. 18.30 ha den spektakul\u00e6re forestillingen &#8220;Elektrisk&#8221; p\u00e5 Sandnes kulturhus. I forbindelse med dette, kommer han til Vitenfabrikken p\u00e5 dagen og gir en smakebit av showet.<\/p>\n<p>Andreas Wahl er for tiden aktuell med TV-serien &#8220;Med livet som innsats&#8221; p\u00e5 NRK.<\/p>\n<p>P\u00e5 Vitenfabrikken l\u00f8rdag 6. februar kl. 12 vil Andreas Wahl\u00a0gi en liten smakebit av kveldens forestilling.\u00a0Dette vil foreg\u00e5\u00a0ved Tesla-coilen i andre etasje. Han vil ogs\u00e5 selge og signere egne b\u00f8ker som gir mye inspirasjon til eksperimentering hjemme, og svare p\u00e5 nysgjerrige sp\u00f8rsm\u00e5l om naturvitenskap.<\/p>\n<p>&nbsp;<\/p>\n<p><strong>Elektrisk p\u00e5 Sandnes Kulturhus<\/strong><\/p>\n<p>I &#8220;Elektrisk&#8221; viser han oss hvor fantastisk vakker, d\u00f8delig og hverdagslig elektrisitet kan v\u00e6re. I showet tar Andreas oss med p\u00e5 en reise fylt av spektakul\u00e6re, vitenskapelige demonstrasjoner og opplevelser som f\u00e5r h\u00e5rene til \u00e5 reise seg. For mer informasjon om showet p\u00e5 Sandnes kulturhus og billettbestilling, se: <a href=\"http:\/\/elektriskshow.no\/\">www.elektriskshow.no<\/a><\/p>\n","protected":false},"excerpt":{"rendered":"<p>6. februar 2016 12:00 Vitenfabrikken, Storgata 28, 4307 Sandnes Inngangsbillett&#8230;<\/p>\n","protected":false},"featured_media":0,"template":"","categories":[4],"class_list":["post-1753","activity","type-activity","status-publish","hentry","category-nyheter-fra-vitenfabrikken","featured-image-size-large"],"acf":[],"yoast_head":"<!-- This site is optimized with the Yoast SEO plugin v27.4 - https:\/\/yoast.com\/product\/yoast-seo-wordpress\/ -->\n<title>Smakebit av &quot;Elektrisk&quot; med Andreas Wahl - Vitenfabrikken<\/title>\n<meta name=\"robots\" content=\"index, follow, max-snippet:-1, max-image-preview:large, max-video-preview:-1\" \/>\n<link rel=\"canonical\" href=\"https:\/\/www.jaermuseet.no\/vitenfabrikken\/aktiviteter\/smakebit-av-elektrisk-med-andreas-wahl\/\" \/>\n<meta property=\"og:locale\" content=\"nb_NO\" \/>\n<meta property=\"og:type\" content=\"article\" \/>\n<meta property=\"og:title\" content=\"Smakebit av &quot;Elektrisk&quot; med Andreas Wahl - Vitenfabrikken\" \/>\n<meta property=\"og:description\" content=\"6. februar 2016 12:00 Vitenfabrikken, Storgata 28, 4307 Sandnes Inngangsbillett...\" \/>\n<meta property=\"og:url\" content=\"https:\/\/www.jaermuseet.no\/vitenfabrikken\/aktiviteter\/smakebit-av-elektrisk-med-andreas-wahl\/\" \/>\n<meta property=\"og:site_name\" content=\"Vitenfabrikken\" \/>\n<meta property=\"article:modified_time\" content=\"2016-02-04T14:11:35+00:00\" \/>\n<meta name=\"twitter:card\" content=\"summary_large_image\" \/>\n<meta name=\"twitter:label1\" content=\"Ansl. lesetid\" \/>\n\t<meta name=\"twitter:data1\" content=\"1 minutt\" \/>\n<script type=\"application\/ld+json\" class=\"yoast-schema-graph\">{\"@context\":\"https:\\\/\\\/schema.org\",\"@graph\":[{\"@type\":\"WebPage\",\"@id\":\"https:\\\/\\\/www.jaermuseet.no\\\/vitenfabrikken\\\/aktiviteter\\\/smakebit-av-elektrisk-med-andreas-wahl\\\/\",\"url\":\"https:\\\/\\\/www.jaermuseet.no\\\/vitenfabrikken\\\/aktiviteter\\\/smakebit-av-elektrisk-med-andreas-wahl\\\/\",\"name\":\"Smakebit av \\\"Elektrisk\\\" med Andreas Wahl - Vitenfabrikken\",\"isPartOf\":{\"@id\":\"https:\\\/\\\/www.jaermuseet.no\\\/vitenfabrikken\\\/#website\"},\"datePublished\":\"2016-02-03T13:13:33+00:00\",\"dateModified\":\"2016-02-04T14:11:35+00:00\",\"breadcrumb\":{\"@id\":\"https:\\\/\\\/www.jaermuseet.no\\\/vitenfabrikken\\\/aktiviteter\\\/smakebit-av-elektrisk-med-andreas-wahl\\\/#breadcrumb\"},\"inLanguage\":\"nb-NO\",\"potentialAction\":[{\"@type\":\"ReadAction\",\"target\":[\"https:\\\/\\\/www.jaermuseet.no\\\/vitenfabrikken\\\/aktiviteter\\\/smakebit-av-elektrisk-med-andreas-wahl\\\/\"]}]},{\"@type\":\"BreadcrumbList\",\"@id\":\"https:\\\/\\\/www.jaermuseet.no\\\/vitenfabrikken\\\/aktiviteter\\\/smakebit-av-elektrisk-med-andreas-wahl\\\/#breadcrumb\",\"itemListElement\":[{\"@type\":\"ListItem\",\"position\":1,\"name\":\"Hjem\",\"item\":\"https:\\\/\\\/www.jaermuseet.no\\\/vitenfabrikken\\\/\"},{\"@type\":\"ListItem\",\"position\":2,\"name\":\"Arrangementer\",\"item\":\"https:\\\/\\\/www.jaermuseet.no\\\/vitenfabrikken\\\/aktiviteter\\\/\"},{\"@type\":\"ListItem\",\"position\":3,\"name\":\"Smakebit av &laquo;Elektrisk&raquo; med Andreas Wahl\"}]},{\"@type\":\"WebSite\",\"@id\":\"https:\\\/\\\/www.jaermuseet.no\\\/vitenfabrikken\\\/#website\",\"url\":\"https:\\\/\\\/www.jaermuseet.no\\\/vitenfabrikken\\\/\",\"name\":\"Vitenfabrikken\",\"description\":\"Exciting exhibitions and interactive installations\",\"potentialAction\":[{\"@type\":\"SearchAction\",\"target\":{\"@type\":\"EntryPoint\",\"urlTemplate\":\"https:\\\/\\\/www.jaermuseet.no\\\/vitenfabrikken\\\/?s={search_term_string}\"},\"query-input\":{\"@type\":\"PropertyValueSpecification\",\"valueRequired\":true,\"valueName\":\"search_term_string\"}}],\"inLanguage\":\"nb-NO\"}]}<\/script>\n<!-- \/ Yoast SEO plugin. -->","yoast_head_json":{"title":"Smakebit av \"Elektrisk\" med Andreas Wahl - Vitenfabrikken","robots":{"index":"index","follow":"follow","max-snippet":"max-snippet:-1","max-image-preview":"max-image-preview:large","max-video-preview":"max-video-preview:-1"},"canonical":"https:\/\/www.jaermuseet.no\/vitenfabrikken\/aktiviteter\/smakebit-av-elektrisk-med-andreas-wahl\/","og_locale":"nb_NO","og_type":"article","og_title":"Smakebit av \"Elektrisk\" med Andreas Wahl - Vitenfabrikken","og_description":"6. februar 2016 12:00 Vitenfabrikken, Storgata 28, 4307 Sandnes Inngangsbillett...","og_url":"https:\/\/www.jaermuseet.no\/vitenfabrikken\/aktiviteter\/smakebit-av-elektrisk-med-andreas-wahl\/","og_site_name":"Vitenfabrikken","article_modified_time":"2016-02-04T14:11:35+00:00","twitter_card":"summary_large_image","twitter_misc":{"Ansl. lesetid":"1 minutt"},"schema":{"@context":"https:\/\/schema.org","@graph":[{"@type":"WebPage","@id":"https:\/\/www.jaermuseet.no\/vitenfabrikken\/aktiviteter\/smakebit-av-elektrisk-med-andreas-wahl\/","url":"https:\/\/www.jaermuseet.no\/vitenfabrikken\/aktiviteter\/smakebit-av-elektrisk-med-andreas-wahl\/","name":"Smakebit av \"Elektrisk\" med Andreas Wahl - Vitenfabrikken","isPartOf":{"@id":"https:\/\/www.jaermuseet.no\/vitenfabrikken\/#website"},"datePublished":"2016-02-03T13:13:33+00:00","dateModified":"2016-02-04T14:11:35+00:00","breadcrumb":{"@id":"https:\/\/www.jaermuseet.no\/vitenfabrikken\/aktiviteter\/smakebit-av-elektrisk-med-andreas-wahl\/#breadcrumb"},"inLanguage":"nb-NO","potentialAction":[{"@type":"ReadAction","target":["https:\/\/www.jaermuseet.no\/vitenfabrikken\/aktiviteter\/smakebit-av-elektrisk-med-andreas-wahl\/"]}]},{"@type":"BreadcrumbList","@id":"https:\/\/www.jaermuseet.no\/vitenfabrikken\/aktiviteter\/smakebit-av-elektrisk-med-andreas-wahl\/#breadcrumb","itemListElement":[{"@type":"ListItem","position":1,"name":"Hjem","item":"https:\/\/www.jaermuseet.no\/vitenfabrikken\/"},{"@type":"ListItem","position":2,"name":"Arrangementer","item":"https:\/\/www.jaermuseet.no\/vitenfabrikken\/aktiviteter\/"},{"@type":"ListItem","position":3,"name":"Smakebit av &laquo;Elektrisk&raquo; med Andreas Wahl"}]},{"@type":"WebSite","@id":"https:\/\/www.jaermuseet.no\/vitenfabrikken\/#website","url":"https:\/\/www.jaermuseet.no\/vitenfabrikken\/","name":"Vitenfabrikken","description":"Exciting exhibitions and interactive installations","potentialAction":[{"@type":"SearchAction","target":{"@type":"EntryPoint","urlTemplate":"https:\/\/www.jaermuseet.no\/vitenfabrikken\/?s={search_term_string}"},"query-input":{"@type":"PropertyValueSpecification","valueRequired":true,"valueName":"search_term_string"}}],"inLanguage":"nb-NO"}]}},"jetpack_sharing_enabled":true,"_links":{"self":[{"href":"https:\/\/www.jaermuseet.no\/vitenfabrikken\/wp-json\/wp\/v2\/activity\/1753","targetHints":{"allow":["GET"]}}],"collection":[{"href":"https:\/\/www.jaermuseet.no\/vitenfabrikken\/wp-json\/wp\/v2\/activity"}],"about":[{"href":"https:\/\/www.jaermuseet.no\/vitenfabrikken\/wp-json\/wp\/v2\/types\/activity"}],"version-history":[{"count":5,"href":"https:\/\/www.jaermuseet.no\/vitenfabrikken\/wp-json\/wp\/v2\/activity\/1753\/revisions"}],"predecessor-version":[{"id":1762,"href":"https:\/\/www.jaermuseet.no\/vitenfabrikken\/wp-json\/wp\/v2\/activity\/1753\/revisions\/1762"}],"wp:attachment":[{"href":"https:\/\/www.jaermuseet.no\/vitenfabrikken\/wp-json\/wp\/v2\/media?parent=1753"}],"wp:term":[{"taxonomy":"category","embeddable":true,"href":"https:\/\/www.jaermuseet.no\/vitenfabrikken\/wp-json\/wp\/v2\/categories?post=1753"}],"curies":[{"name":"wp","href":"https:\/\/api.w.org\/{rel}","templated":true}]}}

<div class="activity-meta">
    <div class="activity-meta__line">
        <div class="activity-meta__icon">
            <i class="fa fa-calendar" aria-hidden="true"></i>
        </div>
                                        <span class="meta-date">
                        6. februar 2016        </span>
                                <span class="meta-time">12:00</span>
            </div>

            <div class="activity-meta__line">
        <div class="activity-meta__icon">
            <i class="fa fa-map" aria-hidden="true"></i>
        </div>
        <span class="meta-location">Vitenfabrikken, Storgata 28, 4307 Sandnes</span>
    </div>
    
            <div class="activity-meta__line">
        <div class="activity-meta__icon">
            <i class="fa fa-tag" aria-hidden="true"></i>
        </div>
        <span class="meta-price">Inngangsbillett til Vitenfabrikken </span>
    </div>
    </div>
<p>Andreas Wahl skal lørdag 6. februar kl. 18.30 ha den spektakulære forestillingen &#8220;Elektrisk&#8221; på Sandnes kulturhus. I forbindelse med dette, kommer han til Vitenfabrikken på dagen og gir en smakebit av showet.</p>
<p>Andreas Wahl er for tiden aktuell med TV-serien &#8220;Med livet som innsats&#8221; på NRK.</p>
<p>På Vitenfabrikken lørdag 6. februar kl. 12 vil Andreas Wahl gi en liten smakebit av kveldens forestilling. Dette vil foregå ved Tesla-coilen i andre etasje. Han vil også selge og signere egne bøker som gir mye inspirasjon til eksperimentering hjemme, og svare på nysgjerrige spørsmål om naturvitenskap.</p>
<p>&nbsp;</p>
<p><strong>Elektrisk på Sandnes Kulturhus</strong></p>
<p>I &#8220;Elektrisk&#8221; viser han oss hvor fantastisk vakker, dødelig og hverdagslig elektrisitet kan være. I showet tar Andreas oss med på en reise fylt av spektakulære, vitenskapelige demonstrasjoner og opplevelser som får hårene til å reise seg. For mer informasjon om showet på Sandnes kulturhus og billettbestilling, se: <a href="http://elektriskshow.no/">www.elektriskshow.no</a></p>
