{"id":12704,"date":"2025-07-03T10:39:08","date_gmt":"2025-07-03T08:39:08","guid":{"rendered":"https:\/\/www.jaermuseet.no\/vitenfabrikken\/?post_type=activity&#038;p=12704"},"modified":"2025-09-04T11:26:54","modified_gmt":"2025-09-04T09:26:54","slug":"molledag-kulturminnedag","status":"publish","type":"activity","link":"https:\/\/www.jaermuseet.no\/vitenfabrikken\/aktiviteter\/molledag-kulturminnedag\/","title":{"rendered":"M\u00f8lledag\/Kulturverndagene 2025. Gratis inngang!"},"content":{"rendered":"<div class=\"activity-meta\">\n    <div class=\"activity-meta__line\">\n        <div class=\"activity-meta__icon\">\n            <i class=\"fa fa-calendar\" aria-hidden=\"true\"><\/i>\n        <\/div>\n                                        <span class=\"meta-date\">\n                        7. september 2025        <\/span>\n                                <span class=\"meta-time\">11:00-17:00<\/span>\n            <\/div>\n\n            <div class=\"activity-meta__line\">\n        <div class=\"activity-meta__icon\">\n            <i class=\"fa fa-map\" aria-hidden=\"true\"><\/i>\n        <\/div>\n        <span class=\"meta-location\">Storgata 28, 4307 Sandnes<\/span>\n    <\/div>\n    \n            <div class=\"activity-meta__line\">\n        <div class=\"activity-meta__icon\">\n            <i class=\"fa fa-tag\" aria-hidden=\"true\"><\/i>\n        <\/div>\n        <span class=\"meta-price\">Gratis inngang!<\/span>\n    <\/div>\n    <\/div>\n\n<p>Kulturverndagene 2025 har temaet \u00abHJEM\u00bb. Temaet \u00abHJEM\u00bb \u00e5pner for refleksjoner rundt hva det vil si \u00e5 v\u00e6re&nbsp;<em>hjemme<\/em>, enten det gjelder i bygninger, i naturen eller i et nytt land. \u00abHJEM\u00bb kan brukes til \u00e5 utforske hvordan bygninger, h\u00e5ndverk, tradisjoner og natur former identitet og tilh\u00f8righet p\u00e5 b\u00e5de individ- og samfunnsniv\u00e5. Undertitlene \u00abutvikling, utvandring, utveksling\u00bb kan brukes til \u00e5 fremheve spesifikke temaer i arrangementet, for eksempel hvordan kunnskaps<em>utveksling<\/em>&nbsp;har skapt mattradisjoner eller hvordan&nbsp;<em>utvikling<\/em>&nbsp;av h\u00e5ndverksmetoder kan v\u00e6re med p\u00e5 \u00e5 skape en nasjonal identitet.<\/p>\n\n\n\n<p>Denne dagen som er blitt en tradisjon hos oss, \u00e5pner vi m\u00f8llen s\u00e5 du kan oppleve historien og tradisjonene av havrebyen Sandnes.<\/p>\n\n\n\n<p>M\u00f8ll\u00e5 er \u00e5pen for steking av havrelapper kl 1200 &#8211; 1600.<\/p>\n\n\n\n<p>M\u00f8lledagen er i samarbeid med Stangeland M\u00f8lle.<\/p>\n","protected":false},"excerpt":{"rendered":"<p>7. september 2025 11:00-17:00 Storgata 28, 4307 Sandnes Gratis inngang!&#8230;<\/p>\n","protected":false},"featured_media":12705,"template":"","categories":[],"class_list":["post-12704","activity","type-activity","status-publish","has-post-thumbnail","hentry","featured-image-size-large"],"acf":[],"yoast_head":"<!-- This site is optimized with the Yoast SEO plugin v27.4 - https:\/\/yoast.com\/product\/yoast-seo-wordpress\/ -->\n<title>M\u00f8lledag\/Kulturverndagene 2025. Gratis inngang! - Vitenfabrikken<\/title>\n<meta name=\"robots\" content=\"index, follow, max-snippet:-1, max-image-preview:large, max-video-preview:-1\" \/>\n<link rel=\"canonical\" href=\"https:\/\/www.jaermuseet.no\/vitenfabrikken\/aktiviteter\/molledag-kulturminnedag\/\" \/>\n<meta property=\"og:locale\" content=\"nb_NO\" \/>\n<meta property=\"og:type\" content=\"article\" \/>\n<meta property=\"og:title\" content=\"M\u00f8lledag\/Kulturverndagene 2025. Gratis inngang! - Vitenfabrikken\" \/>\n<meta property=\"og:description\" content=\"7. september 2025 11:00-17:00 Storgata 28, 4307 Sandnes Gratis inngang!...\" \/>\n<meta property=\"og:url\" content=\"https:\/\/www.jaermuseet.no\/vitenfabrikken\/aktiviteter\/molledag-kulturminnedag\/\" \/>\n<meta property=\"og:site_name\" content=\"Vitenfabrikken\" \/>\n<meta property=\"article:modified_time\" content=\"2025-09-04T09:26:54+00:00\" \/>\n<meta property=\"og:image\" content=\"https:\/\/www.jaermuseet.no\/vitenfabrikken\/wp-content\/uploads\/sites\/12\/2024\/08\/2010IngeborgSkrudland_IMG_IMG_3969-1.jpg\" \/>\n\t<meta property=\"og:image:width\" content=\"480\" \/>\n\t<meta property=\"og:image:height\" content=\"480\" \/>\n\t<meta property=\"og:image:type\" content=\"image\/jpeg\" \/>\n<meta name=\"twitter:card\" content=\"summary_large_image\" \/>\n<meta name=\"twitter:label1\" content=\"Ansl. lesetid\" \/>\n\t<meta name=\"twitter:data1\" content=\"1 minutt\" \/>\n<script type=\"application\/ld+json\" class=\"yoast-schema-graph\">{\"@context\":\"https:\\\/\\\/schema.org\",\"@graph\":[{\"@type\":\"WebPage\",\"@id\":\"https:\\\/\\\/www.jaermuseet.no\\\/vitenfabrikken\\\/aktiviteter\\\/molledag-kulturminnedag\\\/\",\"url\":\"https:\\\/\\\/www.jaermuseet.no\\\/vitenfabrikken\\\/aktiviteter\\\/molledag-kulturminnedag\\\/\",\"name\":\"M\u00f8lledag\\\/Kulturverndagene 2025. Gratis inngang! - Vitenfabrikken\",\"isPartOf\":{\"@id\":\"https:\\\/\\\/www.jaermuseet.no\\\/vitenfabrikken\\\/#website\"},\"primaryImageOfPage\":{\"@id\":\"https:\\\/\\\/www.jaermuseet.no\\\/vitenfabrikken\\\/aktiviteter\\\/molledag-kulturminnedag\\\/#primaryimage\"},\"image\":{\"@id\":\"https:\\\/\\\/www.jaermuseet.no\\\/vitenfabrikken\\\/aktiviteter\\\/molledag-kulturminnedag\\\/#primaryimage\"},\"thumbnailUrl\":\"https:\\\/\\\/www.jaermuseet.no\\\/vitenfabrikken\\\/wp-content\\\/uploads\\\/sites\\\/12\\\/2024\\\/08\\\/2010IngeborgSkrudland_IMG_IMG_3969-1.jpg\",\"datePublished\":\"2025-07-03T08:39:08+00:00\",\"dateModified\":\"2025-09-04T09:26:54+00:00\",\"breadcrumb\":{\"@id\":\"https:\\\/\\\/www.jaermuseet.no\\\/vitenfabrikken\\\/aktiviteter\\\/molledag-kulturminnedag\\\/#breadcrumb\"},\"inLanguage\":\"nb-NO\",\"potentialAction\":[{\"@type\":\"ReadAction\",\"target\":[\"https:\\\/\\\/www.jaermuseet.no\\\/vitenfabrikken\\\/aktiviteter\\\/molledag-kulturminnedag\\\/\"]}]},{\"@type\":\"ImageObject\",\"inLanguage\":\"nb-NO\",\"@id\":\"https:\\\/\\\/www.jaermuseet.no\\\/vitenfabrikken\\\/aktiviteter\\\/molledag-kulturminnedag\\\/#primaryimage\",\"url\":\"https:\\\/\\\/www.jaermuseet.no\\\/vitenfabrikken\\\/wp-content\\\/uploads\\\/sites\\\/12\\\/2024\\\/08\\\/2010IngeborgSkrudland_IMG_IMG_3969-1.jpg\",\"contentUrl\":\"https:\\\/\\\/www.jaermuseet.no\\\/vitenfabrikken\\\/wp-content\\\/uploads\\\/sites\\\/12\\\/2024\\\/08\\\/2010IngeborgSkrudland_IMG_IMG_3969-1.jpg\",\"width\":480,\"height\":480},{\"@type\":\"BreadcrumbList\",\"@id\":\"https:\\\/\\\/www.jaermuseet.no\\\/vitenfabrikken\\\/aktiviteter\\\/molledag-kulturminnedag\\\/#breadcrumb\",\"itemListElement\":[{\"@type\":\"ListItem\",\"position\":1,\"name\":\"Hjem\",\"item\":\"https:\\\/\\\/www.jaermuseet.no\\\/vitenfabrikken\\\/\"},{\"@type\":\"ListItem\",\"position\":2,\"name\":\"Arrangementer\",\"item\":\"https:\\\/\\\/www.jaermuseet.no\\\/vitenfabrikken\\\/aktiviteter\\\/\"},{\"@type\":\"ListItem\",\"position\":3,\"name\":\"M\u00f8lledag\\\/Kulturverndagene 2025. Gratis inngang!\"}]},{\"@type\":\"WebSite\",\"@id\":\"https:\\\/\\\/www.jaermuseet.no\\\/vitenfabrikken\\\/#website\",\"url\":\"https:\\\/\\\/www.jaermuseet.no\\\/vitenfabrikken\\\/\",\"name\":\"Vitenfabrikken\",\"description\":\"Exciting exhibitions and interactive installations\",\"potentialAction\":[{\"@type\":\"SearchAction\",\"target\":{\"@type\":\"EntryPoint\",\"urlTemplate\":\"https:\\\/\\\/www.jaermuseet.no\\\/vitenfabrikken\\\/?s={search_term_string}\"},\"query-input\":{\"@type\":\"PropertyValueSpecification\",\"valueRequired\":true,\"valueName\":\"search_term_string\"}}],\"inLanguage\":\"nb-NO\"}]}<\/script>\n<!-- \/ Yoast SEO plugin. -->","yoast_head_json":{"title":"M\u00f8lledag\/Kulturverndagene 2025. Gratis inngang! - Vitenfabrikken","robots":{"index":"index","follow":"follow","max-snippet":"max-snippet:-1","max-image-preview":"max-image-preview:large","max-video-preview":"max-video-preview:-1"},"canonical":"https:\/\/www.jaermuseet.no\/vitenfabrikken\/aktiviteter\/molledag-kulturminnedag\/","og_locale":"nb_NO","og_type":"article","og_title":"M\u00f8lledag\/Kulturverndagene 2025. Gratis inngang! - Vitenfabrikken","og_description":"7. september 2025 11:00-17:00 Storgata 28, 4307 Sandnes Gratis inngang!...","og_url":"https:\/\/www.jaermuseet.no\/vitenfabrikken\/aktiviteter\/molledag-kulturminnedag\/","og_site_name":"Vitenfabrikken","article_modified_time":"2025-09-04T09:26:54+00:00","og_image":[{"width":480,"height":480,"url":"https:\/\/www.jaermuseet.no\/vitenfabrikken\/wp-content\/uploads\/sites\/12\/2024\/08\/2010IngeborgSkrudland_IMG_IMG_3969-1.jpg","type":"image\/jpeg"}],"twitter_card":"summary_large_image","twitter_misc":{"Ansl. lesetid":"1 minutt"},"schema":{"@context":"https:\/\/schema.org","@graph":[{"@type":"WebPage","@id":"https:\/\/www.jaermuseet.no\/vitenfabrikken\/aktiviteter\/molledag-kulturminnedag\/","url":"https:\/\/www.jaermuseet.no\/vitenfabrikken\/aktiviteter\/molledag-kulturminnedag\/","name":"M\u00f8lledag\/Kulturverndagene 2025. Gratis inngang! - Vitenfabrikken","isPartOf":{"@id":"https:\/\/www.jaermuseet.no\/vitenfabrikken\/#website"},"primaryImageOfPage":{"@id":"https:\/\/www.jaermuseet.no\/vitenfabrikken\/aktiviteter\/molledag-kulturminnedag\/#primaryimage"},"image":{"@id":"https:\/\/www.jaermuseet.no\/vitenfabrikken\/aktiviteter\/molledag-kulturminnedag\/#primaryimage"},"thumbnailUrl":"https:\/\/www.jaermuseet.no\/vitenfabrikken\/wp-content\/uploads\/sites\/12\/2024\/08\/2010IngeborgSkrudland_IMG_IMG_3969-1.jpg","datePublished":"2025-07-03T08:39:08+00:00","dateModified":"2025-09-04T09:26:54+00:00","breadcrumb":{"@id":"https:\/\/www.jaermuseet.no\/vitenfabrikken\/aktiviteter\/molledag-kulturminnedag\/#breadcrumb"},"inLanguage":"nb-NO","potentialAction":[{"@type":"ReadAction","target":["https:\/\/www.jaermuseet.no\/vitenfabrikken\/aktiviteter\/molledag-kulturminnedag\/"]}]},{"@type":"ImageObject","inLanguage":"nb-NO","@id":"https:\/\/www.jaermuseet.no\/vitenfabrikken\/aktiviteter\/molledag-kulturminnedag\/#primaryimage","url":"https:\/\/www.jaermuseet.no\/vitenfabrikken\/wp-content\/uploads\/sites\/12\/2024\/08\/2010IngeborgSkrudland_IMG_IMG_3969-1.jpg","contentUrl":"https:\/\/www.jaermuseet.no\/vitenfabrikken\/wp-content\/uploads\/sites\/12\/2024\/08\/2010IngeborgSkrudland_IMG_IMG_3969-1.jpg","width":480,"height":480},{"@type":"BreadcrumbList","@id":"https:\/\/www.jaermuseet.no\/vitenfabrikken\/aktiviteter\/molledag-kulturminnedag\/#breadcrumb","itemListElement":[{"@type":"ListItem","position":1,"name":"Hjem","item":"https:\/\/www.jaermuseet.no\/vitenfabrikken\/"},{"@type":"ListItem","position":2,"name":"Arrangementer","item":"https:\/\/www.jaermuseet.no\/vitenfabrikken\/aktiviteter\/"},{"@type":"ListItem","position":3,"name":"M\u00f8lledag\/Kulturverndagene 2025. Gratis inngang!"}]},{"@type":"WebSite","@id":"https:\/\/www.jaermuseet.no\/vitenfabrikken\/#website","url":"https:\/\/www.jaermuseet.no\/vitenfabrikken\/","name":"Vitenfabrikken","description":"Exciting exhibitions and interactive installations","potentialAction":[{"@type":"SearchAction","target":{"@type":"EntryPoint","urlTemplate":"https:\/\/www.jaermuseet.no\/vitenfabrikken\/?s={search_term_string}"},"query-input":{"@type":"PropertyValueSpecification","valueRequired":true,"valueName":"search_term_string"}}],"inLanguage":"nb-NO"}]}},"jetpack_sharing_enabled":true,"_links":{"self":[{"href":"https:\/\/www.jaermuseet.no\/vitenfabrikken\/wp-json\/wp\/v2\/activity\/12704","targetHints":{"allow":["GET"]}}],"collection":[{"href":"https:\/\/www.jaermuseet.no\/vitenfabrikken\/wp-json\/wp\/v2\/activity"}],"about":[{"href":"https:\/\/www.jaermuseet.no\/vitenfabrikken\/wp-json\/wp\/v2\/types\/activity"}],"version-history":[{"count":11,"href":"https:\/\/www.jaermuseet.no\/vitenfabrikken\/wp-json\/wp\/v2\/activity\/12704\/revisions"}],"predecessor-version":[{"id":14281,"href":"https:\/\/www.jaermuseet.no\/vitenfabrikken\/wp-json\/wp\/v2\/activity\/12704\/revisions\/14281"}],"wp:featuredmedia":[{"embeddable":true,"href":"https:\/\/www.jaermuseet.no\/vitenfabrikken\/wp-json\/wp\/v2\/media\/12705"}],"wp:attachment":[{"href":"https:\/\/www.jaermuseet.no\/vitenfabrikken\/wp-json\/wp\/v2\/media?parent=12704"}],"wp:term":[{"taxonomy":"category","embeddable":true,"href":"https:\/\/www.jaermuseet.no\/vitenfabrikken\/wp-json\/wp\/v2\/categories?post=12704"}],"curies":[{"name":"wp","href":"https:\/\/api.w.org\/{rel}","templated":true}]}}

Mølledag/Kulturverndagene 2025. Gratis inngang!

<div class="activity-meta">
    <div class="activity-meta__line">
        <div class="activity-meta__icon">
            <i class="fa fa-calendar" aria-hidden="true"></i>
        </div>
                                        <span class="meta-date">
                        7. september 2025        </span>
                                <span class="meta-time">11:00-17:00</span>
            </div>

            <div class="activity-meta__line">
        <div class="activity-meta__icon">
            <i class="fa fa-map" aria-hidden="true"></i>
        </div>
        <span class="meta-location">Storgata 28, 4307 Sandnes</span>
    </div>
    
            <div class="activity-meta__line">
        <div class="activity-meta__icon">
            <i class="fa fa-tag" aria-hidden="true"></i>
        </div>
        <span class="meta-price">Gratis inngang!</span>
    </div>
    </div>

<p>Kulturverndagene 2025 har temaet «HJEM». Temaet «HJEM» åpner for refleksjoner rundt hva det vil si å være&nbsp;<em>hjemme</em>, enten det gjelder i bygninger, i naturen eller i et nytt land. «HJEM» kan brukes til å utforske hvordan bygninger, håndverk, tradisjoner og natur former identitet og tilhørighet på både individ- og samfunnsnivå. Undertitlene «utvikling, utvandring, utveksling» kan brukes til å fremheve spesifikke temaer i arrangementet, for eksempel hvordan kunnskaps<em>utveksling</em>&nbsp;har skapt mattradisjoner eller hvordan&nbsp;<em>utvikling</em>&nbsp;av håndverksmetoder kan være med på å skape en nasjonal identitet.</p>



<p>Denne dagen som er blitt en tradisjon hos oss, åpner vi møllen så du kan oppleve historien og tradisjonene av havrebyen Sandnes.</p>



<p>Møllå er åpen for steking av havrelapper kl 1200 &#8211; 1600.</p>



<p>Mølledagen er i samarbeid med Stangeland Mølle.</p>

<!-- This site is optimized with the Yoast SEO plugin v27.4 - https://yoast.com/product/yoast-seo-wordpress/ -->
<title>Mølledag/Kulturverndagene 2025. Gratis inngang! - Vitenfabrikken</title>
<meta name="robots" content="index, follow, max-snippet:-1, max-image-preview:large, max-video-preview:-1" />
<link rel="canonical" href="https://www.jaermuseet.no/vitenfabrikken/aktiviteter/molledag-kulturminnedag/" />
<meta property="og:locale" content="nb_NO" />
<meta property="og:type" content="article" />
<meta property="og:title" content="Mølledag/Kulturverndagene 2025. Gratis inngang! - Vitenfabrikken" />
<meta property="og:description" content="7. september 2025 11:00-17:00 Storgata 28, 4307 Sandnes Gratis inngang!..." />
<meta property="og:url" content="https://www.jaermuseet.no/vitenfabrikken/aktiviteter/molledag-kulturminnedag/" />
<meta property="og:site_name" content="Vitenfabrikken" />
<meta property="article:modified_time" content="2025-09-04T09:26:54+00:00" />
<meta property="og:image" content="https://www.jaermuseet.no/vitenfabrikken/wp-content/uploads/sites/12/2024/08/2010IngeborgSkrudland_IMG_IMG_3969-1.jpg" />
	<meta property="og:image:width" content="480" />
	<meta property="og:image:height" content="480" />
	<meta property="og:image:type" content="image/jpeg" />
<meta name="twitter:card" content="summary_large_image" />
<meta name="twitter:label1" content="Ansl. lesetid" />
	<meta name="twitter:data1" content="1 minutt" />
<script type="application/ld+json" class="yoast-schema-graph">{"@context":"https:\/\/schema.org","@graph":[{"@type":"WebPage","@id":"https:\/\/www.jaermuseet.no\/vitenfabrikken\/aktiviteter\/molledag-kulturminnedag\/","url":"https:\/\/www.jaermuseet.no\/vitenfabrikken\/aktiviteter\/molledag-kulturminnedag\/","name":"Mølledag\/Kulturverndagene 2025. Gratis inngang! - Vitenfabrikken","isPartOf":{"@id":"https:\/\/www.jaermuseet.no\/vitenfabrikken\/#website"},"primaryImageOfPage":{"@id":"https:\/\/www.jaermuseet.no\/vitenfabrikken\/aktiviteter\/molledag-kulturminnedag\/#primaryimage"},"image":{"@id":"https:\/\/www.jaermuseet.no\/vitenfabrikken\/aktiviteter\/molledag-kulturminnedag\/#primaryimage"},"thumbnailUrl":"https:\/\/www.jaermuseet.no\/vitenfabrikken\/wp-content\/uploads\/sites\/12\/2024\/08\/2010IngeborgSkrudland_IMG_IMG_3969-1.jpg","datePublished":"2025-07-03T08:39:08+00:00","dateModified":"2025-09-04T09:26:54+00:00","breadcrumb":{"@id":"https:\/\/www.jaermuseet.no\/vitenfabrikken\/aktiviteter\/molledag-kulturminnedag\/#breadcrumb"},"inLanguage":"nb-NO","potentialAction":[{"@type":"ReadAction","target":["https:\/\/www.jaermuseet.no\/vitenfabrikken\/aktiviteter\/molledag-kulturminnedag\/"]}]},{"@type":"ImageObject","inLanguage":"nb-NO","@id":"https:\/\/www.jaermuseet.no\/vitenfabrikken\/aktiviteter\/molledag-kulturminnedag\/#primaryimage","url":"https:\/\/www.jaermuseet.no\/vitenfabrikken\/wp-content\/uploads\/sites\/12\/2024\/08\/2010IngeborgSkrudland_IMG_IMG_3969-1.jpg","contentUrl":"https:\/\/www.jaermuseet.no\/vitenfabrikken\/wp-content\/uploads\/sites\/12\/2024\/08\/2010IngeborgSkrudland_IMG_IMG_3969-1.jpg","width":480,"height":480},{"@type":"BreadcrumbList","@id":"https:\/\/www.jaermuseet.no\/vitenfabrikken\/aktiviteter\/molledag-kulturminnedag\/#breadcrumb","itemListElement":[{"@type":"ListItem","position":1,"name":"Hjem","item":"https:\/\/www.jaermuseet.no\/vitenfabrikken\/"},{"@type":"ListItem","position":2,"name":"Arrangementer","item":"https:\/\/www.jaermuseet.no\/vitenfabrikken\/aktiviteter\/"},{"@type":"ListItem","position":3,"name":"Mølledag\/Kulturverndagene 2025. Gratis inngang!"}]},{"@type":"WebSite","@id":"https:\/\/www.jaermuseet.no\/vitenfabrikken\/#website","url":"https:\/\/www.jaermuseet.no\/vitenfabrikken\/","name":"Vitenfabrikken","description":"Exciting exhibitions and interactive installations","potentialAction":[{"@type":"SearchAction","target":{"@type":"EntryPoint","urlTemplate":"https:\/\/www.jaermuseet.no\/vitenfabrikken\/?s={search_term_string}"},"query-input":{"@type":"PropertyValueSpecification","valueRequired":true,"valueName":"search_term_string"}}],"inLanguage":"nb-NO"}]}</script>
<!-- / Yoast SEO plugin. -->

Mølledag/Kulturverndagene 2025. Gratis inngang! - Vitenfabrikken
