{"id":11148,"date":"2023-06-26T15:31:34","date_gmt":"2023-06-26T13:31:34","guid":{"rendered":"https:\/\/www.jaermuseet.no\/vitenfabrikken\/?post_type=activity&#038;p=11148"},"modified":"2025-05-27T09:41:07","modified_gmt":"2025-05-27T07:41:07","slug":"tenk-tech-camp","status":"publish","type":"activity","link":"https:\/\/www.jaermuseet.no\/vitenfabrikken\/aktiviteter\/tenk-tech-camp\/","title":{"rendered":"TENK Tech Camp"},"content":{"rendered":"<div class=\"activity-meta\">\n    <div class=\"activity-meta__line\">\n        <div class=\"activity-meta__icon\">\n            <i class=\"fa fa-calendar\" aria-hidden=\"true\"><\/i>\n        <\/div>\n                                        <span class=\"meta-date\">\n                        7. august 2025 - 8. august 2025        <\/span>\n                            <\/div>\n\n            <div class=\"activity-meta__line\">\n        <div class=\"activity-meta__icon\">\n            <i class=\"fa fa-map\" aria-hidden=\"true\"><\/i>\n        <\/div>\n        <span class=\"meta-location\">Vitenfabrikken, Storgata 28, 4303 Sandnes<\/span>\n    <\/div>\n    \n            <div class=\"activity-meta__line\">\n        <div class=\"activity-meta__icon\">\n            <i class=\"fa fa-tag\" aria-hidden=\"true\"><\/i>\n        <\/div>\n        <span class=\"meta-price\">Gratis <\/span>\n    <\/div>\n    <\/div>\n\n<p>Bli med p\u00e5 to kjekke dager p\u00e5 Vitenfabrikken!<\/p>\n\n\n\n<p>Det er altfor f\u00e5 jenter som interesserer seg for teknologi, men det er heldigvis noen! Jenter i alderen 13 til 19 \u00e5r inviteres til TENK Tech Camp i sommer. M\u00e5let er at denne campen skal gi innblikk i hva teknologifag inneb\u00e6rer og hjelpe jentene p\u00e5 veien til \u00e5 finne de riktige fagene og utdanningsl\u00f8pet for de.<\/p>\n\n\n\n<p>TENK Tech Camp er GRATIS, lunsj er inkludert og det blir spennende workshops og foredrag fra kl. 10.00 til kl. 14.00. Det blir ogs\u00e5 noen overraskelser disse dagene.<\/p>\n\n\n\n<p><a href=\"https:\/\/tenknorge.com\/tenk-tech-camp\" target=\"_blank\" rel=\"noreferrer noopener\">Les mer og meld deg p\u00e5!<\/a><\/p>\n\n\n\n<p><\/p>\n","protected":false},"excerpt":{"rendered":"<p>7. august 2025 &#8211; 8. august 2025 Vitenfabrikken, Storgata 28,&#8230;<\/p>\n","protected":false},"featured_media":12478,"template":"","categories":[],"class_list":["post-11148","activity","type-activity","status-publish","has-post-thumbnail","hentry","featured-image-size-large"],"acf":[],"yoast_head":"<!-- This site is optimized with the Yoast SEO plugin v27.4 - https:\/\/yoast.com\/product\/yoast-seo-wordpress\/ -->\n<title>TENK Tech Camp - Vitenfabrikken<\/title>\n<meta name=\"description\" content=\"Tenk Tech Camp er for jenter i alderen 13-18 \u00e5r. Her f\u00e5r jentene bli med p\u00e5 inspirerende workshop, foredrag og m\u00f8te dyktige veiledere.\" \/>\n<meta name=\"robots\" content=\"index, follow, max-snippet:-1, max-image-preview:large, max-video-preview:-1\" \/>\n<link rel=\"canonical\" href=\"https:\/\/www.jaermuseet.no\/vitenfabrikken\/aktiviteter\/tenk-tech-camp\/\" \/>\n<meta property=\"og:locale\" content=\"nb_NO\" \/>\n<meta property=\"og:type\" content=\"article\" \/>\n<meta property=\"og:title\" content=\"TENK Tech Camp - Vitenfabrikken\" \/>\n<meta property=\"og:description\" content=\"Tenk Tech Camp er for jenter i alderen 13-18 \u00e5r. Her f\u00e5r jentene bli med p\u00e5 inspirerende workshop, foredrag og m\u00f8te dyktige veiledere.\" \/>\n<meta property=\"og:url\" content=\"https:\/\/www.jaermuseet.no\/vitenfabrikken\/aktiviteter\/tenk-tech-camp\/\" \/>\n<meta property=\"og:site_name\" content=\"Vitenfabrikken\" \/>\n<meta property=\"article:modified_time\" content=\"2025-05-27T07:41:07+00:00\" \/>\n<meta property=\"og:image\" content=\"https:\/\/www.jaermuseet.no\/vitenfabrikken\/wp-content\/uploads\/sites\/12\/2023\/06\/TENK-Tech-Camp-2023-Foto-Line-Owren-Fotografi-18.jpg\" \/>\n\t<meta property=\"og:image:width\" content=\"900\" \/>\n\t<meta property=\"og:image:height\" content=\"600\" \/>\n\t<meta property=\"og:image:type\" content=\"image\/jpeg\" \/>\n<meta name=\"twitter:card\" content=\"summary_large_image\" \/>\n<meta name=\"twitter:label1\" content=\"Ansl. lesetid\" \/>\n\t<meta name=\"twitter:data1\" content=\"1 minutt\" \/>\n<script type=\"application\/ld+json\" class=\"yoast-schema-graph\">{\"@context\":\"https:\\\/\\\/schema.org\",\"@graph\":[{\"@type\":\"WebPage\",\"@id\":\"https:\\\/\\\/www.jaermuseet.no\\\/vitenfabrikken\\\/aktiviteter\\\/tenk-tech-camp\\\/\",\"url\":\"https:\\\/\\\/www.jaermuseet.no\\\/vitenfabrikken\\\/aktiviteter\\\/tenk-tech-camp\\\/\",\"name\":\"TENK Tech Camp - Vitenfabrikken\",\"isPartOf\":{\"@id\":\"https:\\\/\\\/www.jaermuseet.no\\\/vitenfabrikken\\\/#website\"},\"primaryImageOfPage\":{\"@id\":\"https:\\\/\\\/www.jaermuseet.no\\\/vitenfabrikken\\\/aktiviteter\\\/tenk-tech-camp\\\/#primaryimage\"},\"image\":{\"@id\":\"https:\\\/\\\/www.jaermuseet.no\\\/vitenfabrikken\\\/aktiviteter\\\/tenk-tech-camp\\\/#primaryimage\"},\"thumbnailUrl\":\"https:\\\/\\\/www.jaermuseet.no\\\/vitenfabrikken\\\/wp-content\\\/uploads\\\/sites\\\/12\\\/2023\\\/06\\\/TENK-Tech-Camp-2023-Foto-Line-Owren-Fotografi-18.jpg\",\"datePublished\":\"2023-06-26T13:31:34+00:00\",\"dateModified\":\"2025-05-27T07:41:07+00:00\",\"description\":\"Tenk Tech Camp er for jenter i alderen 13-18 \u00e5r. Her f\u00e5r jentene bli med p\u00e5 inspirerende workshop, foredrag og m\u00f8te dyktige veiledere.\",\"breadcrumb\":{\"@id\":\"https:\\\/\\\/www.jaermuseet.no\\\/vitenfabrikken\\\/aktiviteter\\\/tenk-tech-camp\\\/#breadcrumb\"},\"inLanguage\":\"nb-NO\",\"potentialAction\":[{\"@type\":\"ReadAction\",\"target\":[\"https:\\\/\\\/www.jaermuseet.no\\\/vitenfabrikken\\\/aktiviteter\\\/tenk-tech-camp\\\/\"]}]},{\"@type\":\"ImageObject\",\"inLanguage\":\"nb-NO\",\"@id\":\"https:\\\/\\\/www.jaermuseet.no\\\/vitenfabrikken\\\/aktiviteter\\\/tenk-tech-camp\\\/#primaryimage\",\"url\":\"https:\\\/\\\/www.jaermuseet.no\\\/vitenfabrikken\\\/wp-content\\\/uploads\\\/sites\\\/12\\\/2023\\\/06\\\/TENK-Tech-Camp-2023-Foto-Line-Owren-Fotografi-18.jpg\",\"contentUrl\":\"https:\\\/\\\/www.jaermuseet.no\\\/vitenfabrikken\\\/wp-content\\\/uploads\\\/sites\\\/12\\\/2023\\\/06\\\/TENK-Tech-Camp-2023-Foto-Line-Owren-Fotografi-18.jpg\",\"width\":900,\"height\":600},{\"@type\":\"BreadcrumbList\",\"@id\":\"https:\\\/\\\/www.jaermuseet.no\\\/vitenfabrikken\\\/aktiviteter\\\/tenk-tech-camp\\\/#breadcrumb\",\"itemListElement\":[{\"@type\":\"ListItem\",\"position\":1,\"name\":\"Hjem\",\"item\":\"https:\\\/\\\/www.jaermuseet.no\\\/vitenfabrikken\\\/\"},{\"@type\":\"ListItem\",\"position\":2,\"name\":\"Arrangementer\",\"item\":\"https:\\\/\\\/www.jaermuseet.no\\\/vitenfabrikken\\\/aktiviteter\\\/\"},{\"@type\":\"ListItem\",\"position\":3,\"name\":\"TENK Tech Camp\"}]},{\"@type\":\"WebSite\",\"@id\":\"https:\\\/\\\/www.jaermuseet.no\\\/vitenfabrikken\\\/#website\",\"url\":\"https:\\\/\\\/www.jaermuseet.no\\\/vitenfabrikken\\\/\",\"name\":\"Vitenfabrikken\",\"description\":\"Exciting exhibitions and interactive installations\",\"potentialAction\":[{\"@type\":\"SearchAction\",\"target\":{\"@type\":\"EntryPoint\",\"urlTemplate\":\"https:\\\/\\\/www.jaermuseet.no\\\/vitenfabrikken\\\/?s={search_term_string}\"},\"query-input\":{\"@type\":\"PropertyValueSpecification\",\"valueRequired\":true,\"valueName\":\"search_term_string\"}}],\"inLanguage\":\"nb-NO\"}]}<\/script>\n<!-- \/ Yoast SEO plugin. -->","yoast_head_json":{"title":"TENK Tech Camp - Vitenfabrikken","description":"Tenk Tech Camp er for jenter i alderen 13-18 \u00e5r. Her f\u00e5r jentene bli med p\u00e5 inspirerende workshop, foredrag og m\u00f8te dyktige veiledere.","robots":{"index":"index","follow":"follow","max-snippet":"max-snippet:-1","max-image-preview":"max-image-preview:large","max-video-preview":"max-video-preview:-1"},"canonical":"https:\/\/www.jaermuseet.no\/vitenfabrikken\/aktiviteter\/tenk-tech-camp\/","og_locale":"nb_NO","og_type":"article","og_title":"TENK Tech Camp - Vitenfabrikken","og_description":"Tenk Tech Camp er for jenter i alderen 13-18 \u00e5r. Her f\u00e5r jentene bli med p\u00e5 inspirerende workshop, foredrag og m\u00f8te dyktige veiledere.","og_url":"https:\/\/www.jaermuseet.no\/vitenfabrikken\/aktiviteter\/tenk-tech-camp\/","og_site_name":"Vitenfabrikken","article_modified_time":"2025-05-27T07:41:07+00:00","og_image":[{"width":900,"height":600,"url":"https:\/\/www.jaermuseet.no\/vitenfabrikken\/wp-content\/uploads\/sites\/12\/2023\/06\/TENK-Tech-Camp-2023-Foto-Line-Owren-Fotografi-18.jpg","type":"image\/jpeg"}],"twitter_card":"summary_large_image","twitter_misc":{"Ansl. lesetid":"1 minutt"},"schema":{"@context":"https:\/\/schema.org","@graph":[{"@type":"WebPage","@id":"https:\/\/www.jaermuseet.no\/vitenfabrikken\/aktiviteter\/tenk-tech-camp\/","url":"https:\/\/www.jaermuseet.no\/vitenfabrikken\/aktiviteter\/tenk-tech-camp\/","name":"TENK Tech Camp - Vitenfabrikken","isPartOf":{"@id":"https:\/\/www.jaermuseet.no\/vitenfabrikken\/#website"},"primaryImageOfPage":{"@id":"https:\/\/www.jaermuseet.no\/vitenfabrikken\/aktiviteter\/tenk-tech-camp\/#primaryimage"},"image":{"@id":"https:\/\/www.jaermuseet.no\/vitenfabrikken\/aktiviteter\/tenk-tech-camp\/#primaryimage"},"thumbnailUrl":"https:\/\/www.jaermuseet.no\/vitenfabrikken\/wp-content\/uploads\/sites\/12\/2023\/06\/TENK-Tech-Camp-2023-Foto-Line-Owren-Fotografi-18.jpg","datePublished":"2023-06-26T13:31:34+00:00","dateModified":"2025-05-27T07:41:07+00:00","description":"Tenk Tech Camp er for jenter i alderen 13-18 \u00e5r. Her f\u00e5r jentene bli med p\u00e5 inspirerende workshop, foredrag og m\u00f8te dyktige veiledere.","breadcrumb":{"@id":"https:\/\/www.jaermuseet.no\/vitenfabrikken\/aktiviteter\/tenk-tech-camp\/#breadcrumb"},"inLanguage":"nb-NO","potentialAction":[{"@type":"ReadAction","target":["https:\/\/www.jaermuseet.no\/vitenfabrikken\/aktiviteter\/tenk-tech-camp\/"]}]},{"@type":"ImageObject","inLanguage":"nb-NO","@id":"https:\/\/www.jaermuseet.no\/vitenfabrikken\/aktiviteter\/tenk-tech-camp\/#primaryimage","url":"https:\/\/www.jaermuseet.no\/vitenfabrikken\/wp-content\/uploads\/sites\/12\/2023\/06\/TENK-Tech-Camp-2023-Foto-Line-Owren-Fotografi-18.jpg","contentUrl":"https:\/\/www.jaermuseet.no\/vitenfabrikken\/wp-content\/uploads\/sites\/12\/2023\/06\/TENK-Tech-Camp-2023-Foto-Line-Owren-Fotografi-18.jpg","width":900,"height":600},{"@type":"BreadcrumbList","@id":"https:\/\/www.jaermuseet.no\/vitenfabrikken\/aktiviteter\/tenk-tech-camp\/#breadcrumb","itemListElement":[{"@type":"ListItem","position":1,"name":"Hjem","item":"https:\/\/www.jaermuseet.no\/vitenfabrikken\/"},{"@type":"ListItem","position":2,"name":"Arrangementer","item":"https:\/\/www.jaermuseet.no\/vitenfabrikken\/aktiviteter\/"},{"@type":"ListItem","position":3,"name":"TENK Tech Camp"}]},{"@type":"WebSite","@id":"https:\/\/www.jaermuseet.no\/vitenfabrikken\/#website","url":"https:\/\/www.jaermuseet.no\/vitenfabrikken\/","name":"Vitenfabrikken","description":"Exciting exhibitions and interactive installations","potentialAction":[{"@type":"SearchAction","target":{"@type":"EntryPoint","urlTemplate":"https:\/\/www.jaermuseet.no\/vitenfabrikken\/?s={search_term_string}"},"query-input":{"@type":"PropertyValueSpecification","valueRequired":true,"valueName":"search_term_string"}}],"inLanguage":"nb-NO"}]}},"jetpack_sharing_enabled":true,"_links":{"self":[{"href":"https:\/\/www.jaermuseet.no\/vitenfabrikken\/wp-json\/wp\/v2\/activity\/11148","targetHints":{"allow":["GET"]}}],"collection":[{"href":"https:\/\/www.jaermuseet.no\/vitenfabrikken\/wp-json\/wp\/v2\/activity"}],"about":[{"href":"https:\/\/www.jaermuseet.no\/vitenfabrikken\/wp-json\/wp\/v2\/types\/activity"}],"version-history":[{"count":4,"href":"https:\/\/www.jaermuseet.no\/vitenfabrikken\/wp-json\/wp\/v2\/activity\/11148\/revisions"}],"predecessor-version":[{"id":14073,"href":"https:\/\/www.jaermuseet.no\/vitenfabrikken\/wp-json\/wp\/v2\/activity\/11148\/revisions\/14073"}],"wp:featuredmedia":[{"embeddable":true,"href":"https:\/\/www.jaermuseet.no\/vitenfabrikken\/wp-json\/wp\/v2\/media\/12478"}],"wp:attachment":[{"href":"https:\/\/www.jaermuseet.no\/vitenfabrikken\/wp-json\/wp\/v2\/media?parent=11148"}],"wp:term":[{"taxonomy":"category","embeddable":true,"href":"https:\/\/www.jaermuseet.no\/vitenfabrikken\/wp-json\/wp\/v2\/categories?post=11148"}],"curies":[{"name":"wp","href":"https:\/\/api.w.org\/{rel}","templated":true}]}}

<div class="activity-meta">
    <div class="activity-meta__line">
        <div class="activity-meta__icon">
            <i class="fa fa-calendar" aria-hidden="true"></i>
        </div>
                                        <span class="meta-date">
                        7. august 2025 - 8. august 2025        </span>
                            </div>

            <div class="activity-meta__line">
        <div class="activity-meta__icon">
            <i class="fa fa-map" aria-hidden="true"></i>
        </div>
        <span class="meta-location">Vitenfabrikken, Storgata 28, 4303 Sandnes</span>
    </div>
    
            <div class="activity-meta__line">
        <div class="activity-meta__icon">
            <i class="fa fa-tag" aria-hidden="true"></i>
        </div>
        <span class="meta-price">Gratis </span>
    </div>
    </div>

<p>Bli med på to kjekke dager på Vitenfabrikken!</p>



<p>Det er altfor få jenter som interesserer seg for teknologi, men det er heldigvis noen! Jenter i alderen 13 til 19 år inviteres til TENK Tech Camp i sommer. Målet er at denne campen skal gi innblikk i hva teknologifag innebærer og hjelpe jentene på veien til å finne de riktige fagene og utdanningsløpet for de.</p>



<p>TENK Tech Camp er GRATIS, lunsj er inkludert og det blir spennende workshops og foredrag fra kl. 10.00 til kl. 14.00. Det blir også noen overraskelser disse dagene.</p>



<p><a href="https://tenknorge.com/tenk-tech-camp" target="_blank" rel="noreferrer noopener">Les mer og meld deg på!</a></p>



<p></p>

<!-- This site is optimized with the Yoast SEO plugin v27.4 - https://yoast.com/product/yoast-seo-wordpress/ -->
<title>TENK Tech Camp - Vitenfabrikken</title>
<meta name="description" content="Tenk Tech Camp er for jenter i alderen 13-18 år. Her får jentene bli med på inspirerende workshop, foredrag og møte dyktige veiledere." />
<meta name="robots" content="index, follow, max-snippet:-1, max-image-preview:large, max-video-preview:-1" />
<link rel="canonical" href="https://www.jaermuseet.no/vitenfabrikken/aktiviteter/tenk-tech-camp/" />
<meta property="og:locale" content="nb_NO" />
<meta property="og:type" content="article" />
<meta property="og:title" content="TENK Tech Camp - Vitenfabrikken" />
<meta property="og:description" content="Tenk Tech Camp er for jenter i alderen 13-18 år. Her får jentene bli med på inspirerende workshop, foredrag og møte dyktige veiledere." />
<meta property="og:url" content="https://www.jaermuseet.no/vitenfabrikken/aktiviteter/tenk-tech-camp/" />
<meta property="og:site_name" content="Vitenfabrikken" />
<meta property="article:modified_time" content="2025-05-27T07:41:07+00:00" />
<meta property="og:image" content="https://www.jaermuseet.no/vitenfabrikken/wp-content/uploads/sites/12/2023/06/TENK-Tech-Camp-2023-Foto-Line-Owren-Fotografi-18.jpg" />
	<meta property="og:image:width" content="900" />
	<meta property="og:image:height" content="600" />
	<meta property="og:image:type" content="image/jpeg" />
<meta name="twitter:card" content="summary_large_image" />
<meta name="twitter:label1" content="Ansl. lesetid" />
	<meta name="twitter:data1" content="1 minutt" />
<script type="application/ld+json" class="yoast-schema-graph">{"@context":"https:\/\/schema.org","@graph":[{"@type":"WebPage","@id":"https:\/\/www.jaermuseet.no\/vitenfabrikken\/aktiviteter\/tenk-tech-camp\/","url":"https:\/\/www.jaermuseet.no\/vitenfabrikken\/aktiviteter\/tenk-tech-camp\/","name":"TENK Tech Camp - Vitenfabrikken","isPartOf":{"@id":"https:\/\/www.jaermuseet.no\/vitenfabrikken\/#website"},"primaryImageOfPage":{"@id":"https:\/\/www.jaermuseet.no\/vitenfabrikken\/aktiviteter\/tenk-tech-camp\/#primaryimage"},"image":{"@id":"https:\/\/www.jaermuseet.no\/vitenfabrikken\/aktiviteter\/tenk-tech-camp\/#primaryimage"},"thumbnailUrl":"https:\/\/www.jaermuseet.no\/vitenfabrikken\/wp-content\/uploads\/sites\/12\/2023\/06\/TENK-Tech-Camp-2023-Foto-Line-Owren-Fotografi-18.jpg","datePublished":"2023-06-26T13:31:34+00:00","dateModified":"2025-05-27T07:41:07+00:00","description":"Tenk Tech Camp er for jenter i alderen 13-18 år. Her får jentene bli med på inspirerende workshop, foredrag og møte dyktige veiledere.","breadcrumb":{"@id":"https:\/\/www.jaermuseet.no\/vitenfabrikken\/aktiviteter\/tenk-tech-camp\/#breadcrumb"},"inLanguage":"nb-NO","potentialAction":[{"@type":"ReadAction","target":["https:\/\/www.jaermuseet.no\/vitenfabrikken\/aktiviteter\/tenk-tech-camp\/"]}]},{"@type":"ImageObject","inLanguage":"nb-NO","@id":"https:\/\/www.jaermuseet.no\/vitenfabrikken\/aktiviteter\/tenk-tech-camp\/#primaryimage","url":"https:\/\/www.jaermuseet.no\/vitenfabrikken\/wp-content\/uploads\/sites\/12\/2023\/06\/TENK-Tech-Camp-2023-Foto-Line-Owren-Fotografi-18.jpg","contentUrl":"https:\/\/www.jaermuseet.no\/vitenfabrikken\/wp-content\/uploads\/sites\/12\/2023\/06\/TENK-Tech-Camp-2023-Foto-Line-Owren-Fotografi-18.jpg","width":900,"height":600},{"@type":"BreadcrumbList","@id":"https:\/\/www.jaermuseet.no\/vitenfabrikken\/aktiviteter\/tenk-tech-camp\/#breadcrumb","itemListElement":[{"@type":"ListItem","position":1,"name":"Hjem","item":"https:\/\/www.jaermuseet.no\/vitenfabrikken\/"},{"@type":"ListItem","position":2,"name":"Arrangementer","item":"https:\/\/www.jaermuseet.no\/vitenfabrikken\/aktiviteter\/"},{"@type":"ListItem","position":3,"name":"TENK Tech Camp"}]},{"@type":"WebSite","@id":"https:\/\/www.jaermuseet.no\/vitenfabrikken\/#website","url":"https:\/\/www.jaermuseet.no\/vitenfabrikken\/","name":"Vitenfabrikken","description":"Exciting exhibitions and interactive installations","potentialAction":[{"@type":"SearchAction","target":{"@type":"EntryPoint","urlTemplate":"https:\/\/www.jaermuseet.no\/vitenfabrikken\/?s={search_term_string}"},"query-input":{"@type":"PropertyValueSpecification","valueRequired":true,"valueName":"search_term_string"}}],"inLanguage":"nb-NO"}]}</script>
<!-- / Yoast SEO plugin. -->

Tenk Tech Camp er for jenter i alderen 13-18 år. Her får jentene bli med på inspirerende workshop, foredrag og møte dyktige veiledere.
