{"id":800,"date":"2025-01-20T13:19:10","date_gmt":"2025-01-20T11:19:10","guid":{"rendered":"https:\/\/www.jaermuseet.no\/vistnestunet\/?post_type=activity&#038;p=800"},"modified":"2025-01-20T13:36:11","modified_gmt":"2025-01-20T11:36:11","slug":"vistnestunet-150-ar-sesongapning-og-bursdagsfeiring","status":"publish","type":"activity","link":"https:\/\/www.jaermuseet.no\/vistnestunet\/aktiviteter\/vistnestunet-150-ar-sesongapning-og-bursdagsfeiring\/","title":{"rendered":"Vistnestunet 150 \u00e5r! Sesong\u00e5pning og bursdagsfeiring."},"content":{"rendered":"<div class=\"activity-meta\">\n    <div class=\"activity-meta__line\">\n        <div class=\"activity-meta__icon\">\n            <i class=\"fa fa-calendar\" aria-hidden=\"true\"><\/i>\n        <\/div>\n                                        <span class=\"meta-date\">\n                        6. april 2025        <\/span>\n                                <span class=\"meta-time\">12.00-16.00<\/span>\n            <\/div>\n\n            <div class=\"activity-meta__line\">\n        <div class=\"activity-meta__icon\">\n            <i class=\"fa fa-map\" aria-hidden=\"true\"><\/i>\n        <\/div>\n        <span class=\"meta-location\">Vistnesveien 148<\/span>\n    <\/div>\n    \n            <div class=\"activity-meta__line\">\n        <div class=\"activity-meta__icon\">\n            <i class=\"fa fa-tag\" aria-hidden=\"true\"><\/i>\n        <\/div>\n        <span class=\"meta-price\">Gratis<\/span>\n    <\/div>\n    <\/div>\n<div class=\"xdj266r x11i5rnm xat24cr x1mh8g0r x1vvkbs\">I \u00e5r er det 150 \u00e5r sidan Vistnestunet blei bygd. S\u00f8ndag 6. april startar jubileums\u00e5ret med sesong\u00e5pning og bursdag. Vistnestunet blir pynta til fest og me deler ut bursdagskake! Lokale lag og foreiningar er invitert, blant anna Randaberg hagelag, Randaberg turlag, J\u00e6ren friluftsr\u00e5d og Randaberg 4H stiller opp med aktivitetar.<\/div>\n<div class=\"xdj266r x11i5rnm xat24cr x1mh8g0r x1vvkbs\">Kafeen er \u00e5pen, det er h\u00f8ner i h\u00f8nsehuset og h\u00f8yhopping i l\u00e5ven.<\/div>\n<div><\/div>\n<div class=\"x11i5rnm xat24cr x1mh8g0r x1vvkbs xtlvy1s\">2025 er friluftslivets \u00e5r, og J\u00e6ren friluftsr\u00e5d feirer 75 \u00e5r. Det er difor mange grunner til \u00e5 komma seg opp og ut!<\/div>\n","protected":false},"excerpt":{"rendered":"<p>6. april 2025 12.00-16.00 Vistnesveien 148 Gratis I \u00e5r er&#8230;<\/p>\n","protected":false},"featured_media":482,"template":"","categories":[3],"class_list":["post-800","activity","type-activity","status-publish","has-post-thumbnail","hentry","category-nytt-fra-vistnestunet","featured-image-size-large"],"acf":[],"yoast_head":"<!-- This site is optimized with the Yoast SEO plugin v27.4 - https:\/\/yoast.com\/product\/yoast-seo-wordpress\/ -->\n<title>Vistnestunet 150 \u00e5r! Sesong\u00e5pning og bursdagsfeiring. - Vistnestunet<\/title>\n<meta name=\"robots\" content=\"index, follow, max-snippet:-1, max-image-preview:large, max-video-preview:-1\" \/>\n<link rel=\"canonical\" href=\"https:\/\/www.jaermuseet.no\/vistnestunet\/aktiviteter\/vistnestunet-150-ar-sesongapning-og-bursdagsfeiring\/\" \/>\n<meta property=\"og:locale\" content=\"nn_NO\" \/>\n<meta property=\"og:type\" content=\"article\" \/>\n<meta property=\"og:title\" content=\"Vistnestunet 150 \u00e5r! Sesong\u00e5pning og bursdagsfeiring. - Vistnestunet\" \/>\n<meta property=\"og:description\" content=\"6. april 2025 12.00-16.00 Vistnesveien 148 Gratis I \u00e5r er...\" \/>\n<meta property=\"og:url\" content=\"https:\/\/www.jaermuseet.no\/vistnestunet\/aktiviteter\/vistnestunet-150-ar-sesongapning-og-bursdagsfeiring\/\" \/>\n<meta property=\"og:site_name\" content=\"Vistnestunet\" \/>\n<meta property=\"article:modified_time\" content=\"2025-01-20T11:36:11+00:00\" \/>\n<meta property=\"og:image\" content=\"https:\/\/www.jaermuseet.no\/vistnestunet\/wp-content\/uploads\/sites\/5\/revslider\/youtube-hero\/vistnestunet-drone.jpg\" \/>\n\t<meta property=\"og:image:width\" content=\"1957\" \/>\n\t<meta property=\"og:image:height\" content=\"993\" \/>\n\t<meta property=\"og:image:type\" content=\"image\/jpeg\" \/>\n<meta name=\"twitter:card\" content=\"summary_large_image\" \/>\n<meta name=\"twitter:label1\" content=\"Est. reading time\" \/>\n\t<meta name=\"twitter:data1\" content=\"1 minutt\" \/>\n<script type=\"application\/ld+json\" class=\"yoast-schema-graph\">{\"@context\":\"https:\\\/\\\/schema.org\",\"@graph\":[{\"@type\":\"WebPage\",\"@id\":\"https:\\\/\\\/www.jaermuseet.no\\\/vistnestunet\\\/aktiviteter\\\/vistnestunet-150-ar-sesongapning-og-bursdagsfeiring\\\/\",\"url\":\"https:\\\/\\\/www.jaermuseet.no\\\/vistnestunet\\\/aktiviteter\\\/vistnestunet-150-ar-sesongapning-og-bursdagsfeiring\\\/\",\"name\":\"Vistnestunet 150 \u00e5r! Sesong\u00e5pning og bursdagsfeiring. - Vistnestunet\",\"isPartOf\":{\"@id\":\"https:\\\/\\\/www.jaermuseet.no\\\/vistnestunet\\\/#website\"},\"primaryImageOfPage\":{\"@id\":\"https:\\\/\\\/www.jaermuseet.no\\\/vistnestunet\\\/aktiviteter\\\/vistnestunet-150-ar-sesongapning-og-bursdagsfeiring\\\/#primaryimage\"},\"image\":{\"@id\":\"https:\\\/\\\/www.jaermuseet.no\\\/vistnestunet\\\/aktiviteter\\\/vistnestunet-150-ar-sesongapning-og-bursdagsfeiring\\\/#primaryimage\"},\"thumbnailUrl\":\"https:\\\/\\\/www.jaermuseet.no\\\/vistnestunet\\\/wp-content\\\/uploads\\\/sites\\\/5\\\/revslider\\\/youtube-hero\\\/vistnestunet-drone.jpg\",\"datePublished\":\"2025-01-20T11:19:10+00:00\",\"dateModified\":\"2025-01-20T11:36:11+00:00\",\"breadcrumb\":{\"@id\":\"https:\\\/\\\/www.jaermuseet.no\\\/vistnestunet\\\/aktiviteter\\\/vistnestunet-150-ar-sesongapning-og-bursdagsfeiring\\\/#breadcrumb\"},\"inLanguage\":\"nn-NO\",\"potentialAction\":[{\"@type\":\"ReadAction\",\"target\":[\"https:\\\/\\\/www.jaermuseet.no\\\/vistnestunet\\\/aktiviteter\\\/vistnestunet-150-ar-sesongapning-og-bursdagsfeiring\\\/\"]}]},{\"@type\":\"ImageObject\",\"inLanguage\":\"nn-NO\",\"@id\":\"https:\\\/\\\/www.jaermuseet.no\\\/vistnestunet\\\/aktiviteter\\\/vistnestunet-150-ar-sesongapning-og-bursdagsfeiring\\\/#primaryimage\",\"url\":\"https:\\\/\\\/www.jaermuseet.no\\\/vistnestunet\\\/wp-content\\\/uploads\\\/sites\\\/5\\\/revslider\\\/youtube-hero\\\/vistnestunet-drone.jpg\",\"contentUrl\":\"https:\\\/\\\/www.jaermuseet.no\\\/vistnestunet\\\/wp-content\\\/uploads\\\/sites\\\/5\\\/revslider\\\/youtube-hero\\\/vistnestunet-drone.jpg\",\"width\":1957,\"height\":993},{\"@type\":\"BreadcrumbList\",\"@id\":\"https:\\\/\\\/www.jaermuseet.no\\\/vistnestunet\\\/aktiviteter\\\/vistnestunet-150-ar-sesongapning-og-bursdagsfeiring\\\/#breadcrumb\",\"itemListElement\":[{\"@type\":\"ListItem\",\"position\":1,\"name\":\"Hjem\",\"item\":\"https:\\\/\\\/www.jaermuseet.no\\\/vistnestunet\\\/en\\\/\"},{\"@type\":\"ListItem\",\"position\":2,\"name\":\"Arrangementer\",\"item\":\"https:\\\/\\\/www.jaermuseet.no\\\/vistnestunet\\\/aktiviteter\\\/\"},{\"@type\":\"ListItem\",\"position\":3,\"name\":\"Vistnestunet 150 \u00e5r! Sesong\u00e5pning og bursdagsfeiring.\"}]},{\"@type\":\"WebSite\",\"@id\":\"https:\\\/\\\/www.jaermuseet.no\\\/vistnestunet\\\/#website\",\"url\":\"https:\\\/\\\/www.jaermuseet.no\\\/vistnestunet\\\/\",\"name\":\"Vistnestunet\",\"description\":\"Discoveer life on the farm at the end of 1800s.\",\"potentialAction\":[{\"@type\":\"SearchAction\",\"target\":{\"@type\":\"EntryPoint\",\"urlTemplate\":\"https:\\\/\\\/www.jaermuseet.no\\\/vistnestunet\\\/?s={search_term_string}\"},\"query-input\":{\"@type\":\"PropertyValueSpecification\",\"valueRequired\":true,\"valueName\":\"search_term_string\"}}],\"inLanguage\":\"nn-NO\"}]}<\/script>\n<!-- \/ Yoast SEO plugin. -->","yoast_head_json":{"title":"Vistnestunet 150 \u00e5r! Sesong\u00e5pning og bursdagsfeiring. - Vistnestunet","robots":{"index":"index","follow":"follow","max-snippet":"max-snippet:-1","max-image-preview":"max-image-preview:large","max-video-preview":"max-video-preview:-1"},"canonical":"https:\/\/www.jaermuseet.no\/vistnestunet\/aktiviteter\/vistnestunet-150-ar-sesongapning-og-bursdagsfeiring\/","og_locale":"nn_NO","og_type":"article","og_title":"Vistnestunet 150 \u00e5r! Sesong\u00e5pning og bursdagsfeiring. - Vistnestunet","og_description":"6. april 2025 12.00-16.00 Vistnesveien 148 Gratis I \u00e5r er...","og_url":"https:\/\/www.jaermuseet.no\/vistnestunet\/aktiviteter\/vistnestunet-150-ar-sesongapning-og-bursdagsfeiring\/","og_site_name":"Vistnestunet","article_modified_time":"2025-01-20T11:36:11+00:00","og_image":[{"width":1957,"height":993,"url":"https:\/\/www.jaermuseet.no\/vistnestunet\/wp-content\/uploads\/sites\/5\/revslider\/youtube-hero\/vistnestunet-drone.jpg","type":"image\/jpeg"}],"twitter_card":"summary_large_image","twitter_misc":{"Est. reading time":"1 minutt"},"schema":{"@context":"https:\/\/schema.org","@graph":[{"@type":"WebPage","@id":"https:\/\/www.jaermuseet.no\/vistnestunet\/aktiviteter\/vistnestunet-150-ar-sesongapning-og-bursdagsfeiring\/","url":"https:\/\/www.jaermuseet.no\/vistnestunet\/aktiviteter\/vistnestunet-150-ar-sesongapning-og-bursdagsfeiring\/","name":"Vistnestunet 150 \u00e5r! Sesong\u00e5pning og bursdagsfeiring. - Vistnestunet","isPartOf":{"@id":"https:\/\/www.jaermuseet.no\/vistnestunet\/#website"},"primaryImageOfPage":{"@id":"https:\/\/www.jaermuseet.no\/vistnestunet\/aktiviteter\/vistnestunet-150-ar-sesongapning-og-bursdagsfeiring\/#primaryimage"},"image":{"@id":"https:\/\/www.jaermuseet.no\/vistnestunet\/aktiviteter\/vistnestunet-150-ar-sesongapning-og-bursdagsfeiring\/#primaryimage"},"thumbnailUrl":"https:\/\/www.jaermuseet.no\/vistnestunet\/wp-content\/uploads\/sites\/5\/revslider\/youtube-hero\/vistnestunet-drone.jpg","datePublished":"2025-01-20T11:19:10+00:00","dateModified":"2025-01-20T11:36:11+00:00","breadcrumb":{"@id":"https:\/\/www.jaermuseet.no\/vistnestunet\/aktiviteter\/vistnestunet-150-ar-sesongapning-og-bursdagsfeiring\/#breadcrumb"},"inLanguage":"nn-NO","potentialAction":[{"@type":"ReadAction","target":["https:\/\/www.jaermuseet.no\/vistnestunet\/aktiviteter\/vistnestunet-150-ar-sesongapning-og-bursdagsfeiring\/"]}]},{"@type":"ImageObject","inLanguage":"nn-NO","@id":"https:\/\/www.jaermuseet.no\/vistnestunet\/aktiviteter\/vistnestunet-150-ar-sesongapning-og-bursdagsfeiring\/#primaryimage","url":"https:\/\/www.jaermuseet.no\/vistnestunet\/wp-content\/uploads\/sites\/5\/revslider\/youtube-hero\/vistnestunet-drone.jpg","contentUrl":"https:\/\/www.jaermuseet.no\/vistnestunet\/wp-content\/uploads\/sites\/5\/revslider\/youtube-hero\/vistnestunet-drone.jpg","width":1957,"height":993},{"@type":"BreadcrumbList","@id":"https:\/\/www.jaermuseet.no\/vistnestunet\/aktiviteter\/vistnestunet-150-ar-sesongapning-og-bursdagsfeiring\/#breadcrumb","itemListElement":[{"@type":"ListItem","position":1,"name":"Hjem","item":"https:\/\/www.jaermuseet.no\/vistnestunet\/en\/"},{"@type":"ListItem","position":2,"name":"Arrangementer","item":"https:\/\/www.jaermuseet.no\/vistnestunet\/aktiviteter\/"},{"@type":"ListItem","position":3,"name":"Vistnestunet 150 \u00e5r! Sesong\u00e5pning og bursdagsfeiring."}]},{"@type":"WebSite","@id":"https:\/\/www.jaermuseet.no\/vistnestunet\/#website","url":"https:\/\/www.jaermuseet.no\/vistnestunet\/","name":"Vistnestunet","description":"Discoveer life on the farm at the end of 1800s.","potentialAction":[{"@type":"SearchAction","target":{"@type":"EntryPoint","urlTemplate":"https:\/\/www.jaermuseet.no\/vistnestunet\/?s={search_term_string}"},"query-input":{"@type":"PropertyValueSpecification","valueRequired":true,"valueName":"search_term_string"}}],"inLanguage":"nn-NO"}]}},"jetpack_sharing_enabled":true,"_links":{"self":[{"href":"https:\/\/www.jaermuseet.no\/vistnestunet\/wp-json\/wp\/v2\/activity\/800","targetHints":{"allow":["GET"]}}],"collection":[{"href":"https:\/\/www.jaermuseet.no\/vistnestunet\/wp-json\/wp\/v2\/activity"}],"about":[{"href":"https:\/\/www.jaermuseet.no\/vistnestunet\/wp-json\/wp\/v2\/types\/activity"}],"version-history":[{"count":2,"href":"https:\/\/www.jaermuseet.no\/vistnestunet\/wp-json\/wp\/v2\/activity\/800\/revisions"}],"predecessor-version":[{"id":810,"href":"https:\/\/www.jaermuseet.no\/vistnestunet\/wp-json\/wp\/v2\/activity\/800\/revisions\/810"}],"wp:featuredmedia":[{"embeddable":true,"href":"https:\/\/www.jaermuseet.no\/vistnestunet\/wp-json\/wp\/v2\/media\/482"}],"wp:attachment":[{"href":"https:\/\/www.jaermuseet.no\/vistnestunet\/wp-json\/wp\/v2\/media?parent=800"}],"wp:term":[{"taxonomy":"category","embeddable":true,"href":"https:\/\/www.jaermuseet.no\/vistnestunet\/wp-json\/wp\/v2\/categories?post=800"}],"curies":[{"name":"wp","href":"https:\/\/api.w.org\/{rel}","templated":true}]}}

Vistnestunet 150 år! Sesongåpning og bursdagsfeiring.

<div class="activity-meta">
    <div class="activity-meta__line">
        <div class="activity-meta__icon">
            <i class="fa fa-calendar" aria-hidden="true"></i>
        </div>
                                        <span class="meta-date">
                        6. april 2025        </span>
                                <span class="meta-time">12.00-16.00</span>
            </div>

            <div class="activity-meta__line">
        <div class="activity-meta__icon">
            <i class="fa fa-map" aria-hidden="true"></i>
        </div>
        <span class="meta-location">Vistnesveien 148</span>
    </div>
    
            <div class="activity-meta__line">
        <div class="activity-meta__icon">
            <i class="fa fa-tag" aria-hidden="true"></i>
        </div>
        <span class="meta-price">Gratis</span>
    </div>
    </div>
<div class="xdj266r x11i5rnm xat24cr x1mh8g0r x1vvkbs">I år er det 150 år sidan Vistnestunet blei bygd. Søndag 6. april startar jubileumsåret med sesongåpning og bursdag. Vistnestunet blir pynta til fest og me deler ut bursdagskake! Lokale lag og foreiningar er invitert, blant anna Randaberg hagelag, Randaberg turlag, Jæren friluftsråd og Randaberg 4H stiller opp med aktivitetar.</div>
<div class="xdj266r x11i5rnm xat24cr x1mh8g0r x1vvkbs">Kafeen er åpen, det er høner i hønsehuset og høyhopping i låven.</div>
<div></div>
<div class="x11i5rnm xat24cr x1mh8g0r x1vvkbs xtlvy1s">2025 er friluftslivets år, og Jæren friluftsråd feirer 75 år. Det er difor mange grunner til å komma seg opp og ut!</div>

<p>6. april 2025 12.00-16.00 Vistnesveien 148 Gratis I år er&#8230;</p>

<!-- This site is optimized with the Yoast SEO plugin v27.4 - https://yoast.com/product/yoast-seo-wordpress/ -->
<title>Vistnestunet 150 år! Sesongåpning og bursdagsfeiring. - Vistnestunet</title>
<meta name="robots" content="index, follow, max-snippet:-1, max-image-preview:large, max-video-preview:-1" />
<link rel="canonical" href="https://www.jaermuseet.no/vistnestunet/aktiviteter/vistnestunet-150-ar-sesongapning-og-bursdagsfeiring/" />
<meta property="og:locale" content="nn_NO" />
<meta property="og:type" content="article" />
<meta property="og:title" content="Vistnestunet 150 år! Sesongåpning og bursdagsfeiring. - Vistnestunet" />
<meta property="og:description" content="6. april 2025 12.00-16.00 Vistnesveien 148 Gratis I år er..." />
<meta property="og:url" content="https://www.jaermuseet.no/vistnestunet/aktiviteter/vistnestunet-150-ar-sesongapning-og-bursdagsfeiring/" />
<meta property="og:site_name" content="Vistnestunet" />
<meta property="article:modified_time" content="2025-01-20T11:36:11+00:00" />
<meta property="og:image" content="https://www.jaermuseet.no/vistnestunet/wp-content/uploads/sites/5/revslider/youtube-hero/vistnestunet-drone.jpg" />
	<meta property="og:image:width" content="1957" />
	<meta property="og:image:height" content="993" />
	<meta property="og:image:type" content="image/jpeg" />
<meta name="twitter:card" content="summary_large_image" />
<meta name="twitter:label1" content="Est. reading time" />
	<meta name="twitter:data1" content="1 minutt" />
<script type="application/ld+json" class="yoast-schema-graph">{"@context":"https:\/\/schema.org","@graph":[{"@type":"WebPage","@id":"https:\/\/www.jaermuseet.no\/vistnestunet\/aktiviteter\/vistnestunet-150-ar-sesongapning-og-bursdagsfeiring\/","url":"https:\/\/www.jaermuseet.no\/vistnestunet\/aktiviteter\/vistnestunet-150-ar-sesongapning-og-bursdagsfeiring\/","name":"Vistnestunet 150 år! Sesongåpning og bursdagsfeiring. - Vistnestunet","isPartOf":{"@id":"https:\/\/www.jaermuseet.no\/vistnestunet\/#website"},"primaryImageOfPage":{"@id":"https:\/\/www.jaermuseet.no\/vistnestunet\/aktiviteter\/vistnestunet-150-ar-sesongapning-og-bursdagsfeiring\/#primaryimage"},"image":{"@id":"https:\/\/www.jaermuseet.no\/vistnestunet\/aktiviteter\/vistnestunet-150-ar-sesongapning-og-bursdagsfeiring\/#primaryimage"},"thumbnailUrl":"https:\/\/www.jaermuseet.no\/vistnestunet\/wp-content\/uploads\/sites\/5\/revslider\/youtube-hero\/vistnestunet-drone.jpg","datePublished":"2025-01-20T11:19:10+00:00","dateModified":"2025-01-20T11:36:11+00:00","breadcrumb":{"@id":"https:\/\/www.jaermuseet.no\/vistnestunet\/aktiviteter\/vistnestunet-150-ar-sesongapning-og-bursdagsfeiring\/#breadcrumb"},"inLanguage":"nn-NO","potentialAction":[{"@type":"ReadAction","target":["https:\/\/www.jaermuseet.no\/vistnestunet\/aktiviteter\/vistnestunet-150-ar-sesongapning-og-bursdagsfeiring\/"]}]},{"@type":"ImageObject","inLanguage":"nn-NO","@id":"https:\/\/www.jaermuseet.no\/vistnestunet\/aktiviteter\/vistnestunet-150-ar-sesongapning-og-bursdagsfeiring\/#primaryimage","url":"https:\/\/www.jaermuseet.no\/vistnestunet\/wp-content\/uploads\/sites\/5\/revslider\/youtube-hero\/vistnestunet-drone.jpg","contentUrl":"https:\/\/www.jaermuseet.no\/vistnestunet\/wp-content\/uploads\/sites\/5\/revslider\/youtube-hero\/vistnestunet-drone.jpg","width":1957,"height":993},{"@type":"BreadcrumbList","@id":"https:\/\/www.jaermuseet.no\/vistnestunet\/aktiviteter\/vistnestunet-150-ar-sesongapning-og-bursdagsfeiring\/#breadcrumb","itemListElement":[{"@type":"ListItem","position":1,"name":"Hjem","item":"https:\/\/www.jaermuseet.no\/vistnestunet\/en\/"},{"@type":"ListItem","position":2,"name":"Arrangementer","item":"https:\/\/www.jaermuseet.no\/vistnestunet\/aktiviteter\/"},{"@type":"ListItem","position":3,"name":"Vistnestunet 150 år! Sesongåpning og bursdagsfeiring."}]},{"@type":"WebSite","@id":"https:\/\/www.jaermuseet.no\/vistnestunet\/#website","url":"https:\/\/www.jaermuseet.no\/vistnestunet\/","name":"Vistnestunet","description":"Discoveer life on the farm at the end of 1800s.","potentialAction":[{"@type":"SearchAction","target":{"@type":"EntryPoint","urlTemplate":"https:\/\/www.jaermuseet.no\/vistnestunet\/?s={search_term_string}"},"query-input":{"@type":"PropertyValueSpecification","valueRequired":true,"valueName":"search_term_string"}}],"inLanguage":"nn-NO"}]}</script>
<!-- / Yoast SEO plugin. -->

Vistnestunet 150 år! Sesongåpning og bursdagsfeiring. - Vistnestunet

6. april 2025 12.00-16.00 Vistnesveien 148 Gratis I år er...
