{"id":8,"date":"2010-09-10T07:56:06","date_gmt":"2010-09-10T06:56:06","guid":{"rendered":"https:\/\/www.jaermuseet.no\/varden\/utstillingar-pa-varden\/"},"modified":"2015-09-17T07:36:46","modified_gmt":"2015-09-17T06:36:46","slug":"utstillingar-pa-varden","status":"publish","type":"page","link":"https:\/\/www.jaermuseet.no\/varden\/utstillingar-pa-varden\/","title":{"rendered":"Utstillingar i Varden"},"content":{"rendered":"<p>For \u00e5 flyta godt har \u201dTrygg\u201d p\u00f8lser fylt med reinsdyrh\u00e5r langs sidene, kork under tiljene og kopartankar med luft. B\u00e5ten er konstruert etter danske teikningar av H. C. Pedersen &#8211; som \u00f2g var med og starta NSSR. Han hadde vore skipper p\u00e5 \u201dNordens Dronning\u201d og vart derfor kalla \u201dDronning Persen\u201d.<\/p>\n<p>Her er \u00f2g komplett utstyr fr\u00e5 redningsstasjonane: Skyteutstyr for livline med rakettar, utskytingsrenne, kanon, gev\u00e6r, tauverk, kassar og kjerre til transport av utstyr, namnebrett fr\u00e5 b\u00e5tar og ei stor samling foto av skip som har forlist langs j\u00e6rkysten. Utanfor st\u00e5r ein bauta reist til minne om Consul T\u00f8nnes Houge Puntervold og forliset av \u00abMagdalene Christine\u00bb. Her st\u00e5r\u00a0\u00f2g skulpturen &#8220;Brenning&#8221;, hogd av St\u00e5le Kyllingstad<\/p>\n<p><a href=\"https:\/\/www.jaermuseet.no\/varden\/wp-content\/uploads\/sites\/6\/2010\/09\/20130512ins-033.jpg\"><img loading=\"lazy\" decoding=\"async\" width=\"300\" height=\"200\" class=\"alignnone size-medium wp-image-85\" src=\"https:\/\/www.jaermuseet.no\/varden\/wp-content\/uploads\/sites\/6\/2010\/09\/20130512ins-033-300x200.jpg\" alt=\"Inni redningsmuseet m Per\" srcset=\"https:\/\/www.jaermuseet.no\/varden\/wp-content\/uploads\/sites\/6\/2010\/09\/20130512ins-033-300x200.jpg 300w, https:\/\/www.jaermuseet.no\/varden\/wp-content\/uploads\/sites\/6\/2010\/09\/20130512ins-033-1024x683.jpg 1024w, https:\/\/www.jaermuseet.no\/varden\/wp-content\/uploads\/sites\/6\/2010\/09\/20130512ins-033-250x167.jpg 250w\" sizes=\"auto, (max-width: 300px) 100vw, 300px\" \/><\/a><\/p>\n<p><a href=\"https:\/\/www.jaermuseet.no\/varden\/wp-content\/uploads\/sites\/6\/2010\/09\/20100901ins-001.jpg\"><img loading=\"lazy\" decoding=\"async\" width=\"300\" height=\"200\" class=\"alignnone size-medium wp-image-94\" src=\"https:\/\/www.jaermuseet.no\/varden\/wp-content\/uploads\/sites\/6\/2010\/09\/20100901ins-001-300x200.jpg\" alt=\"20100901ins 001\" srcset=\"https:\/\/www.jaermuseet.no\/varden\/wp-content\/uploads\/sites\/6\/2010\/09\/20100901ins-001-300x200.jpg 300w, https:\/\/www.jaermuseet.no\/varden\/wp-content\/uploads\/sites\/6\/2010\/09\/20100901ins-001-1024x683.jpg 1024w, https:\/\/www.jaermuseet.no\/varden\/wp-content\/uploads\/sites\/6\/2010\/09\/20100901ins-001-250x167.jpg 250w\" sizes=\"auto, (max-width: 300px) 100vw, 300px\" \/><\/a><\/p>\n","protected":false},"excerpt":{"rendered":"<p>For \u00e5 flyta godt har \u201dTrygg\u201d p\u00f8lser fylt med reinsdyrh\u00e5r&#8230;<\/p>\n","protected":false},"author":5,"featured_media":0,"parent":0,"menu_order":0,"comment_status":"open","ping_status":"open","template":"","meta":{"_acf_changed":false,"footnotes":""},"class_list":["post-8","page","type-page","status-publish","hentry","featured-image-size-large"],"acf":[],"yoast_head":"<!-- This site is optimized with the Yoast SEO plugin v27.4 - https:\/\/yoast.com\/product\/yoast-seo-wordpress\/ -->\n<title>Utstillingar i Varden - Varden<\/title>\n<meta name=\"robots\" content=\"index, follow, max-snippet:-1, max-image-preview:large, max-video-preview:-1\" \/>\n<link rel=\"canonical\" href=\"https:\/\/www.jaermuseet.no\/varden\/utstillingar-pa-varden\/\" \/>\n<meta property=\"og:locale\" content=\"nn_NO\" \/>\n<meta property=\"og:type\" content=\"article\" \/>\n<meta property=\"og:title\" content=\"Utstillingar i Varden - Varden\" \/>\n<meta property=\"og:description\" content=\"For \u00e5 flyta godt har \u201dTrygg\u201d p\u00f8lser fylt med reinsdyrh\u00e5r...\" \/>\n<meta property=\"og:url\" content=\"https:\/\/www.jaermuseet.no\/varden\/utstillingar-pa-varden\/\" \/>\n<meta property=\"og:site_name\" content=\"Varden\" \/>\n<meta property=\"article:modified_time\" content=\"2015-09-17T06:36:46+00:00\" \/>\n<meta property=\"og:image\" content=\"https:\/\/www.jaermuseet.no\/varden\/wp-content\/uploads\/sites\/6\/2010\/09\/20130512ins-033-300x200.jpg\" \/>\n<meta name=\"twitter:card\" content=\"summary_large_image\" \/>\n<meta name=\"twitter:label1\" content=\"Est. reading time\" \/>\n\t<meta name=\"twitter:data1\" content=\"1 minutt\" \/>\n<script type=\"application\/ld+json\" class=\"yoast-schema-graph\">{\"@context\":\"https:\\\/\\\/schema.org\",\"@graph\":[{\"@type\":\"WebPage\",\"@id\":\"https:\\\/\\\/www.jaermuseet.no\\\/varden\\\/utstillingar-pa-varden\\\/\",\"url\":\"https:\\\/\\\/www.jaermuseet.no\\\/varden\\\/utstillingar-pa-varden\\\/\",\"name\":\"Utstillingar i Varden - Varden\",\"isPartOf\":{\"@id\":\"https:\\\/\\\/www.jaermuseet.no\\\/varden\\\/#website\"},\"primaryImageOfPage\":{\"@id\":\"https:\\\/\\\/www.jaermuseet.no\\\/varden\\\/utstillingar-pa-varden\\\/#primaryimage\"},\"image\":{\"@id\":\"https:\\\/\\\/www.jaermuseet.no\\\/varden\\\/utstillingar-pa-varden\\\/#primaryimage\"},\"thumbnailUrl\":\"https:\\\/\\\/www.jaermuseet.no\\\/varden\\\/wp-content\\\/uploads\\\/sites\\\/6\\\/2010\\\/09\\\/20130512ins-033-300x200.jpg\",\"datePublished\":\"2010-09-10T06:56:06+00:00\",\"dateModified\":\"2015-09-17T06:36:46+00:00\",\"breadcrumb\":{\"@id\":\"https:\\\/\\\/www.jaermuseet.no\\\/varden\\\/utstillingar-pa-varden\\\/#breadcrumb\"},\"inLanguage\":\"nn-NO\",\"potentialAction\":[{\"@type\":\"ReadAction\",\"target\":[\"https:\\\/\\\/www.jaermuseet.no\\\/varden\\\/utstillingar-pa-varden\\\/\"]}]},{\"@type\":\"ImageObject\",\"inLanguage\":\"nn-NO\",\"@id\":\"https:\\\/\\\/www.jaermuseet.no\\\/varden\\\/utstillingar-pa-varden\\\/#primaryimage\",\"url\":\"https:\\\/\\\/www.jaermuseet.no\\\/varden\\\/wp-content\\\/uploads\\\/sites\\\/6\\\/2010\\\/09\\\/20130512ins-033.jpg\",\"contentUrl\":\"https:\\\/\\\/www.jaermuseet.no\\\/varden\\\/wp-content\\\/uploads\\\/sites\\\/6\\\/2010\\\/09\\\/20130512ins-033.jpg\",\"width\":4608,\"height\":3072},{\"@type\":\"BreadcrumbList\",\"@id\":\"https:\\\/\\\/www.jaermuseet.no\\\/varden\\\/utstillingar-pa-varden\\\/#breadcrumb\",\"itemListElement\":[{\"@type\":\"ListItem\",\"position\":1,\"name\":\"Hjem\",\"item\":\"https:\\\/\\\/www.jaermuseet.no\\\/varden\\\/en\\\/\"},{\"@type\":\"ListItem\",\"position\":2,\"name\":\"Utstillingar i Varden\"}]},{\"@type\":\"WebSite\",\"@id\":\"https:\\\/\\\/www.jaermuseet.no\\\/varden\\\/#website\",\"url\":\"https:\\\/\\\/www.jaermuseet.no\\\/varden\\\/\",\"name\":\"Varden\",\"description\":\"Sj\u00f8redningsmuseum p\u00e5 Ogna.\",\"potentialAction\":[{\"@type\":\"SearchAction\",\"target\":{\"@type\":\"EntryPoint\",\"urlTemplate\":\"https:\\\/\\\/www.jaermuseet.no\\\/varden\\\/?s={search_term_string}\"},\"query-input\":{\"@type\":\"PropertyValueSpecification\",\"valueRequired\":true,\"valueName\":\"search_term_string\"}}],\"inLanguage\":\"nn-NO\"}]}<\/script>\n<!-- \/ Yoast SEO plugin. -->","yoast_head_json":{"title":"Utstillingar i Varden - Varden","robots":{"index":"index","follow":"follow","max-snippet":"max-snippet:-1","max-image-preview":"max-image-preview:large","max-video-preview":"max-video-preview:-1"},"canonical":"https:\/\/www.jaermuseet.no\/varden\/utstillingar-pa-varden\/","og_locale":"nn_NO","og_type":"article","og_title":"Utstillingar i Varden - Varden","og_description":"For \u00e5 flyta godt har \u201dTrygg\u201d p\u00f8lser fylt med reinsdyrh\u00e5r...","og_url":"https:\/\/www.jaermuseet.no\/varden\/utstillingar-pa-varden\/","og_site_name":"Varden","article_modified_time":"2015-09-17T06:36:46+00:00","og_image":[{"url":"https:\/\/www.jaermuseet.no\/varden\/wp-content\/uploads\/sites\/6\/2010\/09\/20130512ins-033-300x200.jpg","type":"","width":"","height":""}],"twitter_card":"summary_large_image","twitter_misc":{"Est. reading time":"1 minutt"},"schema":{"@context":"https:\/\/schema.org","@graph":[{"@type":"WebPage","@id":"https:\/\/www.jaermuseet.no\/varden\/utstillingar-pa-varden\/","url":"https:\/\/www.jaermuseet.no\/varden\/utstillingar-pa-varden\/","name":"Utstillingar i Varden - Varden","isPartOf":{"@id":"https:\/\/www.jaermuseet.no\/varden\/#website"},"primaryImageOfPage":{"@id":"https:\/\/www.jaermuseet.no\/varden\/utstillingar-pa-varden\/#primaryimage"},"image":{"@id":"https:\/\/www.jaermuseet.no\/varden\/utstillingar-pa-varden\/#primaryimage"},"thumbnailUrl":"https:\/\/www.jaermuseet.no\/varden\/wp-content\/uploads\/sites\/6\/2010\/09\/20130512ins-033-300x200.jpg","datePublished":"2010-09-10T06:56:06+00:00","dateModified":"2015-09-17T06:36:46+00:00","breadcrumb":{"@id":"https:\/\/www.jaermuseet.no\/varden\/utstillingar-pa-varden\/#breadcrumb"},"inLanguage":"nn-NO","potentialAction":[{"@type":"ReadAction","target":["https:\/\/www.jaermuseet.no\/varden\/utstillingar-pa-varden\/"]}]},{"@type":"ImageObject","inLanguage":"nn-NO","@id":"https:\/\/www.jaermuseet.no\/varden\/utstillingar-pa-varden\/#primaryimage","url":"https:\/\/www.jaermuseet.no\/varden\/wp-content\/uploads\/sites\/6\/2010\/09\/20130512ins-033.jpg","contentUrl":"https:\/\/www.jaermuseet.no\/varden\/wp-content\/uploads\/sites\/6\/2010\/09\/20130512ins-033.jpg","width":4608,"height":3072},{"@type":"BreadcrumbList","@id":"https:\/\/www.jaermuseet.no\/varden\/utstillingar-pa-varden\/#breadcrumb","itemListElement":[{"@type":"ListItem","position":1,"name":"Hjem","item":"https:\/\/www.jaermuseet.no\/varden\/en\/"},{"@type":"ListItem","position":2,"name":"Utstillingar i Varden"}]},{"@type":"WebSite","@id":"https:\/\/www.jaermuseet.no\/varden\/#website","url":"https:\/\/www.jaermuseet.no\/varden\/","name":"Varden","description":"Sj\u00f8redningsmuseum p\u00e5 Ogna.","potentialAction":[{"@type":"SearchAction","target":{"@type":"EntryPoint","urlTemplate":"https:\/\/www.jaermuseet.no\/varden\/?s={search_term_string}"},"query-input":{"@type":"PropertyValueSpecification","valueRequired":true,"valueName":"search_term_string"}}],"inLanguage":"nn-NO"}]}},"jetpack_sharing_enabled":true,"_links":{"self":[{"href":"https:\/\/www.jaermuseet.no\/varden\/wp-json\/wp\/v2\/pages\/8","targetHints":{"allow":["GET"]}}],"collection":[{"href":"https:\/\/www.jaermuseet.no\/varden\/wp-json\/wp\/v2\/pages"}],"about":[{"href":"https:\/\/www.jaermuseet.no\/varden\/wp-json\/wp\/v2\/types\/page"}],"author":[{"embeddable":true,"href":"https:\/\/www.jaermuseet.no\/varden\/wp-json\/wp\/v2\/users\/5"}],"replies":[{"embeddable":true,"href":"https:\/\/www.jaermuseet.no\/varden\/wp-json\/wp\/v2\/comments?post=8"}],"version-history":[{"count":5,"href":"https:\/\/www.jaermuseet.no\/varden\/wp-json\/wp\/v2\/pages\/8\/revisions"}],"predecessor-version":[{"id":95,"href":"https:\/\/www.jaermuseet.no\/varden\/wp-json\/wp\/v2\/pages\/8\/revisions\/95"}],"wp:attachment":[{"href":"https:\/\/www.jaermuseet.no\/varden\/wp-json\/wp\/v2\/media?parent=8"}],"curies":[{"name":"wp","href":"https:\/\/api.w.org\/{rel}","templated":true}]}}

<p>For å flyta godt har ”Trygg” pølser fylt med reinsdyrhår langs sidene, kork under tiljene og kopartankar med luft. Båten er konstruert etter danske teikningar av H. C. Pedersen &#8211; som òg var med og starta NSSR. Han hadde vore skipper på ”Nordens Dronning” og vart derfor kalla ”Dronning Persen”.</p>
<p>Her er òg komplett utstyr frå redningsstasjonane: Skyteutstyr for livline med rakettar, utskytingsrenne, kanon, gevær, tauverk, kassar og kjerre til transport av utstyr, namnebrett frå båtar og ei stor samling foto av skip som har forlist langs jærkysten. Utanfor står ein bauta reist til minne om Consul Tønnes Houge Puntervold og forliset av «Magdalene Christine». Her står òg skulpturen &#8220;Brenning&#8221;, hogd av Ståle Kyllingstad</p>
<p><a href="https://www.jaermuseet.no/varden/wp-content/uploads/sites/6/2010/09/20130512ins-033.jpg"><img loading="lazy" decoding="async" width="300" height="200" class="alignnone size-medium wp-image-85" src="https://www.jaermuseet.no/varden/wp-content/uploads/sites/6/2010/09/20130512ins-033-300x200.jpg" alt="Inni redningsmuseet m Per" srcset="https://www.jaermuseet.no/varden/wp-content/uploads/sites/6/2010/09/20130512ins-033-300x200.jpg 300w, https://www.jaermuseet.no/varden/wp-content/uploads/sites/6/2010/09/20130512ins-033-1024x683.jpg 1024w, https://www.jaermuseet.no/varden/wp-content/uploads/sites/6/2010/09/20130512ins-033-250x167.jpg 250w" sizes="auto, (max-width: 300px) 100vw, 300px" /></a></p>
<p><a href="https://www.jaermuseet.no/varden/wp-content/uploads/sites/6/2010/09/20100901ins-001.jpg"><img loading="lazy" decoding="async" width="300" height="200" class="alignnone size-medium wp-image-94" src="https://www.jaermuseet.no/varden/wp-content/uploads/sites/6/2010/09/20100901ins-001-300x200.jpg" alt="20100901ins 001" srcset="https://www.jaermuseet.no/varden/wp-content/uploads/sites/6/2010/09/20100901ins-001-300x200.jpg 300w, https://www.jaermuseet.no/varden/wp-content/uploads/sites/6/2010/09/20100901ins-001-1024x683.jpg 1024w, https://www.jaermuseet.no/varden/wp-content/uploads/sites/6/2010/09/20100901ins-001-250x167.jpg 250w" sizes="auto, (max-width: 300px) 100vw, 300px" /></a></p>

<p>For å flyta godt har ”Trygg” pølser fylt med reinsdyrhår&#8230;</p>

<!-- This site is optimized with the Yoast SEO plugin v27.4 - https://yoast.com/product/yoast-seo-wordpress/ -->
<title>Utstillingar i Varden - Varden</title>
<meta name="robots" content="index, follow, max-snippet:-1, max-image-preview:large, max-video-preview:-1" />
<link rel="canonical" href="https://www.jaermuseet.no/varden/utstillingar-pa-varden/" />
<meta property="og:locale" content="nn_NO" />
<meta property="og:type" content="article" />
<meta property="og:title" content="Utstillingar i Varden - Varden" />
<meta property="og:description" content="For å flyta godt har ”Trygg” pølser fylt med reinsdyrhår..." />
<meta property="og:url" content="https://www.jaermuseet.no/varden/utstillingar-pa-varden/" />
<meta property="og:site_name" content="Varden" />
<meta property="article:modified_time" content="2015-09-17T06:36:46+00:00" />
<meta property="og:image" content="https://www.jaermuseet.no/varden/wp-content/uploads/sites/6/2010/09/20130512ins-033-300x200.jpg" />
<meta name="twitter:card" content="summary_large_image" />
<meta name="twitter:label1" content="Est. reading time" />
	<meta name="twitter:data1" content="1 minutt" />
<script type="application/ld+json" class="yoast-schema-graph">{"@context":"https:\/\/schema.org","@graph":[{"@type":"WebPage","@id":"https:\/\/www.jaermuseet.no\/varden\/utstillingar-pa-varden\/","url":"https:\/\/www.jaermuseet.no\/varden\/utstillingar-pa-varden\/","name":"Utstillingar i Varden - Varden","isPartOf":{"@id":"https:\/\/www.jaermuseet.no\/varden\/#website"},"primaryImageOfPage":{"@id":"https:\/\/www.jaermuseet.no\/varden\/utstillingar-pa-varden\/#primaryimage"},"image":{"@id":"https:\/\/www.jaermuseet.no\/varden\/utstillingar-pa-varden\/#primaryimage"},"thumbnailUrl":"https:\/\/www.jaermuseet.no\/varden\/wp-content\/uploads\/sites\/6\/2010\/09\/20130512ins-033-300x200.jpg","datePublished":"2010-09-10T06:56:06+00:00","dateModified":"2015-09-17T06:36:46+00:00","breadcrumb":{"@id":"https:\/\/www.jaermuseet.no\/varden\/utstillingar-pa-varden\/#breadcrumb"},"inLanguage":"nn-NO","potentialAction":[{"@type":"ReadAction","target":["https:\/\/www.jaermuseet.no\/varden\/utstillingar-pa-varden\/"]}]},{"@type":"ImageObject","inLanguage":"nn-NO","@id":"https:\/\/www.jaermuseet.no\/varden\/utstillingar-pa-varden\/#primaryimage","url":"https:\/\/www.jaermuseet.no\/varden\/wp-content\/uploads\/sites\/6\/2010\/09\/20130512ins-033.jpg","contentUrl":"https:\/\/www.jaermuseet.no\/varden\/wp-content\/uploads\/sites\/6\/2010\/09\/20130512ins-033.jpg","width":4608,"height":3072},{"@type":"BreadcrumbList","@id":"https:\/\/www.jaermuseet.no\/varden\/utstillingar-pa-varden\/#breadcrumb","itemListElement":[{"@type":"ListItem","position":1,"name":"Hjem","item":"https:\/\/www.jaermuseet.no\/varden\/en\/"},{"@type":"ListItem","position":2,"name":"Utstillingar i Varden"}]},{"@type":"WebSite","@id":"https:\/\/www.jaermuseet.no\/varden\/#website","url":"https:\/\/www.jaermuseet.no\/varden\/","name":"Varden","description":"Sjøredningsmuseum på Ogna.","potentialAction":[{"@type":"SearchAction","target":{"@type":"EntryPoint","urlTemplate":"https:\/\/www.jaermuseet.no\/varden\/?s={search_term_string}"},"query-input":{"@type":"PropertyValueSpecification","valueRequired":true,"valueName":"search_term_string"}}],"inLanguage":"nn-NO"}]}</script>
<!-- / Yoast SEO plugin. -->

For å flyta godt har ”Trygg” pølser fylt med reinsdyrhår...

Sjøredningsmuseum på Ogna.
