{"id":13,"date":"2011-04-13T10:32:06","date_gmt":"2011-04-13T09:32:06","guid":{"rendered":"https:\/\/www.jaermuseet.no\/tungenesfyr\/ledige-sommarjobbar-pa-tungenes-fyr\/"},"modified":"2011-04-13T10:32:06","modified_gmt":"2011-04-13T09:32:06","slug":"ledige-sommarjobbar-pa-tungenes-fyr","status":"publish","type":"page","link":"https:\/\/www.jaermuseet.no\/tungenesfyr\/ledige-sommarjobbar-pa-tungenes-fyr\/","title":{"rendered":"Ledige sommarjobbar p\u00e5 Tungenes fyr"},"content":{"rendered":"<p>J\u00e6rmuseet s\u00f8ker museumsvertar og kaf\u00e9medarbeidarar ved Tungenes Fyr.<\/p>\n<p>Tungenes fyr har i l\u00f8pet av dei siste 20 \u00e5ra utvikla seg til \u00e5 bli eit kulturelt fyrt\u00e5rn med eit mangfaldig kulturtilbod og eit popul\u00e6rt turrm\u00e5l. Fr\u00e5 2009 gjekk museumsverksemda ved Tungenes fyr inn som ein eigen avdeling i J\u00e6rmuseet.<\/p>\n<p>Til sommarsesongen 2011 s\u00f8ker J\u00e6rmuseet folk som kan b\u00e5de arbeide ved den popul\u00e6re fyrkafeen og som kan fungere som museumsvertar og drive kulturhistorisk formidling. Du b\u00f8r ha gode praktiske evner, vera im\u00f8tekomande og ansvarsfull, og meistre minst eitt framandspr\u00e5k. Arbeidsperioden er fr\u00e5 19. juni til og med 14. august.<\/p>\n<p>Kontaktperson er avdelingsleiar ved Tungenes Fyr, Eirik Gurandsrud. Telefon 952 26 689.<\/p>\n<p>S\u00f8knad med CV sendast til Eirik.Gurandsrud@jaermuseet.no eller per post til:<\/p>\n<p>Tungenes Fyr v\/Eirik Gurandsrud, Kommunehuset, Randabergv. 370, 4070 Randaberg.<\/p>\n<p>S\u00f8knadsfrist: 29. april<\/p>\n<p><img loading=\"lazy\" decoding=\"async\" height=\"474\" width=\"664\" src=\"https:\/\/www.jaermuseet.no\/wp-content\/uploads\/sites\/10\/2011\/04\/Guider_2010.jpg\" alt=\"Guider_2010\" style=\"margin-bottom: 10px;margin-right: 10px\" \/><br \/>Ina Selmer-Andersen og \u00d8rjan Hatlestad\u00a0jobba p\u00e5\u00a0Tungenes fyr sommaren 2010. Foto: Ove Tennfjord, Randaberg kommune.<\/p>\n","protected":false},"excerpt":{"rendered":"<p>J\u00e6rmuseet s\u00f8ker museumsvertar og kaf\u00e9medarbeidarar ved Tungenes Fyr. Tungenes fyr&#8230;<\/p>\n","protected":false},"author":9,"featured_media":0,"parent":0,"menu_order":0,"comment_status":"open","ping_status":"open","template":"","meta":{"_acf_changed":false,"footnotes":""},"class_list":["post-13","page","type-page","status-publish","hentry"],"acf":[],"yoast_head":"<!-- This site is optimized with the Yoast SEO plugin v27.4 - https:\/\/yoast.com\/product\/yoast-seo-wordpress\/ -->\n<title>Ledige sommarjobbar p\u00e5 Tungenes fyr - Tungenes Fyr<\/title>\n<meta name=\"robots\" content=\"index, follow, max-snippet:-1, max-image-preview:large, max-video-preview:-1\" \/>\n<link rel=\"canonical\" href=\"https:\/\/www.jaermuseet.no\/tungenesfyr\/ledige-sommarjobbar-pa-tungenes-fyr\/\" \/>\n<meta property=\"og:locale\" content=\"nn_NO\" \/>\n<meta property=\"og:type\" content=\"article\" \/>\n<meta property=\"og:title\" content=\"Ledige sommarjobbar p\u00e5 Tungenes fyr - Tungenes Fyr\" \/>\n<meta property=\"og:description\" content=\"J\u00e6rmuseet s\u00f8ker museumsvertar og kaf\u00e9medarbeidarar ved Tungenes Fyr. Tungenes fyr...\" \/>\n<meta property=\"og:url\" content=\"https:\/\/www.jaermuseet.no\/tungenesfyr\/ledige-sommarjobbar-pa-tungenes-fyr\/\" \/>\n<meta property=\"og:site_name\" content=\"Tungenes Fyr\" \/>\n<meta property=\"og:image\" content=\"https:\/\/www.jaermuseet.no\/wp-content\/uploads\/sites\/10\/2011\/04\/Guider_2010.jpg\" \/>\n<meta name=\"twitter:card\" content=\"summary_large_image\" \/>\n<meta name=\"twitter:label1\" content=\"Est. reading time\" \/>\n\t<meta name=\"twitter:data1\" content=\"1 minutt\" \/>\n<script type=\"application\/ld+json\" class=\"yoast-schema-graph\">{\"@context\":\"https:\\\/\\\/schema.org\",\"@graph\":[{\"@type\":\"WebPage\",\"@id\":\"https:\\\/\\\/www.jaermuseet.no\\\/tungenesfyr\\\/ledige-sommarjobbar-pa-tungenes-fyr\\\/\",\"url\":\"https:\\\/\\\/www.jaermuseet.no\\\/tungenesfyr\\\/ledige-sommarjobbar-pa-tungenes-fyr\\\/\",\"name\":\"Ledige sommarjobbar p\u00e5 Tungenes fyr - Tungenes Fyr\",\"isPartOf\":{\"@id\":\"https:\\\/\\\/www.jaermuseet.no\\\/tungenesfyr\\\/#website\"},\"primaryImageOfPage\":{\"@id\":\"https:\\\/\\\/www.jaermuseet.no\\\/tungenesfyr\\\/ledige-sommarjobbar-pa-tungenes-fyr\\\/#primaryimage\"},\"image\":{\"@id\":\"https:\\\/\\\/www.jaermuseet.no\\\/tungenesfyr\\\/ledige-sommarjobbar-pa-tungenes-fyr\\\/#primaryimage\"},\"thumbnailUrl\":\"https:\\\/\\\/www.jaermuseet.no\\\/wp-content\\\/uploads\\\/sites\\\/10\\\/2011\\\/04\\\/Guider_2010.jpg\",\"datePublished\":\"2011-04-13T09:32:06+00:00\",\"breadcrumb\":{\"@id\":\"https:\\\/\\\/www.jaermuseet.no\\\/tungenesfyr\\\/ledige-sommarjobbar-pa-tungenes-fyr\\\/#breadcrumb\"},\"inLanguage\":\"nn-NO\",\"potentialAction\":[{\"@type\":\"ReadAction\",\"target\":[\"https:\\\/\\\/www.jaermuseet.no\\\/tungenesfyr\\\/ledige-sommarjobbar-pa-tungenes-fyr\\\/\"]}]},{\"@type\":\"ImageObject\",\"inLanguage\":\"nn-NO\",\"@id\":\"https:\\\/\\\/www.jaermuseet.no\\\/tungenesfyr\\\/ledige-sommarjobbar-pa-tungenes-fyr\\\/#primaryimage\",\"url\":\"https:\\\/\\\/www.jaermuseet.no\\\/wp-content\\\/uploads\\\/sites\\\/10\\\/2011\\\/04\\\/Guider_2010.jpg\",\"contentUrl\":\"https:\\\/\\\/www.jaermuseet.no\\\/wp-content\\\/uploads\\\/sites\\\/10\\\/2011\\\/04\\\/Guider_2010.jpg\"},{\"@type\":\"BreadcrumbList\",\"@id\":\"https:\\\/\\\/www.jaermuseet.no\\\/tungenesfyr\\\/ledige-sommarjobbar-pa-tungenes-fyr\\\/#breadcrumb\",\"itemListElement\":[{\"@type\":\"ListItem\",\"position\":1,\"name\":\"Hjem\",\"item\":\"https:\\\/\\\/www.jaermuseet.no\\\/tungenesfyr\\\/\"},{\"@type\":\"ListItem\",\"position\":2,\"name\":\"Ledige sommarjobbar p\u00e5 Tungenes fyr\"}]},{\"@type\":\"WebSite\",\"@id\":\"https:\\\/\\\/www.jaermuseet.no\\\/tungenesfyr\\\/#website\",\"url\":\"https:\\\/\\\/www.jaermuseet.no\\\/tungenesfyr\\\/\",\"name\":\"Tungenes Fyr\",\"description\":\"Eit kulturelt fyrt\u00e5rn med eit mangfaldig aktivitetstilbod.\",\"potentialAction\":[{\"@type\":\"SearchAction\",\"target\":{\"@type\":\"EntryPoint\",\"urlTemplate\":\"https:\\\/\\\/www.jaermuseet.no\\\/tungenesfyr\\\/?s={search_term_string}\"},\"query-input\":{\"@type\":\"PropertyValueSpecification\",\"valueRequired\":true,\"valueName\":\"search_term_string\"}}],\"inLanguage\":\"nn-NO\"}]}<\/script>\n<!-- \/ Yoast SEO plugin. -->","yoast_head_json":{"title":"Ledige sommarjobbar p\u00e5 Tungenes fyr - Tungenes Fyr","robots":{"index":"index","follow":"follow","max-snippet":"max-snippet:-1","max-image-preview":"max-image-preview:large","max-video-preview":"max-video-preview:-1"},"canonical":"https:\/\/www.jaermuseet.no\/tungenesfyr\/ledige-sommarjobbar-pa-tungenes-fyr\/","og_locale":"nn_NO","og_type":"article","og_title":"Ledige sommarjobbar p\u00e5 Tungenes fyr - Tungenes Fyr","og_description":"J\u00e6rmuseet s\u00f8ker museumsvertar og kaf\u00e9medarbeidarar ved Tungenes Fyr. Tungenes fyr...","og_url":"https:\/\/www.jaermuseet.no\/tungenesfyr\/ledige-sommarjobbar-pa-tungenes-fyr\/","og_site_name":"Tungenes Fyr","og_image":[{"url":"https:\/\/www.jaermuseet.no\/wp-content\/uploads\/sites\/10\/2011\/04\/Guider_2010.jpg","type":"","width":"","height":""}],"twitter_card":"summary_large_image","twitter_misc":{"Est. reading time":"1 minutt"},"schema":{"@context":"https:\/\/schema.org","@graph":[{"@type":"WebPage","@id":"https:\/\/www.jaermuseet.no\/tungenesfyr\/ledige-sommarjobbar-pa-tungenes-fyr\/","url":"https:\/\/www.jaermuseet.no\/tungenesfyr\/ledige-sommarjobbar-pa-tungenes-fyr\/","name":"Ledige sommarjobbar p\u00e5 Tungenes fyr - Tungenes Fyr","isPartOf":{"@id":"https:\/\/www.jaermuseet.no\/tungenesfyr\/#website"},"primaryImageOfPage":{"@id":"https:\/\/www.jaermuseet.no\/tungenesfyr\/ledige-sommarjobbar-pa-tungenes-fyr\/#primaryimage"},"image":{"@id":"https:\/\/www.jaermuseet.no\/tungenesfyr\/ledige-sommarjobbar-pa-tungenes-fyr\/#primaryimage"},"thumbnailUrl":"https:\/\/www.jaermuseet.no\/wp-content\/uploads\/sites\/10\/2011\/04\/Guider_2010.jpg","datePublished":"2011-04-13T09:32:06+00:00","breadcrumb":{"@id":"https:\/\/www.jaermuseet.no\/tungenesfyr\/ledige-sommarjobbar-pa-tungenes-fyr\/#breadcrumb"},"inLanguage":"nn-NO","potentialAction":[{"@type":"ReadAction","target":["https:\/\/www.jaermuseet.no\/tungenesfyr\/ledige-sommarjobbar-pa-tungenes-fyr\/"]}]},{"@type":"ImageObject","inLanguage":"nn-NO","@id":"https:\/\/www.jaermuseet.no\/tungenesfyr\/ledige-sommarjobbar-pa-tungenes-fyr\/#primaryimage","url":"https:\/\/www.jaermuseet.no\/wp-content\/uploads\/sites\/10\/2011\/04\/Guider_2010.jpg","contentUrl":"https:\/\/www.jaermuseet.no\/wp-content\/uploads\/sites\/10\/2011\/04\/Guider_2010.jpg"},{"@type":"BreadcrumbList","@id":"https:\/\/www.jaermuseet.no\/tungenesfyr\/ledige-sommarjobbar-pa-tungenes-fyr\/#breadcrumb","itemListElement":[{"@type":"ListItem","position":1,"name":"Hjem","item":"https:\/\/www.jaermuseet.no\/tungenesfyr\/"},{"@type":"ListItem","position":2,"name":"Ledige sommarjobbar p\u00e5 Tungenes fyr"}]},{"@type":"WebSite","@id":"https:\/\/www.jaermuseet.no\/tungenesfyr\/#website","url":"https:\/\/www.jaermuseet.no\/tungenesfyr\/","name":"Tungenes Fyr","description":"Eit kulturelt fyrt\u00e5rn med eit mangfaldig aktivitetstilbod.","potentialAction":[{"@type":"SearchAction","target":{"@type":"EntryPoint","urlTemplate":"https:\/\/www.jaermuseet.no\/tungenesfyr\/?s={search_term_string}"},"query-input":{"@type":"PropertyValueSpecification","valueRequired":true,"valueName":"search_term_string"}}],"inLanguage":"nn-NO"}]}},"jetpack_sharing_enabled":true,"_links":{"self":[{"href":"https:\/\/www.jaermuseet.no\/tungenesfyr\/wp-json\/wp\/v2\/pages\/13","targetHints":{"allow":["GET"]}}],"collection":[{"href":"https:\/\/www.jaermuseet.no\/tungenesfyr\/wp-json\/wp\/v2\/pages"}],"about":[{"href":"https:\/\/www.jaermuseet.no\/tungenesfyr\/wp-json\/wp\/v2\/types\/page"}],"author":[{"embeddable":true,"href":"https:\/\/www.jaermuseet.no\/tungenesfyr\/wp-json\/wp\/v2\/users\/9"}],"replies":[{"embeddable":true,"href":"https:\/\/www.jaermuseet.no\/tungenesfyr\/wp-json\/wp\/v2\/comments?post=13"}],"version-history":[{"count":0,"href":"https:\/\/www.jaermuseet.no\/tungenesfyr\/wp-json\/wp\/v2\/pages\/13\/revisions"}],"wp:attachment":[{"href":"https:\/\/www.jaermuseet.no\/tungenesfyr\/wp-json\/wp\/v2\/media?parent=13"}],"curies":[{"name":"wp","href":"https:\/\/api.w.org\/{rel}","templated":true}]}}