{"id":12,"date":"2011-02-16T13:19:26","date_gmt":"2011-02-16T12:19:26","guid":{"rendered":"https:\/\/www.jaermuseet.no\/tungenesfyr\/about-tungenes-fyr\/"},"modified":"2016-06-20T10:29:23","modified_gmt":"2016-06-20T08:29:23","slug":"about-tungenes-fyr","status":"publish","type":"page","link":"https:\/\/www.jaermuseet.no\/tungenesfyr\/about-tungenes-fyr\/","title":{"rendered":"About Tungenes Fyr"},"content":{"rendered":"<p><span title=\"Tungenes utgj\u00f8r den nordlige enden av J\u00e6ren, og begynnelsen av innseilingen til Stavanger.\">Tungenes\u00a0lighthouse is located on\u00a0the northern edge of the J\u00e6ren region, and at the\u00a0sea entrance to Stavanger. <\/span><span title=\"Et fyr ble etablert her i 1928, etter initiativ fra b\u00e5de byborgere og sildefiskere.\n\n\">A lighthouse was established here in 1928, on the initiative of both city dwellers and herring fishermen.<\/p>\n<p><\/span><span title=\"Noen talglys i et vindu p\u00e5 loftet i Tungev\u00e5gen leidde fiskerene inn til Stavanger, og silda ga gode inntekter.\">Some candles in a window in the attic of Tungev\u00e5gen has led fishermen to Stavanger for many years. <\/span><span title=\"Fyret ble senere oppgradert og modernistert og utgjorde etterhvert et viktig seilingsmerke for all skipstrafikk i omr\u00e5det.\n\">The lighthouse was upgraded and modernistert and constituted eventually an important navigation mark for all vessel traffic in the area.<br \/>\n<\/span><span title=\"Etter siste utbygging i 1959 best\u00e5r anlegget av fire bygninger: fyrbygning, uthus, fyrvokter- og fyrbetjentbolig.\n\n\">After the last expansion in 1959, the museum consists of\u00a0four buildings: the lighthouse, the servants house, the lighthouse keeper&#8217;s house and an outdoor &#8220;shed&#8221;.<\/p>\n<p><\/span><span title=\"I 1984 ble fyret avfolket og erstattet med en lykt p\u00e5 skj\u00e6ret &quot;bragen&quot; utenfor neset.\n\n\">In 1984 the lighthouse was depopulated and replaced with a lantern on the reef &#8220;Bragen&#8221; outside headland.<\/p>\n<p><\/span><span title=\"Tungenes fyr er i dag f\u00f8rst og fremst et kulturelt fyrt\u00e5rn med et mangfoldig aktivitetstilbud.\">Tungenes is today primarily a cultural lighthouse with a diverse range of activities. <\/span><span title=\"I fyrbygningen kan du oppleve hvordan fyrvokteren og familien hans bodde p\u00e5 1930-tallet, i uthuset finner du ulike temautstillinger.\">In the lighthouse you can experience how\u00a0the keeper and his family lived in the 1930s, in the outhouse you will find various themed exhibitions. <\/span><span title=\"Kafeen tilbyr god kaffimat.\n\n\">The cafe offers cakes and coffee, and concerts are arranged frequently Thursday nights from spring &#8211; autumn.<\/p>\n<p><\/span><span title=\"Tungenes og omr\u00e5dene rundt er popul\u00e6re turm\u00e5l.\">Tungenes and surrounding areas are popular spots. <\/span><span title=\"Her er det store naturopplevelser i all slags v\u00e6r og til alle tider.\">There are great nature experiences in all weathers conditions. <\/span><span title=\"Med skipstrafikken er det alltid noe \u00e5 se p\u00e5.\">With shipping, there\u00a0is always something to look at. <\/span><span title=\"Mange kombinerer bes\u00f8ket p\u00e5 Tungenes med en tur i v\u00e5gen.\n\n\">Many combine their visit to Tungenes with a hike in the bay.<\/p>\n<p><\/span><\/p>\n","protected":false},"excerpt":{"rendered":"<p>Tungenes\u00a0lighthouse is located on\u00a0the northern edge of the J\u00e6ren region,&#8230;<\/p>\n","protected":false},"author":9,"featured_media":89,"parent":0,"menu_order":0,"comment_status":"open","ping_status":"open","template":"","meta":{"_acf_changed":false,"footnotes":""},"class_list":["post-12","page","type-page","status-publish","has-post-thumbnail","hentry","featured-image-size-large"],"acf":[],"yoast_head":"<!-- This site is optimized with the Yoast SEO plugin v27.4 - https:\/\/yoast.com\/product\/yoast-seo-wordpress\/ -->\n<title>About Tungenes Fyr - Tungenes Fyr<\/title>\n<meta name=\"robots\" content=\"index, follow, max-snippet:-1, max-image-preview:large, max-video-preview:-1\" \/>\n<link rel=\"canonical\" href=\"https:\/\/www.jaermuseet.no\/tungenesfyr\/about-tungenes-fyr\/\" \/>\n<meta property=\"og:locale\" content=\"nn_NO\" \/>\n<meta property=\"og:type\" content=\"article\" \/>\n<meta property=\"og:title\" content=\"About Tungenes Fyr - Tungenes Fyr\" \/>\n<meta property=\"og:description\" content=\"Tungenes\u00a0lighthouse is located on\u00a0the northern edge of the J\u00e6ren region,...\" \/>\n<meta property=\"og:url\" content=\"https:\/\/www.jaermuseet.no\/tungenesfyr\/about-tungenes-fyr\/\" \/>\n<meta property=\"og:site_name\" content=\"Tungenes Fyr\" \/>\n<meta property=\"article:modified_time\" content=\"2016-06-20T08:29:23+00:00\" \/>\n<meta property=\"og:image\" content=\"https:\/\/www.jaermuseet.no\/tungenesfyr\/wp-content\/uploads\/sites\/10\/2012\/02\/Vinterfyr_annonse1.jpg\" \/>\n\t<meta property=\"og:image:width\" content=\"4176\" \/>\n\t<meta property=\"og:image:height\" content=\"2655\" \/>\n\t<meta property=\"og:image:type\" content=\"image\/jpeg\" \/>\n<meta name=\"twitter:card\" content=\"summary_large_image\" \/>\n<meta name=\"twitter:label1\" content=\"Est. reading time\" \/>\n\t<meta name=\"twitter:data1\" content=\"1 minutt\" \/>\n<script type=\"application\/ld+json\" class=\"yoast-schema-graph\">{\"@context\":\"https:\\\/\\\/schema.org\",\"@graph\":[{\"@type\":\"WebPage\",\"@id\":\"https:\\\/\\\/www.jaermuseet.no\\\/tungenesfyr\\\/about-tungenes-fyr\\\/\",\"url\":\"https:\\\/\\\/www.jaermuseet.no\\\/tungenesfyr\\\/about-tungenes-fyr\\\/\",\"name\":\"About Tungenes Fyr - Tungenes Fyr\",\"isPartOf\":{\"@id\":\"https:\\\/\\\/www.jaermuseet.no\\\/tungenesfyr\\\/#website\"},\"primaryImageOfPage\":{\"@id\":\"https:\\\/\\\/www.jaermuseet.no\\\/tungenesfyr\\\/about-tungenes-fyr\\\/#primaryimage\"},\"image\":{\"@id\":\"https:\\\/\\\/www.jaermuseet.no\\\/tungenesfyr\\\/about-tungenes-fyr\\\/#primaryimage\"},\"thumbnailUrl\":\"https:\\\/\\\/www.jaermuseet.no\\\/tungenesfyr\\\/wp-content\\\/uploads\\\/sites\\\/10\\\/2012\\\/02\\\/Vinterfyr_annonse1.jpg\",\"datePublished\":\"2011-02-16T12:19:26+00:00\",\"dateModified\":\"2016-06-20T08:29:23+00:00\",\"breadcrumb\":{\"@id\":\"https:\\\/\\\/www.jaermuseet.no\\\/tungenesfyr\\\/about-tungenes-fyr\\\/#breadcrumb\"},\"inLanguage\":\"nn-NO\",\"potentialAction\":[{\"@type\":\"ReadAction\",\"target\":[\"https:\\\/\\\/www.jaermuseet.no\\\/tungenesfyr\\\/about-tungenes-fyr\\\/\"]}]},{\"@type\":\"ImageObject\",\"inLanguage\":\"nn-NO\",\"@id\":\"https:\\\/\\\/www.jaermuseet.no\\\/tungenesfyr\\\/about-tungenes-fyr\\\/#primaryimage\",\"url\":\"https:\\\/\\\/www.jaermuseet.no\\\/tungenesfyr\\\/wp-content\\\/uploads\\\/sites\\\/10\\\/2012\\\/02\\\/Vinterfyr_annonse1.jpg\",\"contentUrl\":\"https:\\\/\\\/www.jaermuseet.no\\\/tungenesfyr\\\/wp-content\\\/uploads\\\/sites\\\/10\\\/2012\\\/02\\\/Vinterfyr_annonse1.jpg\",\"width\":4176,\"height\":2655},{\"@type\":\"BreadcrumbList\",\"@id\":\"https:\\\/\\\/www.jaermuseet.no\\\/tungenesfyr\\\/about-tungenes-fyr\\\/#breadcrumb\",\"itemListElement\":[{\"@type\":\"ListItem\",\"position\":1,\"name\":\"Hjem\",\"item\":\"https:\\\/\\\/www.jaermuseet.no\\\/tungenesfyr\\\/\"},{\"@type\":\"ListItem\",\"position\":2,\"name\":\"About Tungenes Fyr\"}]},{\"@type\":\"WebSite\",\"@id\":\"https:\\\/\\\/www.jaermuseet.no\\\/tungenesfyr\\\/#website\",\"url\":\"https:\\\/\\\/www.jaermuseet.no\\\/tungenesfyr\\\/\",\"name\":\"Tungenes Fyr\",\"description\":\"Eit kulturelt fyrt\u00e5rn med eit mangfaldig aktivitetstilbod.\",\"potentialAction\":[{\"@type\":\"SearchAction\",\"target\":{\"@type\":\"EntryPoint\",\"urlTemplate\":\"https:\\\/\\\/www.jaermuseet.no\\\/tungenesfyr\\\/?s={search_term_string}\"},\"query-input\":{\"@type\":\"PropertyValueSpecification\",\"valueRequired\":true,\"valueName\":\"search_term_string\"}}],\"inLanguage\":\"nn-NO\"}]}<\/script>\n<!-- \/ Yoast SEO plugin. -->","yoast_head_json":{"title":"About Tungenes Fyr - Tungenes Fyr","robots":{"index":"index","follow":"follow","max-snippet":"max-snippet:-1","max-image-preview":"max-image-preview:large","max-video-preview":"max-video-preview:-1"},"canonical":"https:\/\/www.jaermuseet.no\/tungenesfyr\/about-tungenes-fyr\/","og_locale":"nn_NO","og_type":"article","og_title":"About Tungenes Fyr - Tungenes Fyr","og_description":"Tungenes\u00a0lighthouse is located on\u00a0the northern edge of the J\u00e6ren region,...","og_url":"https:\/\/www.jaermuseet.no\/tungenesfyr\/about-tungenes-fyr\/","og_site_name":"Tungenes Fyr","article_modified_time":"2016-06-20T08:29:23+00:00","og_image":[{"width":4176,"height":2655,"url":"https:\/\/www.jaermuseet.no\/tungenesfyr\/wp-content\/uploads\/sites\/10\/2012\/02\/Vinterfyr_annonse1.jpg","type":"image\/jpeg"}],"twitter_card":"summary_large_image","twitter_misc":{"Est. reading time":"1 minutt"},"schema":{"@context":"https:\/\/schema.org","@graph":[{"@type":"WebPage","@id":"https:\/\/www.jaermuseet.no\/tungenesfyr\/about-tungenes-fyr\/","url":"https:\/\/www.jaermuseet.no\/tungenesfyr\/about-tungenes-fyr\/","name":"About Tungenes Fyr - Tungenes Fyr","isPartOf":{"@id":"https:\/\/www.jaermuseet.no\/tungenesfyr\/#website"},"primaryImageOfPage":{"@id":"https:\/\/www.jaermuseet.no\/tungenesfyr\/about-tungenes-fyr\/#primaryimage"},"image":{"@id":"https:\/\/www.jaermuseet.no\/tungenesfyr\/about-tungenes-fyr\/#primaryimage"},"thumbnailUrl":"https:\/\/www.jaermuseet.no\/tungenesfyr\/wp-content\/uploads\/sites\/10\/2012\/02\/Vinterfyr_annonse1.jpg","datePublished":"2011-02-16T12:19:26+00:00","dateModified":"2016-06-20T08:29:23+00:00","breadcrumb":{"@id":"https:\/\/www.jaermuseet.no\/tungenesfyr\/about-tungenes-fyr\/#breadcrumb"},"inLanguage":"nn-NO","potentialAction":[{"@type":"ReadAction","target":["https:\/\/www.jaermuseet.no\/tungenesfyr\/about-tungenes-fyr\/"]}]},{"@type":"ImageObject","inLanguage":"nn-NO","@id":"https:\/\/www.jaermuseet.no\/tungenesfyr\/about-tungenes-fyr\/#primaryimage","url":"https:\/\/www.jaermuseet.no\/tungenesfyr\/wp-content\/uploads\/sites\/10\/2012\/02\/Vinterfyr_annonse1.jpg","contentUrl":"https:\/\/www.jaermuseet.no\/tungenesfyr\/wp-content\/uploads\/sites\/10\/2012\/02\/Vinterfyr_annonse1.jpg","width":4176,"height":2655},{"@type":"BreadcrumbList","@id":"https:\/\/www.jaermuseet.no\/tungenesfyr\/about-tungenes-fyr\/#breadcrumb","itemListElement":[{"@type":"ListItem","position":1,"name":"Hjem","item":"https:\/\/www.jaermuseet.no\/tungenesfyr\/"},{"@type":"ListItem","position":2,"name":"About Tungenes Fyr"}]},{"@type":"WebSite","@id":"https:\/\/www.jaermuseet.no\/tungenesfyr\/#website","url":"https:\/\/www.jaermuseet.no\/tungenesfyr\/","name":"Tungenes Fyr","description":"Eit kulturelt fyrt\u00e5rn med eit mangfaldig aktivitetstilbod.","potentialAction":[{"@type":"SearchAction","target":{"@type":"EntryPoint","urlTemplate":"https:\/\/www.jaermuseet.no\/tungenesfyr\/?s={search_term_string}"},"query-input":{"@type":"PropertyValueSpecification","valueRequired":true,"valueName":"search_term_string"}}],"inLanguage":"nn-NO"}]}},"jetpack_sharing_enabled":true,"_links":{"self":[{"href":"https:\/\/www.jaermuseet.no\/tungenesfyr\/wp-json\/wp\/v2\/pages\/12","targetHints":{"allow":["GET"]}}],"collection":[{"href":"https:\/\/www.jaermuseet.no\/tungenesfyr\/wp-json\/wp\/v2\/pages"}],"about":[{"href":"https:\/\/www.jaermuseet.no\/tungenesfyr\/wp-json\/wp\/v2\/types\/page"}],"author":[{"embeddable":true,"href":"https:\/\/www.jaermuseet.no\/tungenesfyr\/wp-json\/wp\/v2\/users\/9"}],"replies":[{"embeddable":true,"href":"https:\/\/www.jaermuseet.no\/tungenesfyr\/wp-json\/wp\/v2\/comments?post=12"}],"version-history":[{"count":2,"href":"https:\/\/www.jaermuseet.no\/tungenesfyr\/wp-json\/wp\/v2\/pages\/12\/revisions"}],"predecessor-version":[{"id":382,"href":"https:\/\/www.jaermuseet.no\/tungenesfyr\/wp-json\/wp\/v2\/pages\/12\/revisions\/382"}],"wp:featuredmedia":[{"embeddable":true,"href":"https:\/\/www.jaermuseet.no\/tungenesfyr\/wp-json\/wp\/v2\/media\/89"}],"wp:attachment":[{"href":"https:\/\/www.jaermuseet.no\/tungenesfyr\/wp-json\/wp\/v2\/media?parent=12"}],"curies":[{"name":"wp","href":"https:\/\/api.w.org\/{rel}","templated":true}]}}