{"id":709,"date":"2019-01-17T09:46:37","date_gmt":"2019-01-17T08:46:37","guid":{"rendered":"https:\/\/www.jaermuseet.no\/tungenesfyr\/?post_type=activity&#038;p=709"},"modified":"2019-02-28T13:16:47","modified_gmt":"2019-02-28T12:16:47","slug":"torsdag-pa-tungenes-hilde-selvikvag","status":"publish","type":"activity","link":"https:\/\/www.jaermuseet.no\/tungenesfyr\/aktiviteter\/torsdag-pa-tungenes-hilde-selvikvag\/","title":{"rendered":"Torsdag p\u00e5 Tungenes: Hilde Selvikv\u00e5g"},"content":{"rendered":"<div class=\"activity-meta\">\n    <div class=\"activity-meta__line\">\n        <div class=\"activity-meta__icon\">\n            <i class=\"fa fa-calendar\" aria-hidden=\"true\"><\/i>\n        <\/div>\n                                        <span class=\"meta-date\">\n                        25. april 2019        <\/span>\n                                <span class=\"meta-time\">20.00-22.00<\/span>\n            <\/div>\n\n            <div class=\"activity-meta__line\">\n        <div class=\"activity-meta__icon\">\n            <i class=\"fa fa-map\" aria-hidden=\"true\"><\/i>\n        <\/div>\n        <span class=\"meta-location\">Tungenesveien 217<\/span>\n    <\/div>\n    \n            <div class=\"activity-meta__line\">\n        <div class=\"activity-meta__icon\">\n            <i class=\"fa fa-tag\" aria-hidden=\"true\"><\/i>\n        <\/div>\n        <span class=\"meta-price\">290,-<\/span>\n    <\/div>\n    <\/div>\n<p>Hilde Selvikv\u00e5g fra J\u00e6ren har p\u00e5 kort tid oppn\u00e5dd stor suksess med Spellemannsominasjon av debutalbumet i 2015, og deretter flere store radiohits p\u00e5 l\u00f8pende b\u00e5nd. Med sine fengende popl\u00e5ter som \u00abKarusell\u00bb, \u00abIndie\u00bb og \u00abAnemone\u00bb har hun sneket seg inn i manges hjerter og blitt en av landes mest spilte artister p\u00e5 norsk radio.<\/p>\n<p>Ektef\u00f8lt og n\u00e6rt formidler hun tekstene sine p\u00e5 klingende j\u00e6rdialekt, slik som bare hun kan. L\u00e5tene appellerer til b\u00e5de det s\u00e5re og det sterke, ingen g\u00e5r up\u00e5virket fra en konsert med Hilde. Med andre ord er dette en konsert for hele f\u00f8lelsesregisteret.<\/p>\n<p>H\u00f8sten 2018 ga Selvikv\u00e5g ut sitt andre album, \u00abFanga heile verden\u00bb. Fem av ni spor ble raskt radiolistet, noe som er en stor og sjelden bragd av den unge j\u00e6rjenta. Kritikerne er enige i at dette er gode greier:<br \/>\n&#8220;HAR HILDE SELVIKV\u00c5G LAGET \u00c5RETS NORSKE POPTRIUMF? Absolutt alt klaffer p\u00e5 det andre albumet til Hilde Selvikv\u00e5g.&#8221; Anmeldelse av Erik Valebrokk.<\/p>\n<p>Billetter finner du <a href=\"https:\/\/www.linticket.no\/page\/no\/69\/1\/105?fbclid=IwAR17dGYjOeb1Rdq3QbhbCAEtl_pLGcoigmPl_Eug2hpaGzJIv-sarDJHRkU\" target=\"_blank\" rel=\"noopener noreferrer\">her.<\/a><\/p>\n<p>&#8212;&#8212;&#8212;&#8212;&#8212;&#8212;&#8212;&#8212;&#8212;&#8212;&#8212;&#8212;&#8212;&#8212;&#8212;&#8212;&#8212;&#8212;&#8212;&#8212;&#8212;&#8212;&#8212;&#8212;&#8212;&#8212;&#8212;&#8212;&#8212;&#8212;&#8212;&#8212;&#8212;&#8212;&#8212;&#8212;&#8212;&#8212;&#8211;<\/p>\n<p>D\u00f8rene \u00e5pner kl. 19.30. Servering.<\/p>\n<p>Fyret ligger i Randaberg, kun 15 minutters kj\u00f8retur fra Stavanger.<\/p>\n<p>Konserserien Torsdag p\u00e5 Tungenes er et samarbeid mellom J\u00e6rmuseet og Randaberg kommune.<\/p>\n","protected":false},"excerpt":{"rendered":"<p>25. april 2019 20.00-22.00 Tungenesveien 217 290,- Hilde Selvikv\u00e5g fra&#8230;<\/p>\n","protected":false},"featured_media":710,"template":"","categories":[3],"class_list":["post-709","activity","type-activity","status-publish","has-post-thumbnail","hentry","category-nytt-fra-tungenes-fyr","featured-image-size-large"],"acf":[],"yoast_head":"<!-- This site is optimized with the Yoast SEO plugin v27.4 - https:\/\/yoast.com\/product\/yoast-seo-wordpress\/ -->\n<title>Torsdag p\u00e5 Tungenes: Hilde Selvikv\u00e5g - Tungenes Fyr<\/title>\n<meta name=\"robots\" content=\"index, follow, max-snippet:-1, max-image-preview:large, max-video-preview:-1\" \/>\n<link rel=\"canonical\" href=\"https:\/\/www.jaermuseet.no\/tungenesfyr\/aktiviteter\/torsdag-pa-tungenes-hilde-selvikvag\/\" \/>\n<meta property=\"og:locale\" content=\"nn_NO\" \/>\n<meta property=\"og:type\" content=\"article\" \/>\n<meta property=\"og:title\" content=\"Torsdag p\u00e5 Tungenes: Hilde Selvikv\u00e5g - Tungenes Fyr\" \/>\n<meta property=\"og:description\" content=\"25. april 2019 20.00-22.00 Tungenesveien 217 290,- Hilde Selvikv\u00e5g fra...\" \/>\n<meta property=\"og:url\" content=\"https:\/\/www.jaermuseet.no\/tungenesfyr\/aktiviteter\/torsdag-pa-tungenes-hilde-selvikvag\/\" \/>\n<meta property=\"og:site_name\" content=\"Tungenes Fyr\" \/>\n<meta property=\"article:modified_time\" content=\"2019-02-28T12:16:47+00:00\" \/>\n<meta property=\"og:image\" content=\"https:\/\/www.jaermuseet.no\/tungenesfyr\/wp-content\/uploads\/sites\/10\/2019\/01\/cover_header220crop20web1.jpg\" \/>\n\t<meta property=\"og:image:width\" content=\"1886\" \/>\n\t<meta property=\"og:image:height\" content=\"1257\" \/>\n\t<meta property=\"og:image:type\" content=\"image\/jpeg\" \/>\n<meta name=\"twitter:card\" content=\"summary_large_image\" \/>\n<meta name=\"twitter:label1\" content=\"Est. reading time\" \/>\n\t<meta name=\"twitter:data1\" content=\"1 minutt\" \/>\n<script type=\"application\/ld+json\" class=\"yoast-schema-graph\">{\"@context\":\"https:\\\/\\\/schema.org\",\"@graph\":[{\"@type\":\"WebPage\",\"@id\":\"https:\\\/\\\/www.jaermuseet.no\\\/tungenesfyr\\\/aktiviteter\\\/torsdag-pa-tungenes-hilde-selvikvag\\\/\",\"url\":\"https:\\\/\\\/www.jaermuseet.no\\\/tungenesfyr\\\/aktiviteter\\\/torsdag-pa-tungenes-hilde-selvikvag\\\/\",\"name\":\"Torsdag p\u00e5 Tungenes: Hilde Selvikv\u00e5g - Tungenes Fyr\",\"isPartOf\":{\"@id\":\"https:\\\/\\\/www.jaermuseet.no\\\/tungenesfyr\\\/#website\"},\"primaryImageOfPage\":{\"@id\":\"https:\\\/\\\/www.jaermuseet.no\\\/tungenesfyr\\\/aktiviteter\\\/torsdag-pa-tungenes-hilde-selvikvag\\\/#primaryimage\"},\"image\":{\"@id\":\"https:\\\/\\\/www.jaermuseet.no\\\/tungenesfyr\\\/aktiviteter\\\/torsdag-pa-tungenes-hilde-selvikvag\\\/#primaryimage\"},\"thumbnailUrl\":\"https:\\\/\\\/www.jaermuseet.no\\\/tungenesfyr\\\/wp-content\\\/uploads\\\/sites\\\/10\\\/2019\\\/01\\\/cover_header220crop20web1.jpg\",\"datePublished\":\"2019-01-17T08:46:37+00:00\",\"dateModified\":\"2019-02-28T12:16:47+00:00\",\"breadcrumb\":{\"@id\":\"https:\\\/\\\/www.jaermuseet.no\\\/tungenesfyr\\\/aktiviteter\\\/torsdag-pa-tungenes-hilde-selvikvag\\\/#breadcrumb\"},\"inLanguage\":\"nn-NO\",\"potentialAction\":[{\"@type\":\"ReadAction\",\"target\":[\"https:\\\/\\\/www.jaermuseet.no\\\/tungenesfyr\\\/aktiviteter\\\/torsdag-pa-tungenes-hilde-selvikvag\\\/\"]}]},{\"@type\":\"ImageObject\",\"inLanguage\":\"nn-NO\",\"@id\":\"https:\\\/\\\/www.jaermuseet.no\\\/tungenesfyr\\\/aktiviteter\\\/torsdag-pa-tungenes-hilde-selvikvag\\\/#primaryimage\",\"url\":\"https:\\\/\\\/www.jaermuseet.no\\\/tungenesfyr\\\/wp-content\\\/uploads\\\/sites\\\/10\\\/2019\\\/01\\\/cover_header220crop20web1.jpg\",\"contentUrl\":\"https:\\\/\\\/www.jaermuseet.no\\\/tungenesfyr\\\/wp-content\\\/uploads\\\/sites\\\/10\\\/2019\\\/01\\\/cover_header220crop20web1.jpg\",\"width\":1886,\"height\":1257},{\"@type\":\"BreadcrumbList\",\"@id\":\"https:\\\/\\\/www.jaermuseet.no\\\/tungenesfyr\\\/aktiviteter\\\/torsdag-pa-tungenes-hilde-selvikvag\\\/#breadcrumb\",\"itemListElement\":[{\"@type\":\"ListItem\",\"position\":1,\"name\":\"Hjem\",\"item\":\"https:\\\/\\\/www.jaermuseet.no\\\/tungenesfyr\\\/\"},{\"@type\":\"ListItem\",\"position\":2,\"name\":\"Arrangementer\",\"item\":\"https:\\\/\\\/www.jaermuseet.no\\\/tungenesfyr\\\/aktiviteter\\\/\"},{\"@type\":\"ListItem\",\"position\":3,\"name\":\"Torsdag p\u00e5 Tungenes: Hilde Selvikv\u00e5g\"}]},{\"@type\":\"WebSite\",\"@id\":\"https:\\\/\\\/www.jaermuseet.no\\\/tungenesfyr\\\/#website\",\"url\":\"https:\\\/\\\/www.jaermuseet.no\\\/tungenesfyr\\\/\",\"name\":\"Tungenes Fyr\",\"description\":\"Eit kulturelt fyrt\u00e5rn med eit mangfaldig aktivitetstilbod.\",\"potentialAction\":[{\"@type\":\"SearchAction\",\"target\":{\"@type\":\"EntryPoint\",\"urlTemplate\":\"https:\\\/\\\/www.jaermuseet.no\\\/tungenesfyr\\\/?s={search_term_string}\"},\"query-input\":{\"@type\":\"PropertyValueSpecification\",\"valueRequired\":true,\"valueName\":\"search_term_string\"}}],\"inLanguage\":\"nn-NO\"}]}<\/script>\n<!-- \/ Yoast SEO plugin. -->","yoast_head_json":{"title":"Torsdag p\u00e5 Tungenes: Hilde Selvikv\u00e5g - Tungenes Fyr","robots":{"index":"index","follow":"follow","max-snippet":"max-snippet:-1","max-image-preview":"max-image-preview:large","max-video-preview":"max-video-preview:-1"},"canonical":"https:\/\/www.jaermuseet.no\/tungenesfyr\/aktiviteter\/torsdag-pa-tungenes-hilde-selvikvag\/","og_locale":"nn_NO","og_type":"article","og_title":"Torsdag p\u00e5 Tungenes: Hilde Selvikv\u00e5g - Tungenes Fyr","og_description":"25. april 2019 20.00-22.00 Tungenesveien 217 290,- Hilde Selvikv\u00e5g fra...","og_url":"https:\/\/www.jaermuseet.no\/tungenesfyr\/aktiviteter\/torsdag-pa-tungenes-hilde-selvikvag\/","og_site_name":"Tungenes Fyr","article_modified_time":"2019-02-28T12:16:47+00:00","og_image":[{"width":1886,"height":1257,"url":"https:\/\/www.jaermuseet.no\/tungenesfyr\/wp-content\/uploads\/sites\/10\/2019\/01\/cover_header220crop20web1.jpg","type":"image\/jpeg"}],"twitter_card":"summary_large_image","twitter_misc":{"Est. reading time":"1 minutt"},"schema":{"@context":"https:\/\/schema.org","@graph":[{"@type":"WebPage","@id":"https:\/\/www.jaermuseet.no\/tungenesfyr\/aktiviteter\/torsdag-pa-tungenes-hilde-selvikvag\/","url":"https:\/\/www.jaermuseet.no\/tungenesfyr\/aktiviteter\/torsdag-pa-tungenes-hilde-selvikvag\/","name":"Torsdag p\u00e5 Tungenes: Hilde Selvikv\u00e5g - Tungenes Fyr","isPartOf":{"@id":"https:\/\/www.jaermuseet.no\/tungenesfyr\/#website"},"primaryImageOfPage":{"@id":"https:\/\/www.jaermuseet.no\/tungenesfyr\/aktiviteter\/torsdag-pa-tungenes-hilde-selvikvag\/#primaryimage"},"image":{"@id":"https:\/\/www.jaermuseet.no\/tungenesfyr\/aktiviteter\/torsdag-pa-tungenes-hilde-selvikvag\/#primaryimage"},"thumbnailUrl":"https:\/\/www.jaermuseet.no\/tungenesfyr\/wp-content\/uploads\/sites\/10\/2019\/01\/cover_header220crop20web1.jpg","datePublished":"2019-01-17T08:46:37+00:00","dateModified":"2019-02-28T12:16:47+00:00","breadcrumb":{"@id":"https:\/\/www.jaermuseet.no\/tungenesfyr\/aktiviteter\/torsdag-pa-tungenes-hilde-selvikvag\/#breadcrumb"},"inLanguage":"nn-NO","potentialAction":[{"@type":"ReadAction","target":["https:\/\/www.jaermuseet.no\/tungenesfyr\/aktiviteter\/torsdag-pa-tungenes-hilde-selvikvag\/"]}]},{"@type":"ImageObject","inLanguage":"nn-NO","@id":"https:\/\/www.jaermuseet.no\/tungenesfyr\/aktiviteter\/torsdag-pa-tungenes-hilde-selvikvag\/#primaryimage","url":"https:\/\/www.jaermuseet.no\/tungenesfyr\/wp-content\/uploads\/sites\/10\/2019\/01\/cover_header220crop20web1.jpg","contentUrl":"https:\/\/www.jaermuseet.no\/tungenesfyr\/wp-content\/uploads\/sites\/10\/2019\/01\/cover_header220crop20web1.jpg","width":1886,"height":1257},{"@type":"BreadcrumbList","@id":"https:\/\/www.jaermuseet.no\/tungenesfyr\/aktiviteter\/torsdag-pa-tungenes-hilde-selvikvag\/#breadcrumb","itemListElement":[{"@type":"ListItem","position":1,"name":"Hjem","item":"https:\/\/www.jaermuseet.no\/tungenesfyr\/"},{"@type":"ListItem","position":2,"name":"Arrangementer","item":"https:\/\/www.jaermuseet.no\/tungenesfyr\/aktiviteter\/"},{"@type":"ListItem","position":3,"name":"Torsdag p\u00e5 Tungenes: Hilde Selvikv\u00e5g"}]},{"@type":"WebSite","@id":"https:\/\/www.jaermuseet.no\/tungenesfyr\/#website","url":"https:\/\/www.jaermuseet.no\/tungenesfyr\/","name":"Tungenes Fyr","description":"Eit kulturelt fyrt\u00e5rn med eit mangfaldig aktivitetstilbod.","potentialAction":[{"@type":"SearchAction","target":{"@type":"EntryPoint","urlTemplate":"https:\/\/www.jaermuseet.no\/tungenesfyr\/?s={search_term_string}"},"query-input":{"@type":"PropertyValueSpecification","valueRequired":true,"valueName":"search_term_string"}}],"inLanguage":"nn-NO"}]}},"jetpack_sharing_enabled":true,"_links":{"self":[{"href":"https:\/\/www.jaermuseet.no\/tungenesfyr\/wp-json\/wp\/v2\/activity\/709","targetHints":{"allow":["GET"]}}],"collection":[{"href":"https:\/\/www.jaermuseet.no\/tungenesfyr\/wp-json\/wp\/v2\/activity"}],"about":[{"href":"https:\/\/www.jaermuseet.no\/tungenesfyr\/wp-json\/wp\/v2\/types\/activity"}],"version-history":[{"count":2,"href":"https:\/\/www.jaermuseet.no\/tungenesfyr\/wp-json\/wp\/v2\/activity\/709\/revisions"}],"predecessor-version":[{"id":716,"href":"https:\/\/www.jaermuseet.no\/tungenesfyr\/wp-json\/wp\/v2\/activity\/709\/revisions\/716"}],"wp:featuredmedia":[{"embeddable":true,"href":"https:\/\/www.jaermuseet.no\/tungenesfyr\/wp-json\/wp\/v2\/media\/710"}],"wp:attachment":[{"href":"https:\/\/www.jaermuseet.no\/tungenesfyr\/wp-json\/wp\/v2\/media?parent=709"}],"wp:term":[{"taxonomy":"category","embeddable":true,"href":"https:\/\/www.jaermuseet.no\/tungenesfyr\/wp-json\/wp\/v2\/categories?post=709"}],"curies":[{"name":"wp","href":"https:\/\/api.w.org\/{rel}","templated":true}]}}

Torsdag på Tungenes: Hilde Selvikvåg

<div class="activity-meta">
    <div class="activity-meta__line">
        <div class="activity-meta__icon">
            <i class="fa fa-calendar" aria-hidden="true"></i>
        </div>
                                        <span class="meta-date">
                        25. april 2019        </span>
                                <span class="meta-time">20.00-22.00</span>
            </div>

            <div class="activity-meta__line">
        <div class="activity-meta__icon">
            <i class="fa fa-map" aria-hidden="true"></i>
        </div>
        <span class="meta-location">Tungenesveien 217</span>
    </div>
    
            <div class="activity-meta__line">
        <div class="activity-meta__icon">
            <i class="fa fa-tag" aria-hidden="true"></i>
        </div>
        <span class="meta-price">290,-</span>
    </div>
    </div>
<p>Hilde Selvikvåg fra Jæren har på kort tid oppnådd stor suksess med Spellemannsominasjon av debutalbumet i 2015, og deretter flere store radiohits på løpende bånd. Med sine fengende poplåter som «Karusell», «Indie» og «Anemone» har hun sneket seg inn i manges hjerter og blitt en av landes mest spilte artister på norsk radio.</p>
<p>Ektefølt og nært formidler hun tekstene sine på klingende jærdialekt, slik som bare hun kan. Låtene appellerer til både det såre og det sterke, ingen går upåvirket fra en konsert med Hilde. Med andre ord er dette en konsert for hele følelsesregisteret.</p>
<p>Høsten 2018 ga Selvikvåg ut sitt andre album, «Fanga heile verden». Fem av ni spor ble raskt radiolistet, noe som er en stor og sjelden bragd av den unge jærjenta. Kritikerne er enige i at dette er gode greier:<br />
&#8220;HAR HILDE SELVIKVÅG LAGET ÅRETS NORSKE POPTRIUMF? Absolutt alt klaffer på det andre albumet til Hilde Selvikvåg.&#8221; Anmeldelse av Erik Valebrokk.</p>
<p>Billetter finner du <a href="https://www.linticket.no/page/no/69/1/105?fbclid=IwAR17dGYjOeb1Rdq3QbhbCAEtl_pLGcoigmPl_Eug2hpaGzJIv-sarDJHRkU" target="_blank" rel="noopener noreferrer">her.</a></p>
<p>&#8212;&#8212;&#8212;&#8212;&#8212;&#8212;&#8212;&#8212;&#8212;&#8212;&#8212;&#8212;&#8212;&#8212;&#8212;&#8212;&#8212;&#8212;&#8212;&#8212;&#8212;&#8212;&#8212;&#8212;&#8212;&#8212;&#8212;&#8212;&#8212;&#8212;&#8212;&#8212;&#8212;&#8212;&#8212;&#8212;&#8212;&#8212;&#8211;</p>
<p>Dørene åpner kl. 19.30. Servering.</p>
<p>Fyret ligger i Randaberg, kun 15 minutters kjøretur fra Stavanger.</p>
<p>Konserserien Torsdag på Tungenes er et samarbeid mellom Jærmuseet og Randaberg kommune.</p>

<p>25. april 2019 20.00-22.00 Tungenesveien 217 290,- Hilde Selvikvåg fra&#8230;</p>

<!-- This site is optimized with the Yoast SEO plugin v27.4 - https://yoast.com/product/yoast-seo-wordpress/ -->
<title>Torsdag på Tungenes: Hilde Selvikvåg - Tungenes Fyr</title>
<meta name="robots" content="index, follow, max-snippet:-1, max-image-preview:large, max-video-preview:-1" />
<link rel="canonical" href="https://www.jaermuseet.no/tungenesfyr/aktiviteter/torsdag-pa-tungenes-hilde-selvikvag/" />
<meta property="og:locale" content="nn_NO" />
<meta property="og:type" content="article" />
<meta property="og:title" content="Torsdag på Tungenes: Hilde Selvikvåg - Tungenes Fyr" />
<meta property="og:description" content="25. april 2019 20.00-22.00 Tungenesveien 217 290,- Hilde Selvikvåg fra..." />
<meta property="og:url" content="https://www.jaermuseet.no/tungenesfyr/aktiviteter/torsdag-pa-tungenes-hilde-selvikvag/" />
<meta property="og:site_name" content="Tungenes Fyr" />
<meta property="article:modified_time" content="2019-02-28T12:16:47+00:00" />
<meta property="og:image" content="https://www.jaermuseet.no/tungenesfyr/wp-content/uploads/sites/10/2019/01/cover_header220crop20web1.jpg" />
	<meta property="og:image:width" content="1886" />
	<meta property="og:image:height" content="1257" />
	<meta property="og:image:type" content="image/jpeg" />
<meta name="twitter:card" content="summary_large_image" />
<meta name="twitter:label1" content="Est. reading time" />
	<meta name="twitter:data1" content="1 minutt" />
<script type="application/ld+json" class="yoast-schema-graph">{"@context":"https:\/\/schema.org","@graph":[{"@type":"WebPage","@id":"https:\/\/www.jaermuseet.no\/tungenesfyr\/aktiviteter\/torsdag-pa-tungenes-hilde-selvikvag\/","url":"https:\/\/www.jaermuseet.no\/tungenesfyr\/aktiviteter\/torsdag-pa-tungenes-hilde-selvikvag\/","name":"Torsdag på Tungenes: Hilde Selvikvåg - Tungenes Fyr","isPartOf":{"@id":"https:\/\/www.jaermuseet.no\/tungenesfyr\/#website"},"primaryImageOfPage":{"@id":"https:\/\/www.jaermuseet.no\/tungenesfyr\/aktiviteter\/torsdag-pa-tungenes-hilde-selvikvag\/#primaryimage"},"image":{"@id":"https:\/\/www.jaermuseet.no\/tungenesfyr\/aktiviteter\/torsdag-pa-tungenes-hilde-selvikvag\/#primaryimage"},"thumbnailUrl":"https:\/\/www.jaermuseet.no\/tungenesfyr\/wp-content\/uploads\/sites\/10\/2019\/01\/cover_header220crop20web1.jpg","datePublished":"2019-01-17T08:46:37+00:00","dateModified":"2019-02-28T12:16:47+00:00","breadcrumb":{"@id":"https:\/\/www.jaermuseet.no\/tungenesfyr\/aktiviteter\/torsdag-pa-tungenes-hilde-selvikvag\/#breadcrumb"},"inLanguage":"nn-NO","potentialAction":[{"@type":"ReadAction","target":["https:\/\/www.jaermuseet.no\/tungenesfyr\/aktiviteter\/torsdag-pa-tungenes-hilde-selvikvag\/"]}]},{"@type":"ImageObject","inLanguage":"nn-NO","@id":"https:\/\/www.jaermuseet.no\/tungenesfyr\/aktiviteter\/torsdag-pa-tungenes-hilde-selvikvag\/#primaryimage","url":"https:\/\/www.jaermuseet.no\/tungenesfyr\/wp-content\/uploads\/sites\/10\/2019\/01\/cover_header220crop20web1.jpg","contentUrl":"https:\/\/www.jaermuseet.no\/tungenesfyr\/wp-content\/uploads\/sites\/10\/2019\/01\/cover_header220crop20web1.jpg","width":1886,"height":1257},{"@type":"BreadcrumbList","@id":"https:\/\/www.jaermuseet.no\/tungenesfyr\/aktiviteter\/torsdag-pa-tungenes-hilde-selvikvag\/#breadcrumb","itemListElement":[{"@type":"ListItem","position":1,"name":"Hjem","item":"https:\/\/www.jaermuseet.no\/tungenesfyr\/"},{"@type":"ListItem","position":2,"name":"Arrangementer","item":"https:\/\/www.jaermuseet.no\/tungenesfyr\/aktiviteter\/"},{"@type":"ListItem","position":3,"name":"Torsdag på Tungenes: Hilde Selvikvåg"}]},{"@type":"WebSite","@id":"https:\/\/www.jaermuseet.no\/tungenesfyr\/#website","url":"https:\/\/www.jaermuseet.no\/tungenesfyr\/","name":"Tungenes Fyr","description":"Eit kulturelt fyrtårn med eit mangfaldig aktivitetstilbod.","potentialAction":[{"@type":"SearchAction","target":{"@type":"EntryPoint","urlTemplate":"https:\/\/www.jaermuseet.no\/tungenesfyr\/?s={search_term_string}"},"query-input":{"@type":"PropertyValueSpecification","valueRequired":true,"valueName":"search_term_string"}}],"inLanguage":"nn-NO"}]}</script>
<!-- / Yoast SEO plugin. -->

Torsdag på Tungenes: Hilde Selvikvåg - Tungenes Fyr

25. april 2019 20.00-22.00 Tungenesveien 217 290,- Hilde Selvikvåg fra...

Eit kulturelt fyrtårn med eit mangfaldig aktivitetstilbod.
