{"id":703,"date":"2018-12-18T09:21:55","date_gmt":"2018-12-18T08:21:55","guid":{"rendered":"https:\/\/www.jaermuseet.no\/tungenesfyr\/?post_type=activity&#038;p=703"},"modified":"2018-12-18T09:22:37","modified_gmt":"2018-12-18T08:22:37","slug":"torsdag-pa-tungenes-daniel-kvammen","status":"publish","type":"activity","link":"https:\/\/www.jaermuseet.no\/tungenesfyr\/aktiviteter\/torsdag-pa-tungenes-daniel-kvammen\/","title":{"rendered":"Torsdag p\u00e5 Tungenes: Daniel Kvammen"},"content":{"rendered":"<div class=\"activity-meta\">\n    <div class=\"activity-meta__line\">\n        <div class=\"activity-meta__icon\">\n            <i class=\"fa fa-calendar\" aria-hidden=\"true\"><\/i>\n        <\/div>\n                                        <span class=\"meta-date\">\n                        14. februar 2019        <\/span>\n                                <span class=\"meta-time\">20.00-22.00<\/span>\n            <\/div>\n\n            <div class=\"activity-meta__line\">\n        <div class=\"activity-meta__icon\">\n            <i class=\"fa fa-map\" aria-hidden=\"true\"><\/i>\n        <\/div>\n        <span class=\"meta-location\">Tungenesveien 217<\/span>\n    <\/div>\n    \n            <div class=\"activity-meta__line\">\n        <div class=\"activity-meta__icon\">\n            <i class=\"fa fa-tag\" aria-hidden=\"true\"><\/i>\n        <\/div>\n        <span class=\"meta-price\">290,-<\/span>\n    <\/div>\n    <\/div>\n<p>Daniel Kvammen har hatt en fantastisk start p\u00e5 sin artistkarriere. Fra det trippel Spellmann-nominerte debutalbumet \u201dFremad i alle retninga\u201d har det meste g\u00e5tt oppover. Han slapp ikke mindre enn to album i 2017 -\u00abVektlaus\u00bb og knapt \u00e5tte m\u00e5neder senere &#8211; det m\u00f8rke s\u00f8sterskipet &#8211; \u00abMaktlaus\u00bb &#8211; begge mottatt til stor jubel.<\/p>\n<p>I tillegg til str\u00e5lende anmeldelser, har Kvammens album produsert en rekke radiohits som: \u201dDu fortenar ein som meg\u201d, \u00abMe dansar ikkje for moro skyld\u00bb, \u00abOm du vil ei gong til\u00bb og \u00abSom om himmelen revna\u00bb med Lars Vaular &#8211; som han s\u00e5gar vant en Spellemannpris for.<\/p>\n<p>Kvammen har brukt store deler av 2018 p\u00e5 \u00e5 spille live i b\u00e5de store og sm\u00e5 formater. P\u00e5 Tungenes er det de sm\u00e5 formatene som skinner kraftigst, og Kvammen kommer til Tungenes som akustisk trio. Det er bare \u00e5 glede seg!<br \/>\nFoto: Signe Luksengard<\/p>\n<p>Billetter finner du <a href=\"https:\/\/www.linticket.no\/page\/no\/69\/1\/99?fbclid=IwAR1LCjbDJPHyokZRpOLPQ0a41ivkhQw5iyzpS6rae-AejErCRrjscFQ7Hgs\" target=\"_blank\" rel=\"noopener\">her.<\/a><\/p>\n<p>&#8212;&#8212;&#8212;&#8212;&#8212;&#8212;&#8212;&#8212;&#8212;&#8212;&#8212;&#8212;&#8212;&#8212;&#8212;&#8212;&#8212;&#8212;&#8212;&#8212;&#8212;&#8212;&#8212;&#8212;&#8212;&#8212;&#8212;&#8212;&#8212;&#8212;&#8212;&#8212;&#8212;&#8212;&#8212;<\/p>\n<p>D\u00f8rene \u00e5pner kl. 19.30. Servering.<\/p>\n<p>Fyret ligger i Randaberg, kun 15 minutters kj\u00f8retur fra Stavanger.<\/p>\n<p>Konsertserien Torsdag p\u00e5 Tungenes er et samarbeid mellom J\u00e6rmuseet og Randaberg kommune.<\/p>\n","protected":false},"excerpt":{"rendered":"<p>14. februar 2019 20.00-22.00 Tungenesveien 217 290,- Daniel Kvammen har&#8230;<\/p>\n","protected":false},"featured_media":704,"template":"","categories":[3],"class_list":["post-703","activity","type-activity","status-publish","has-post-thumbnail","hentry","category-nytt-fra-tungenes-fyr","featured-image-size-large"],"acf":[],"yoast_head":"<!-- This site is optimized with the Yoast SEO plugin v27.4 - https:\/\/yoast.com\/product\/yoast-seo-wordpress\/ -->\n<title>Torsdag p\u00e5 Tungenes: Daniel Kvammen - Tungenes Fyr<\/title>\n<meta name=\"robots\" content=\"index, follow, max-snippet:-1, max-image-preview:large, max-video-preview:-1\" \/>\n<link rel=\"canonical\" href=\"https:\/\/www.jaermuseet.no\/tungenesfyr\/aktiviteter\/torsdag-pa-tungenes-daniel-kvammen\/\" \/>\n<meta property=\"og:locale\" content=\"nn_NO\" \/>\n<meta property=\"og:type\" content=\"article\" \/>\n<meta property=\"og:title\" content=\"Torsdag p\u00e5 Tungenes: Daniel Kvammen - Tungenes Fyr\" \/>\n<meta property=\"og:description\" content=\"14. februar 2019 20.00-22.00 Tungenesveien 217 290,- Daniel Kvammen har...\" \/>\n<meta property=\"og:url\" content=\"https:\/\/www.jaermuseet.no\/tungenesfyr\/aktiviteter\/torsdag-pa-tungenes-daniel-kvammen\/\" \/>\n<meta property=\"og:site_name\" content=\"Tungenes Fyr\" \/>\n<meta property=\"article:modified_time\" content=\"2018-12-18T08:22:37+00:00\" \/>\n<meta property=\"og:image\" content=\"https:\/\/www.jaermuseet.no\/tungenesfyr\/wp-content\/uploads\/sites\/10\/2018\/12\/Signe20Luksengard20Daniel20Kvammen20crop.jpg\" \/>\n\t<meta property=\"og:image:width\" content=\"2011\" \/>\n\t<meta property=\"og:image:height\" content=\"1340\" \/>\n\t<meta property=\"og:image:type\" content=\"image\/jpeg\" \/>\n<meta name=\"twitter:card\" content=\"summary_large_image\" \/>\n<meta name=\"twitter:label1\" content=\"Est. reading time\" \/>\n\t<meta name=\"twitter:data1\" content=\"1 minutt\" \/>\n<script type=\"application\/ld+json\" class=\"yoast-schema-graph\">{\"@context\":\"https:\\\/\\\/schema.org\",\"@graph\":[{\"@type\":\"WebPage\",\"@id\":\"https:\\\/\\\/www.jaermuseet.no\\\/tungenesfyr\\\/aktiviteter\\\/torsdag-pa-tungenes-daniel-kvammen\\\/\",\"url\":\"https:\\\/\\\/www.jaermuseet.no\\\/tungenesfyr\\\/aktiviteter\\\/torsdag-pa-tungenes-daniel-kvammen\\\/\",\"name\":\"Torsdag p\u00e5 Tungenes: Daniel Kvammen - Tungenes Fyr\",\"isPartOf\":{\"@id\":\"https:\\\/\\\/www.jaermuseet.no\\\/tungenesfyr\\\/#website\"},\"primaryImageOfPage\":{\"@id\":\"https:\\\/\\\/www.jaermuseet.no\\\/tungenesfyr\\\/aktiviteter\\\/torsdag-pa-tungenes-daniel-kvammen\\\/#primaryimage\"},\"image\":{\"@id\":\"https:\\\/\\\/www.jaermuseet.no\\\/tungenesfyr\\\/aktiviteter\\\/torsdag-pa-tungenes-daniel-kvammen\\\/#primaryimage\"},\"thumbnailUrl\":\"https:\\\/\\\/www.jaermuseet.no\\\/tungenesfyr\\\/wp-content\\\/uploads\\\/sites\\\/10\\\/2018\\\/12\\\/Signe20Luksengard20Daniel20Kvammen20crop.jpg\",\"datePublished\":\"2018-12-18T08:21:55+00:00\",\"dateModified\":\"2018-12-18T08:22:37+00:00\",\"breadcrumb\":{\"@id\":\"https:\\\/\\\/www.jaermuseet.no\\\/tungenesfyr\\\/aktiviteter\\\/torsdag-pa-tungenes-daniel-kvammen\\\/#breadcrumb\"},\"inLanguage\":\"nn-NO\",\"potentialAction\":[{\"@type\":\"ReadAction\",\"target\":[\"https:\\\/\\\/www.jaermuseet.no\\\/tungenesfyr\\\/aktiviteter\\\/torsdag-pa-tungenes-daniel-kvammen\\\/\"]}]},{\"@type\":\"ImageObject\",\"inLanguage\":\"nn-NO\",\"@id\":\"https:\\\/\\\/www.jaermuseet.no\\\/tungenesfyr\\\/aktiviteter\\\/torsdag-pa-tungenes-daniel-kvammen\\\/#primaryimage\",\"url\":\"https:\\\/\\\/www.jaermuseet.no\\\/tungenesfyr\\\/wp-content\\\/uploads\\\/sites\\\/10\\\/2018\\\/12\\\/Signe20Luksengard20Daniel20Kvammen20crop.jpg\",\"contentUrl\":\"https:\\\/\\\/www.jaermuseet.no\\\/tungenesfyr\\\/wp-content\\\/uploads\\\/sites\\\/10\\\/2018\\\/12\\\/Signe20Luksengard20Daniel20Kvammen20crop.jpg\",\"width\":2011,\"height\":1340},{\"@type\":\"BreadcrumbList\",\"@id\":\"https:\\\/\\\/www.jaermuseet.no\\\/tungenesfyr\\\/aktiviteter\\\/torsdag-pa-tungenes-daniel-kvammen\\\/#breadcrumb\",\"itemListElement\":[{\"@type\":\"ListItem\",\"position\":1,\"name\":\"Hjem\",\"item\":\"https:\\\/\\\/www.jaermuseet.no\\\/tungenesfyr\\\/\"},{\"@type\":\"ListItem\",\"position\":2,\"name\":\"Arrangementer\",\"item\":\"https:\\\/\\\/www.jaermuseet.no\\\/tungenesfyr\\\/aktiviteter\\\/\"},{\"@type\":\"ListItem\",\"position\":3,\"name\":\"Torsdag p\u00e5 Tungenes: Daniel Kvammen\"}]},{\"@type\":\"WebSite\",\"@id\":\"https:\\\/\\\/www.jaermuseet.no\\\/tungenesfyr\\\/#website\",\"url\":\"https:\\\/\\\/www.jaermuseet.no\\\/tungenesfyr\\\/\",\"name\":\"Tungenes Fyr\",\"description\":\"Eit kulturelt fyrt\u00e5rn med eit mangfaldig aktivitetstilbod.\",\"potentialAction\":[{\"@type\":\"SearchAction\",\"target\":{\"@type\":\"EntryPoint\",\"urlTemplate\":\"https:\\\/\\\/www.jaermuseet.no\\\/tungenesfyr\\\/?s={search_term_string}\"},\"query-input\":{\"@type\":\"PropertyValueSpecification\",\"valueRequired\":true,\"valueName\":\"search_term_string\"}}],\"inLanguage\":\"nn-NO\"}]}<\/script>\n<!-- \/ Yoast SEO plugin. -->","yoast_head_json":{"title":"Torsdag p\u00e5 Tungenes: Daniel Kvammen - Tungenes Fyr","robots":{"index":"index","follow":"follow","max-snippet":"max-snippet:-1","max-image-preview":"max-image-preview:large","max-video-preview":"max-video-preview:-1"},"canonical":"https:\/\/www.jaermuseet.no\/tungenesfyr\/aktiviteter\/torsdag-pa-tungenes-daniel-kvammen\/","og_locale":"nn_NO","og_type":"article","og_title":"Torsdag p\u00e5 Tungenes: Daniel Kvammen - Tungenes Fyr","og_description":"14. februar 2019 20.00-22.00 Tungenesveien 217 290,- Daniel Kvammen har...","og_url":"https:\/\/www.jaermuseet.no\/tungenesfyr\/aktiviteter\/torsdag-pa-tungenes-daniel-kvammen\/","og_site_name":"Tungenes Fyr","article_modified_time":"2018-12-18T08:22:37+00:00","og_image":[{"width":2011,"height":1340,"url":"https:\/\/www.jaermuseet.no\/tungenesfyr\/wp-content\/uploads\/sites\/10\/2018\/12\/Signe20Luksengard20Daniel20Kvammen20crop.jpg","type":"image\/jpeg"}],"twitter_card":"summary_large_image","twitter_misc":{"Est. reading time":"1 minutt"},"schema":{"@context":"https:\/\/schema.org","@graph":[{"@type":"WebPage","@id":"https:\/\/www.jaermuseet.no\/tungenesfyr\/aktiviteter\/torsdag-pa-tungenes-daniel-kvammen\/","url":"https:\/\/www.jaermuseet.no\/tungenesfyr\/aktiviteter\/torsdag-pa-tungenes-daniel-kvammen\/","name":"Torsdag p\u00e5 Tungenes: Daniel Kvammen - Tungenes Fyr","isPartOf":{"@id":"https:\/\/www.jaermuseet.no\/tungenesfyr\/#website"},"primaryImageOfPage":{"@id":"https:\/\/www.jaermuseet.no\/tungenesfyr\/aktiviteter\/torsdag-pa-tungenes-daniel-kvammen\/#primaryimage"},"image":{"@id":"https:\/\/www.jaermuseet.no\/tungenesfyr\/aktiviteter\/torsdag-pa-tungenes-daniel-kvammen\/#primaryimage"},"thumbnailUrl":"https:\/\/www.jaermuseet.no\/tungenesfyr\/wp-content\/uploads\/sites\/10\/2018\/12\/Signe20Luksengard20Daniel20Kvammen20crop.jpg","datePublished":"2018-12-18T08:21:55+00:00","dateModified":"2018-12-18T08:22:37+00:00","breadcrumb":{"@id":"https:\/\/www.jaermuseet.no\/tungenesfyr\/aktiviteter\/torsdag-pa-tungenes-daniel-kvammen\/#breadcrumb"},"inLanguage":"nn-NO","potentialAction":[{"@type":"ReadAction","target":["https:\/\/www.jaermuseet.no\/tungenesfyr\/aktiviteter\/torsdag-pa-tungenes-daniel-kvammen\/"]}]},{"@type":"ImageObject","inLanguage":"nn-NO","@id":"https:\/\/www.jaermuseet.no\/tungenesfyr\/aktiviteter\/torsdag-pa-tungenes-daniel-kvammen\/#primaryimage","url":"https:\/\/www.jaermuseet.no\/tungenesfyr\/wp-content\/uploads\/sites\/10\/2018\/12\/Signe20Luksengard20Daniel20Kvammen20crop.jpg","contentUrl":"https:\/\/www.jaermuseet.no\/tungenesfyr\/wp-content\/uploads\/sites\/10\/2018\/12\/Signe20Luksengard20Daniel20Kvammen20crop.jpg","width":2011,"height":1340},{"@type":"BreadcrumbList","@id":"https:\/\/www.jaermuseet.no\/tungenesfyr\/aktiviteter\/torsdag-pa-tungenes-daniel-kvammen\/#breadcrumb","itemListElement":[{"@type":"ListItem","position":1,"name":"Hjem","item":"https:\/\/www.jaermuseet.no\/tungenesfyr\/"},{"@type":"ListItem","position":2,"name":"Arrangementer","item":"https:\/\/www.jaermuseet.no\/tungenesfyr\/aktiviteter\/"},{"@type":"ListItem","position":3,"name":"Torsdag p\u00e5 Tungenes: Daniel Kvammen"}]},{"@type":"WebSite","@id":"https:\/\/www.jaermuseet.no\/tungenesfyr\/#website","url":"https:\/\/www.jaermuseet.no\/tungenesfyr\/","name":"Tungenes Fyr","description":"Eit kulturelt fyrt\u00e5rn med eit mangfaldig aktivitetstilbod.","potentialAction":[{"@type":"SearchAction","target":{"@type":"EntryPoint","urlTemplate":"https:\/\/www.jaermuseet.no\/tungenesfyr\/?s={search_term_string}"},"query-input":{"@type":"PropertyValueSpecification","valueRequired":true,"valueName":"search_term_string"}}],"inLanguage":"nn-NO"}]}},"jetpack_sharing_enabled":true,"_links":{"self":[{"href":"https:\/\/www.jaermuseet.no\/tungenesfyr\/wp-json\/wp\/v2\/activity\/703","targetHints":{"allow":["GET"]}}],"collection":[{"href":"https:\/\/www.jaermuseet.no\/tungenesfyr\/wp-json\/wp\/v2\/activity"}],"about":[{"href":"https:\/\/www.jaermuseet.no\/tungenesfyr\/wp-json\/wp\/v2\/types\/activity"}],"version-history":[{"count":1,"href":"https:\/\/www.jaermuseet.no\/tungenesfyr\/wp-json\/wp\/v2\/activity\/703\/revisions"}],"predecessor-version":[{"id":705,"href":"https:\/\/www.jaermuseet.no\/tungenesfyr\/wp-json\/wp\/v2\/activity\/703\/revisions\/705"}],"wp:featuredmedia":[{"embeddable":true,"href":"https:\/\/www.jaermuseet.no\/tungenesfyr\/wp-json\/wp\/v2\/media\/704"}],"wp:attachment":[{"href":"https:\/\/www.jaermuseet.no\/tungenesfyr\/wp-json\/wp\/v2\/media?parent=703"}],"wp:term":[{"taxonomy":"category","embeddable":true,"href":"https:\/\/www.jaermuseet.no\/tungenesfyr\/wp-json\/wp\/v2\/categories?post=703"}],"curies":[{"name":"wp","href":"https:\/\/api.w.org\/{rel}","templated":true}]}}

Torsdag på Tungenes: Daniel Kvammen

<div class="activity-meta">
    <div class="activity-meta__line">
        <div class="activity-meta__icon">
            <i class="fa fa-calendar" aria-hidden="true"></i>
        </div>
                                        <span class="meta-date">
                        14. februar 2019        </span>
                                <span class="meta-time">20.00-22.00</span>
            </div>

            <div class="activity-meta__line">
        <div class="activity-meta__icon">
            <i class="fa fa-map" aria-hidden="true"></i>
        </div>
        <span class="meta-location">Tungenesveien 217</span>
    </div>
    
            <div class="activity-meta__line">
        <div class="activity-meta__icon">
            <i class="fa fa-tag" aria-hidden="true"></i>
        </div>
        <span class="meta-price">290,-</span>
    </div>
    </div>
<p>Daniel Kvammen har hatt en fantastisk start på sin artistkarriere. Fra det trippel Spellmann-nominerte debutalbumet ”Fremad i alle retninga” har det meste gått oppover. Han slapp ikke mindre enn to album i 2017 -«Vektlaus» og knapt åtte måneder senere &#8211; det mørke søsterskipet &#8211; «Maktlaus» &#8211; begge mottatt til stor jubel.</p>
<p>I tillegg til strålende anmeldelser, har Kvammens album produsert en rekke radiohits som: ”Du fortenar ein som meg”, «Me dansar ikkje for moro skyld», «Om du vil ei gong til» og «Som om himmelen revna» med Lars Vaular &#8211; som han sågar vant en Spellemannpris for.</p>
<p>Kvammen har brukt store deler av 2018 på å spille live i både store og små formater. På Tungenes er det de små formatene som skinner kraftigst, og Kvammen kommer til Tungenes som akustisk trio. Det er bare å glede seg!<br />
Foto: Signe Luksengard</p>
<p>Billetter finner du <a href="https://www.linticket.no/page/no/69/1/99?fbclid=IwAR1LCjbDJPHyokZRpOLPQ0a41ivkhQw5iyzpS6rae-AejErCRrjscFQ7Hgs" target="_blank" rel="noopener">her.</a></p>
<p>&#8212;&#8212;&#8212;&#8212;&#8212;&#8212;&#8212;&#8212;&#8212;&#8212;&#8212;&#8212;&#8212;&#8212;&#8212;&#8212;&#8212;&#8212;&#8212;&#8212;&#8212;&#8212;&#8212;&#8212;&#8212;&#8212;&#8212;&#8212;&#8212;&#8212;&#8212;&#8212;&#8212;&#8212;&#8212;</p>
<p>Dørene åpner kl. 19.30. Servering.</p>
<p>Fyret ligger i Randaberg, kun 15 minutters kjøretur fra Stavanger.</p>
<p>Konsertserien Torsdag på Tungenes er et samarbeid mellom Jærmuseet og Randaberg kommune.</p>

<!-- This site is optimized with the Yoast SEO plugin v27.4 - https://yoast.com/product/yoast-seo-wordpress/ -->
<title>Torsdag på Tungenes: Daniel Kvammen - Tungenes Fyr</title>
<meta name="robots" content="index, follow, max-snippet:-1, max-image-preview:large, max-video-preview:-1" />
<link rel="canonical" href="https://www.jaermuseet.no/tungenesfyr/aktiviteter/torsdag-pa-tungenes-daniel-kvammen/" />
<meta property="og:locale" content="nn_NO" />
<meta property="og:type" content="article" />
<meta property="og:title" content="Torsdag på Tungenes: Daniel Kvammen - Tungenes Fyr" />
<meta property="og:description" content="14. februar 2019 20.00-22.00 Tungenesveien 217 290,- Daniel Kvammen har..." />
<meta property="og:url" content="https://www.jaermuseet.no/tungenesfyr/aktiviteter/torsdag-pa-tungenes-daniel-kvammen/" />
<meta property="og:site_name" content="Tungenes Fyr" />
<meta property="article:modified_time" content="2018-12-18T08:22:37+00:00" />
<meta property="og:image" content="https://www.jaermuseet.no/tungenesfyr/wp-content/uploads/sites/10/2018/12/Signe20Luksengard20Daniel20Kvammen20crop.jpg" />
	<meta property="og:image:width" content="2011" />
	<meta property="og:image:height" content="1340" />
	<meta property="og:image:type" content="image/jpeg" />
<meta name="twitter:card" content="summary_large_image" />
<meta name="twitter:label1" content="Est. reading time" />
	<meta name="twitter:data1" content="1 minutt" />
<script type="application/ld+json" class="yoast-schema-graph">{"@context":"https:\/\/schema.org","@graph":[{"@type":"WebPage","@id":"https:\/\/www.jaermuseet.no\/tungenesfyr\/aktiviteter\/torsdag-pa-tungenes-daniel-kvammen\/","url":"https:\/\/www.jaermuseet.no\/tungenesfyr\/aktiviteter\/torsdag-pa-tungenes-daniel-kvammen\/","name":"Torsdag på Tungenes: Daniel Kvammen - Tungenes Fyr","isPartOf":{"@id":"https:\/\/www.jaermuseet.no\/tungenesfyr\/#website"},"primaryImageOfPage":{"@id":"https:\/\/www.jaermuseet.no\/tungenesfyr\/aktiviteter\/torsdag-pa-tungenes-daniel-kvammen\/#primaryimage"},"image":{"@id":"https:\/\/www.jaermuseet.no\/tungenesfyr\/aktiviteter\/torsdag-pa-tungenes-daniel-kvammen\/#primaryimage"},"thumbnailUrl":"https:\/\/www.jaermuseet.no\/tungenesfyr\/wp-content\/uploads\/sites\/10\/2018\/12\/Signe20Luksengard20Daniel20Kvammen20crop.jpg","datePublished":"2018-12-18T08:21:55+00:00","dateModified":"2018-12-18T08:22:37+00:00","breadcrumb":{"@id":"https:\/\/www.jaermuseet.no\/tungenesfyr\/aktiviteter\/torsdag-pa-tungenes-daniel-kvammen\/#breadcrumb"},"inLanguage":"nn-NO","potentialAction":[{"@type":"ReadAction","target":["https:\/\/www.jaermuseet.no\/tungenesfyr\/aktiviteter\/torsdag-pa-tungenes-daniel-kvammen\/"]}]},{"@type":"ImageObject","inLanguage":"nn-NO","@id":"https:\/\/www.jaermuseet.no\/tungenesfyr\/aktiviteter\/torsdag-pa-tungenes-daniel-kvammen\/#primaryimage","url":"https:\/\/www.jaermuseet.no\/tungenesfyr\/wp-content\/uploads\/sites\/10\/2018\/12\/Signe20Luksengard20Daniel20Kvammen20crop.jpg","contentUrl":"https:\/\/www.jaermuseet.no\/tungenesfyr\/wp-content\/uploads\/sites\/10\/2018\/12\/Signe20Luksengard20Daniel20Kvammen20crop.jpg","width":2011,"height":1340},{"@type":"BreadcrumbList","@id":"https:\/\/www.jaermuseet.no\/tungenesfyr\/aktiviteter\/torsdag-pa-tungenes-daniel-kvammen\/#breadcrumb","itemListElement":[{"@type":"ListItem","position":1,"name":"Hjem","item":"https:\/\/www.jaermuseet.no\/tungenesfyr\/"},{"@type":"ListItem","position":2,"name":"Arrangementer","item":"https:\/\/www.jaermuseet.no\/tungenesfyr\/aktiviteter\/"},{"@type":"ListItem","position":3,"name":"Torsdag på Tungenes: Daniel Kvammen"}]},{"@type":"WebSite","@id":"https:\/\/www.jaermuseet.no\/tungenesfyr\/#website","url":"https:\/\/www.jaermuseet.no\/tungenesfyr\/","name":"Tungenes Fyr","description":"Eit kulturelt fyrtårn med eit mangfaldig aktivitetstilbod.","potentialAction":[{"@type":"SearchAction","target":{"@type":"EntryPoint","urlTemplate":"https:\/\/www.jaermuseet.no\/tungenesfyr\/?s={search_term_string}"},"query-input":{"@type":"PropertyValueSpecification","valueRequired":true,"valueName":"search_term_string"}}],"inLanguage":"nn-NO"}]}</script>
<!-- / Yoast SEO plugin. -->

Torsdag på Tungenes: Daniel Kvammen - Tungenes Fyr

Eit kulturelt fyrtårn med eit mangfaldig aktivitetstilbod.
