{"id":1477,"date":"2025-10-03T13:00:09","date_gmt":"2025-10-03T11:00:09","guid":{"rendered":"https:\/\/www.jaermuseet.no\/tungenesfyr\/?post_type=activity&#038;p=1477"},"modified":"2025-10-03T13:00:10","modified_gmt":"2025-10-03T11:00:10","slug":"utsolgt-rita-eriksen-og-dag-vagle-vinterlys-2","status":"publish","type":"activity","link":"https:\/\/www.jaermuseet.no\/tungenesfyr\/aktiviteter\/utsolgt-rita-eriksen-og-dag-vagle-vinterlys-2\/","title":{"rendered":"UTSOLGT! Rita Eriksen og Dag Vagle &#8211; Vinterlys"},"content":{"rendered":"<div class=\"activity-meta\">\n    <div class=\"activity-meta__line\">\n        <div class=\"activity-meta__icon\">\n            <i class=\"fa fa-calendar\" aria-hidden=\"true\"><\/i>\n        <\/div>\n                                        <span class=\"meta-date\">\n                        17. desember 2025        <\/span>\n                                <span class=\"meta-time\">20.00-21.30<\/span>\n            <\/div>\n\n            <div class=\"activity-meta__line\">\n        <div class=\"activity-meta__icon\">\n            <i class=\"fa fa-map\" aria-hidden=\"true\"><\/i>\n        <\/div>\n        <span class=\"meta-location\">Tungenesveien 215<\/span>\n    <\/div>\n    \n        <\/div>\n\n<p><strong>Rita Eriksen og Dag Vagle kommer ogs\u00e5 i \u00e5r til Tungenes med julekonserten Vinterlys, direkte fra \u00f8ving nede i Tungev\u00e5gen. Sammen med bandet sitt tar de med seg varme toner og mange sm\u00e5 lysglimt for \u00e5 lyse opp i denne m\u00f8rke \u00e5rstida.<\/strong><\/p>\n\n\n\n<p>Rita Eriksen og Dag Vagle har kjent hverandre i en \u00e5rrekke, og jobbet sammen ved mange anledninger, og stemmene kler hverandre helt nydelig. Publikum vil denne kvelden f\u00e5 h\u00f8re kjente l\u00e5ter som forbindes med julen, og utvalgte perler fra b\u00e5de Rita og Dag. Det hele bundet sammen av et eminent band. Nytt tilskudd i bandet dette \u00e5ret er Randabergs egne Christer Knudsen p\u00e5 tangenter. S\u00e5 n\u00e5 har du enda en god grunn til \u00e5 kommer:) Dette er en unik sjanse til \u00e5 oppleve denne fine gjengen i intime lokaler ytterst p\u00e5 nordspissen av J\u00e6ren.<br><br><strong>Besetning:<\/strong><br>Rita Eriksen &#8211; vokal<br>Dag Vagle \u2013 vokal og gitar<br>Nikolai Storevik &#8211; fele og mandolin<br>Christer Knudsen &#8211; tangenter<br>Gjermund Silset &#8211; Kontrabass<\/p>\n\n\n\n<p>Billetter finner du <a href=\"https:\/\/www.linticket.no\/page\/no\/69\/1\/678?fbclid=IwY2xjawNMiwVleHRuA2FlbQIxMABicmlkETBEamhreWxib05nd3ZLYVhXAR4m8SReoVkEzmDRMuLpPcB3p7XbP5e6wYLpS6wu6zL2mkcjL8wO0_CkgmDdpA_aem_vos_m61tVRDOEuS3g5KK-w\" target=\"_blank\" rel=\"noreferrer noopener\">her.<\/a><\/p>\n\n\n\n<p><strong>D\u00f8rene \u00e5pner kl. 19.30. Servering.<\/strong><\/p>\n\n\n\n<p>Fyret ligger i Randaberg, kun 15 minutters kj\u00f8retur fra Stavanger.<\/p>\n","protected":false},"excerpt":{"rendered":"<p>17. desember 2025 20.00-21.30 Tungenesveien 215 Rita Eriksen og Dag&#8230;<\/p>\n","protected":false},"featured_media":1328,"template":"","categories":[3],"class_list":["post-1477","activity","type-activity","status-publish","has-post-thumbnail","hentry","category-nytt-fra-tungenes-fyr","featured-image-size-large"],"acf":[],"yoast_head":"<!-- This site is optimized with the Yoast SEO plugin v27.4 - https:\/\/yoast.com\/product\/yoast-seo-wordpress\/ -->\n<title>UTSOLGT! Rita Eriksen og Dag Vagle - Vinterlys - Tungenes Fyr<\/title>\n<meta name=\"robots\" content=\"index, follow, max-snippet:-1, max-image-preview:large, max-video-preview:-1\" \/>\n<link rel=\"canonical\" href=\"https:\/\/www.jaermuseet.no\/tungenesfyr\/aktiviteter\/utsolgt-rita-eriksen-og-dag-vagle-vinterlys-2\/\" \/>\n<meta property=\"og:locale\" content=\"nn_NO\" \/>\n<meta property=\"og:type\" content=\"article\" \/>\n<meta property=\"og:title\" content=\"UTSOLGT! Rita Eriksen og Dag Vagle - Vinterlys - Tungenes Fyr\" \/>\n<meta property=\"og:description\" content=\"17. desember 2025 20.00-21.30 Tungenesveien 215 Rita Eriksen og Dag...\" \/>\n<meta property=\"og:url\" content=\"https:\/\/www.jaermuseet.no\/tungenesfyr\/aktiviteter\/utsolgt-rita-eriksen-og-dag-vagle-vinterlys-2\/\" \/>\n<meta property=\"og:site_name\" content=\"Tungenes Fyr\" \/>\n<meta property=\"article:modified_time\" content=\"2025-10-03T11:00:10+00:00\" \/>\n<meta property=\"og:image\" content=\"https:\/\/www.jaermuseet.no\/tungenesfyr\/wp-content\/uploads\/sites\/10\/2024\/11\/Morgenvinterlys2-web-crop.jpg\" \/>\n\t<meta property=\"og:image:width\" content=\"1024\" \/>\n\t<meta property=\"og:image:height\" content=\"682\" \/>\n\t<meta property=\"og:image:type\" content=\"image\/jpeg\" \/>\n<meta name=\"twitter:card\" content=\"summary_large_image\" \/>\n<meta name=\"twitter:label1\" content=\"Est. reading time\" \/>\n\t<meta name=\"twitter:data1\" content=\"2 minutt\" \/>\n<script type=\"application\/ld+json\" class=\"yoast-schema-graph\">{\"@context\":\"https:\\\/\\\/schema.org\",\"@graph\":[{\"@type\":\"WebPage\",\"@id\":\"https:\\\/\\\/www.jaermuseet.no\\\/tungenesfyr\\\/aktiviteter\\\/utsolgt-rita-eriksen-og-dag-vagle-vinterlys-2\\\/\",\"url\":\"https:\\\/\\\/www.jaermuseet.no\\\/tungenesfyr\\\/aktiviteter\\\/utsolgt-rita-eriksen-og-dag-vagle-vinterlys-2\\\/\",\"name\":\"UTSOLGT! Rita Eriksen og Dag Vagle - Vinterlys - Tungenes Fyr\",\"isPartOf\":{\"@id\":\"https:\\\/\\\/www.jaermuseet.no\\\/tungenesfyr\\\/#website\"},\"primaryImageOfPage\":{\"@id\":\"https:\\\/\\\/www.jaermuseet.no\\\/tungenesfyr\\\/aktiviteter\\\/utsolgt-rita-eriksen-og-dag-vagle-vinterlys-2\\\/#primaryimage\"},\"image\":{\"@id\":\"https:\\\/\\\/www.jaermuseet.no\\\/tungenesfyr\\\/aktiviteter\\\/utsolgt-rita-eriksen-og-dag-vagle-vinterlys-2\\\/#primaryimage\"},\"thumbnailUrl\":\"https:\\\/\\\/www.jaermuseet.no\\\/tungenesfyr\\\/wp-content\\\/uploads\\\/sites\\\/10\\\/2024\\\/11\\\/Morgenvinterlys2-web-crop.jpg\",\"datePublished\":\"2025-10-03T11:00:09+00:00\",\"dateModified\":\"2025-10-03T11:00:10+00:00\",\"breadcrumb\":{\"@id\":\"https:\\\/\\\/www.jaermuseet.no\\\/tungenesfyr\\\/aktiviteter\\\/utsolgt-rita-eriksen-og-dag-vagle-vinterlys-2\\\/#breadcrumb\"},\"inLanguage\":\"nn-NO\",\"potentialAction\":[{\"@type\":\"ReadAction\",\"target\":[\"https:\\\/\\\/www.jaermuseet.no\\\/tungenesfyr\\\/aktiviteter\\\/utsolgt-rita-eriksen-og-dag-vagle-vinterlys-2\\\/\"]}]},{\"@type\":\"ImageObject\",\"inLanguage\":\"nn-NO\",\"@id\":\"https:\\\/\\\/www.jaermuseet.no\\\/tungenesfyr\\\/aktiviteter\\\/utsolgt-rita-eriksen-og-dag-vagle-vinterlys-2\\\/#primaryimage\",\"url\":\"https:\\\/\\\/www.jaermuseet.no\\\/tungenesfyr\\\/wp-content\\\/uploads\\\/sites\\\/10\\\/2024\\\/11\\\/Morgenvinterlys2-web-crop.jpg\",\"contentUrl\":\"https:\\\/\\\/www.jaermuseet.no\\\/tungenesfyr\\\/wp-content\\\/uploads\\\/sites\\\/10\\\/2024\\\/11\\\/Morgenvinterlys2-web-crop.jpg\",\"width\":1024,\"height\":682},{\"@type\":\"BreadcrumbList\",\"@id\":\"https:\\\/\\\/www.jaermuseet.no\\\/tungenesfyr\\\/aktiviteter\\\/utsolgt-rita-eriksen-og-dag-vagle-vinterlys-2\\\/#breadcrumb\",\"itemListElement\":[{\"@type\":\"ListItem\",\"position\":1,\"name\":\"Hjem\",\"item\":\"https:\\\/\\\/www.jaermuseet.no\\\/tungenesfyr\\\/\"},{\"@type\":\"ListItem\",\"position\":2,\"name\":\"Arrangementer\",\"item\":\"https:\\\/\\\/www.jaermuseet.no\\\/tungenesfyr\\\/aktiviteter\\\/\"},{\"@type\":\"ListItem\",\"position\":3,\"name\":\"UTSOLGT! Rita Eriksen og Dag Vagle &#8211; Vinterlys\"}]},{\"@type\":\"WebSite\",\"@id\":\"https:\\\/\\\/www.jaermuseet.no\\\/tungenesfyr\\\/#website\",\"url\":\"https:\\\/\\\/www.jaermuseet.no\\\/tungenesfyr\\\/\",\"name\":\"Tungenes Fyr\",\"description\":\"Eit kulturelt fyrt\u00e5rn med eit mangfaldig aktivitetstilbod.\",\"potentialAction\":[{\"@type\":\"SearchAction\",\"target\":{\"@type\":\"EntryPoint\",\"urlTemplate\":\"https:\\\/\\\/www.jaermuseet.no\\\/tungenesfyr\\\/?s={search_term_string}\"},\"query-input\":{\"@type\":\"PropertyValueSpecification\",\"valueRequired\":true,\"valueName\":\"search_term_string\"}}],\"inLanguage\":\"nn-NO\"}]}<\/script>\n<!-- \/ Yoast SEO plugin. -->","yoast_head_json":{"title":"UTSOLGT! Rita Eriksen og Dag Vagle - Vinterlys - Tungenes Fyr","robots":{"index":"index","follow":"follow","max-snippet":"max-snippet:-1","max-image-preview":"max-image-preview:large","max-video-preview":"max-video-preview:-1"},"canonical":"https:\/\/www.jaermuseet.no\/tungenesfyr\/aktiviteter\/utsolgt-rita-eriksen-og-dag-vagle-vinterlys-2\/","og_locale":"nn_NO","og_type":"article","og_title":"UTSOLGT! Rita Eriksen og Dag Vagle - Vinterlys - Tungenes Fyr","og_description":"17. desember 2025 20.00-21.30 Tungenesveien 215 Rita Eriksen og Dag...","og_url":"https:\/\/www.jaermuseet.no\/tungenesfyr\/aktiviteter\/utsolgt-rita-eriksen-og-dag-vagle-vinterlys-2\/","og_site_name":"Tungenes Fyr","article_modified_time":"2025-10-03T11:00:10+00:00","og_image":[{"width":1024,"height":682,"url":"https:\/\/www.jaermuseet.no\/tungenesfyr\/wp-content\/uploads\/sites\/10\/2024\/11\/Morgenvinterlys2-web-crop.jpg","type":"image\/jpeg"}],"twitter_card":"summary_large_image","twitter_misc":{"Est. reading time":"2 minutt"},"schema":{"@context":"https:\/\/schema.org","@graph":[{"@type":"WebPage","@id":"https:\/\/www.jaermuseet.no\/tungenesfyr\/aktiviteter\/utsolgt-rita-eriksen-og-dag-vagle-vinterlys-2\/","url":"https:\/\/www.jaermuseet.no\/tungenesfyr\/aktiviteter\/utsolgt-rita-eriksen-og-dag-vagle-vinterlys-2\/","name":"UTSOLGT! Rita Eriksen og Dag Vagle - Vinterlys - Tungenes Fyr","isPartOf":{"@id":"https:\/\/www.jaermuseet.no\/tungenesfyr\/#website"},"primaryImageOfPage":{"@id":"https:\/\/www.jaermuseet.no\/tungenesfyr\/aktiviteter\/utsolgt-rita-eriksen-og-dag-vagle-vinterlys-2\/#primaryimage"},"image":{"@id":"https:\/\/www.jaermuseet.no\/tungenesfyr\/aktiviteter\/utsolgt-rita-eriksen-og-dag-vagle-vinterlys-2\/#primaryimage"},"thumbnailUrl":"https:\/\/www.jaermuseet.no\/tungenesfyr\/wp-content\/uploads\/sites\/10\/2024\/11\/Morgenvinterlys2-web-crop.jpg","datePublished":"2025-10-03T11:00:09+00:00","dateModified":"2025-10-03T11:00:10+00:00","breadcrumb":{"@id":"https:\/\/www.jaermuseet.no\/tungenesfyr\/aktiviteter\/utsolgt-rita-eriksen-og-dag-vagle-vinterlys-2\/#breadcrumb"},"inLanguage":"nn-NO","potentialAction":[{"@type":"ReadAction","target":["https:\/\/www.jaermuseet.no\/tungenesfyr\/aktiviteter\/utsolgt-rita-eriksen-og-dag-vagle-vinterlys-2\/"]}]},{"@type":"ImageObject","inLanguage":"nn-NO","@id":"https:\/\/www.jaermuseet.no\/tungenesfyr\/aktiviteter\/utsolgt-rita-eriksen-og-dag-vagle-vinterlys-2\/#primaryimage","url":"https:\/\/www.jaermuseet.no\/tungenesfyr\/wp-content\/uploads\/sites\/10\/2024\/11\/Morgenvinterlys2-web-crop.jpg","contentUrl":"https:\/\/www.jaermuseet.no\/tungenesfyr\/wp-content\/uploads\/sites\/10\/2024\/11\/Morgenvinterlys2-web-crop.jpg","width":1024,"height":682},{"@type":"BreadcrumbList","@id":"https:\/\/www.jaermuseet.no\/tungenesfyr\/aktiviteter\/utsolgt-rita-eriksen-og-dag-vagle-vinterlys-2\/#breadcrumb","itemListElement":[{"@type":"ListItem","position":1,"name":"Hjem","item":"https:\/\/www.jaermuseet.no\/tungenesfyr\/"},{"@type":"ListItem","position":2,"name":"Arrangementer","item":"https:\/\/www.jaermuseet.no\/tungenesfyr\/aktiviteter\/"},{"@type":"ListItem","position":3,"name":"UTSOLGT! Rita Eriksen og Dag Vagle &#8211; Vinterlys"}]},{"@type":"WebSite","@id":"https:\/\/www.jaermuseet.no\/tungenesfyr\/#website","url":"https:\/\/www.jaermuseet.no\/tungenesfyr\/","name":"Tungenes Fyr","description":"Eit kulturelt fyrt\u00e5rn med eit mangfaldig aktivitetstilbod.","potentialAction":[{"@type":"SearchAction","target":{"@type":"EntryPoint","urlTemplate":"https:\/\/www.jaermuseet.no\/tungenesfyr\/?s={search_term_string}"},"query-input":{"@type":"PropertyValueSpecification","valueRequired":true,"valueName":"search_term_string"}}],"inLanguage":"nn-NO"}]}},"jetpack_sharing_enabled":true,"_links":{"self":[{"href":"https:\/\/www.jaermuseet.no\/tungenesfyr\/wp-json\/wp\/v2\/activity\/1477","targetHints":{"allow":["GET"]}}],"collection":[{"href":"https:\/\/www.jaermuseet.no\/tungenesfyr\/wp-json\/wp\/v2\/activity"}],"about":[{"href":"https:\/\/www.jaermuseet.no\/tungenesfyr\/wp-json\/wp\/v2\/types\/activity"}],"version-history":[{"count":1,"href":"https:\/\/www.jaermuseet.no\/tungenesfyr\/wp-json\/wp\/v2\/activity\/1477\/revisions"}],"predecessor-version":[{"id":1478,"href":"https:\/\/www.jaermuseet.no\/tungenesfyr\/wp-json\/wp\/v2\/activity\/1477\/revisions\/1478"}],"wp:featuredmedia":[{"embeddable":true,"href":"https:\/\/www.jaermuseet.no\/tungenesfyr\/wp-json\/wp\/v2\/media\/1328"}],"wp:attachment":[{"href":"https:\/\/www.jaermuseet.no\/tungenesfyr\/wp-json\/wp\/v2\/media?parent=1477"}],"wp:term":[{"taxonomy":"category","embeddable":true,"href":"https:\/\/www.jaermuseet.no\/tungenesfyr\/wp-json\/wp\/v2\/categories?post=1477"}],"curies":[{"name":"wp","href":"https:\/\/api.w.org\/{rel}","templated":true}]}}

<div class="activity-meta">
    <div class="activity-meta__line">
        <div class="activity-meta__icon">
            <i class="fa fa-calendar" aria-hidden="true"></i>
        </div>
                                        <span class="meta-date">
                        17. desember 2025        </span>
                                <span class="meta-time">20.00-21.30</span>
            </div>

            <div class="activity-meta__line">
        <div class="activity-meta__icon">
            <i class="fa fa-map" aria-hidden="true"></i>
        </div>
        <span class="meta-location">Tungenesveien 215</span>
    </div>
    
        </div>

<p><strong>Rita Eriksen og Dag Vagle kommer også i år til Tungenes med julekonserten Vinterlys, direkte fra øving nede i Tungevågen. Sammen med bandet sitt tar de med seg varme toner og mange små lysglimt for å lyse opp i denne mørke årstida.</strong></p>



<p>Rita Eriksen og Dag Vagle har kjent hverandre i en årrekke, og jobbet sammen ved mange anledninger, og stemmene kler hverandre helt nydelig. Publikum vil denne kvelden få høre kjente låter som forbindes med julen, og utvalgte perler fra både Rita og Dag. Det hele bundet sammen av et eminent band. Nytt tilskudd i bandet dette året er Randabergs egne Christer Knudsen på tangenter. Så nå har du enda en god grunn til å kommer:) Dette er en unik sjanse til å oppleve denne fine gjengen i intime lokaler ytterst på nordspissen av Jæren.<br><br><strong>Besetning:</strong><br>Rita Eriksen &#8211; vokal<br>Dag Vagle – vokal og gitar<br>Nikolai Storevik &#8211; fele og mandolin<br>Christer Knudsen &#8211; tangenter<br>Gjermund Silset &#8211; Kontrabass</p>



<p>Billetter finner du <a href="https://www.linticket.no/page/no/69/1/678?fbclid=IwY2xjawNMiwVleHRuA2FlbQIxMABicmlkETBEamhreWxib05nd3ZLYVhXAR4m8SReoVkEzmDRMuLpPcB3p7XbP5e6wYLpS6wu6zL2mkcjL8wO0_CkgmDdpA_aem_vos_m61tVRDOEuS3g5KK-w" target="_blank" rel="noreferrer noopener">her.</a></p>



<p><strong>Dørene åpner kl. 19.30. Servering.</strong></p>



<p>Fyret ligger i Randaberg, kun 15 minutters kjøretur fra Stavanger.</p>

<!-- This site is optimized with the Yoast SEO plugin v27.4 - https://yoast.com/product/yoast-seo-wordpress/ -->
<title>UTSOLGT! Rita Eriksen og Dag Vagle - Vinterlys - Tungenes Fyr</title>
<meta name="robots" content="index, follow, max-snippet:-1, max-image-preview:large, max-video-preview:-1" />
<link rel="canonical" href="https://www.jaermuseet.no/tungenesfyr/aktiviteter/utsolgt-rita-eriksen-og-dag-vagle-vinterlys-2/" />
<meta property="og:locale" content="nn_NO" />
<meta property="og:type" content="article" />
<meta property="og:title" content="UTSOLGT! Rita Eriksen og Dag Vagle - Vinterlys - Tungenes Fyr" />
<meta property="og:description" content="17. desember 2025 20.00-21.30 Tungenesveien 215 Rita Eriksen og Dag..." />
<meta property="og:url" content="https://www.jaermuseet.no/tungenesfyr/aktiviteter/utsolgt-rita-eriksen-og-dag-vagle-vinterlys-2/" />
<meta property="og:site_name" content="Tungenes Fyr" />
<meta property="article:modified_time" content="2025-10-03T11:00:10+00:00" />
<meta property="og:image" content="https://www.jaermuseet.no/tungenesfyr/wp-content/uploads/sites/10/2024/11/Morgenvinterlys2-web-crop.jpg" />
	<meta property="og:image:width" content="1024" />
	<meta property="og:image:height" content="682" />
	<meta property="og:image:type" content="image/jpeg" />
<meta name="twitter:card" content="summary_large_image" />
<meta name="twitter:label1" content="Est. reading time" />
	<meta name="twitter:data1" content="2 minutt" />
<script type="application/ld+json" class="yoast-schema-graph">{"@context":"https:\/\/schema.org","@graph":[{"@type":"WebPage","@id":"https:\/\/www.jaermuseet.no\/tungenesfyr\/aktiviteter\/utsolgt-rita-eriksen-og-dag-vagle-vinterlys-2\/","url":"https:\/\/www.jaermuseet.no\/tungenesfyr\/aktiviteter\/utsolgt-rita-eriksen-og-dag-vagle-vinterlys-2\/","name":"UTSOLGT! Rita Eriksen og Dag Vagle - Vinterlys - Tungenes Fyr","isPartOf":{"@id":"https:\/\/www.jaermuseet.no\/tungenesfyr\/#website"},"primaryImageOfPage":{"@id":"https:\/\/www.jaermuseet.no\/tungenesfyr\/aktiviteter\/utsolgt-rita-eriksen-og-dag-vagle-vinterlys-2\/#primaryimage"},"image":{"@id":"https:\/\/www.jaermuseet.no\/tungenesfyr\/aktiviteter\/utsolgt-rita-eriksen-og-dag-vagle-vinterlys-2\/#primaryimage"},"thumbnailUrl":"https:\/\/www.jaermuseet.no\/tungenesfyr\/wp-content\/uploads\/sites\/10\/2024\/11\/Morgenvinterlys2-web-crop.jpg","datePublished":"2025-10-03T11:00:09+00:00","dateModified":"2025-10-03T11:00:10+00:00","breadcrumb":{"@id":"https:\/\/www.jaermuseet.no\/tungenesfyr\/aktiviteter\/utsolgt-rita-eriksen-og-dag-vagle-vinterlys-2\/#breadcrumb"},"inLanguage":"nn-NO","potentialAction":[{"@type":"ReadAction","target":["https:\/\/www.jaermuseet.no\/tungenesfyr\/aktiviteter\/utsolgt-rita-eriksen-og-dag-vagle-vinterlys-2\/"]}]},{"@type":"ImageObject","inLanguage":"nn-NO","@id":"https:\/\/www.jaermuseet.no\/tungenesfyr\/aktiviteter\/utsolgt-rita-eriksen-og-dag-vagle-vinterlys-2\/#primaryimage","url":"https:\/\/www.jaermuseet.no\/tungenesfyr\/wp-content\/uploads\/sites\/10\/2024\/11\/Morgenvinterlys2-web-crop.jpg","contentUrl":"https:\/\/www.jaermuseet.no\/tungenesfyr\/wp-content\/uploads\/sites\/10\/2024\/11\/Morgenvinterlys2-web-crop.jpg","width":1024,"height":682},{"@type":"BreadcrumbList","@id":"https:\/\/www.jaermuseet.no\/tungenesfyr\/aktiviteter\/utsolgt-rita-eriksen-og-dag-vagle-vinterlys-2\/#breadcrumb","itemListElement":[{"@type":"ListItem","position":1,"name":"Hjem","item":"https:\/\/www.jaermuseet.no\/tungenesfyr\/"},{"@type":"ListItem","position":2,"name":"Arrangementer","item":"https:\/\/www.jaermuseet.no\/tungenesfyr\/aktiviteter\/"},{"@type":"ListItem","position":3,"name":"UTSOLGT! Rita Eriksen og Dag Vagle &#8211; Vinterlys"}]},{"@type":"WebSite","@id":"https:\/\/www.jaermuseet.no\/tungenesfyr\/#website","url":"https:\/\/www.jaermuseet.no\/tungenesfyr\/","name":"Tungenes Fyr","description":"Eit kulturelt fyrtårn med eit mangfaldig aktivitetstilbod.","potentialAction":[{"@type":"SearchAction","target":{"@type":"EntryPoint","urlTemplate":"https:\/\/www.jaermuseet.no\/tungenesfyr\/?s={search_term_string}"},"query-input":{"@type":"PropertyValueSpecification","valueRequired":true,"valueName":"search_term_string"}}],"inLanguage":"nn-NO"}]}</script>
<!-- / Yoast SEO plugin. -->

Eit kulturelt fyrtårn med eit mangfaldig aktivitetstilbod.
