{"id":1338,"date":"2024-12-10T09:04:45","date_gmt":"2024-12-10T08:04:45","guid":{"rendered":"https:\/\/www.jaermuseet.no\/tungenesfyr\/?post_type=activity&#038;p=1338"},"modified":"2024-12-10T09:04:45","modified_gmt":"2024-12-10T08:04:45","slug":"him-te-jul-med-vidar-johnsen-fa-igjen","status":"publish","type":"activity","link":"https:\/\/www.jaermuseet.no\/tungenesfyr\/aktiviteter\/him-te-jul-med-vidar-johnsen-fa-igjen\/","title":{"rendered":"Him te jul med Vidar Johnsen (f\u00e5 igjen!)"},"content":{"rendered":"<div class=\"activity-meta\">\n    <div class=\"activity-meta__line\">\n        <div class=\"activity-meta__icon\">\n            <i class=\"fa fa-calendar\" aria-hidden=\"true\"><\/i>\n        <\/div>\n                                        <span class=\"meta-date\">\n                        13. desember 2024        <\/span>\n                                <span class=\"meta-time\">19.00-20.30<\/span>\n            <\/div>\n\n            <div class=\"activity-meta__line\">\n        <div class=\"activity-meta__icon\">\n            <i class=\"fa fa-map\" aria-hidden=\"true\"><\/i>\n        <\/div>\n        <span class=\"meta-location\">Tungenesveien 215<\/span>\n    <\/div>\n    \n            <div class=\"activity-meta__line\">\n        <div class=\"activity-meta__icon\">\n            <i class=\"fa fa-tag\" aria-hidden=\"true\"><\/i>\n        <\/div>\n        <span class=\"meta-price\">450,-<\/span>\n    <\/div>\n    <\/div>\n<div class=\"xdj266r x11i5rnm xat24cr x1mh8g0r x1vvkbs\">NB! Konserten er flyttet til Tungenes fyr!<\/div>\n<div><\/div>\n<div class=\"x11i5rnm xat24cr x1mh8g0r x1vvkbs xtlvy1s\">Tradisjonen tro reiser Vidar Johnsen ut p\u00e5 sin niende Him te Jul turn\u00e8, og i \u00e5r tar han ogs\u00e5 turen til Randaberg kulturscene. Hans varme inderlige tolkninger av de vakreste julesangskattene vi har, har for lengst satt spor i den norske folkesjelen.<\/div>\n<div class=\"x11i5rnm xat24cr x1mh8g0r x1vvkbs xtlvy1s\">Him te jul med Vidar Johnsen. Ekte og \u00e6rlig, rett fra hjerte til en av v\u00e5re aller flotteste r\u00f8ster og tekstformidlere. Med seg p\u00e5 scenen har han sin faste gitarist gjennom mer enn 30 \u00e5r Kjell Harald Litangen fra Skudesnes.<\/div>\n<div class=\"x11i5rnm xat24cr x1mh8g0r x1vvkbs xtlvy1s\">N\u00e5 sett og h\u00f8rt av mer enn 90000 julesjeler.<\/div>\n<div><\/div>\n<div class=\"x11i5rnm xat24cr x1mh8g0r x1vvkbs xtlvy1s\">D\u00f8rene \u00e5pner 18:00, Konsertstart 19:00<\/div>\n<div><\/div>\n<div>Billetter finner du <a href=\"https:\/\/www.linticket.no\/page\/no\/69\/1\/549?fbclid=IwY2xjawHE1NFleHRuA2FlbQIxMAABHcySFgtPPZdflDwW5qvtp6bJ2O-53hEVQO8Ut7M9Fh4TgYMmCID0_MrSDg_aem_ol2PrFsGZtLEQOsDUI2kNQ\" target=\"_blank\" rel=\"noopener\">her.<\/a><\/div>\n<div><\/div>\n<div class=\"x11i5rnm xat24cr x1mh8g0r x1vvkbs xtlvy1s\">Arrang\u00f8r: Fader Productions<\/div>\n","protected":false},"excerpt":{"rendered":"<p>13. desember 2024 19.00-20.30 Tungenesveien 215 450,- NB! Konserten er&#8230;<\/p>\n","protected":false},"featured_media":1339,"template":"","categories":[3],"class_list":["post-1338","activity","type-activity","status-publish","has-post-thumbnail","hentry","category-nytt-fra-tungenes-fyr","featured-image-size-large"],"acf":[],"yoast_head":"<!-- This site is optimized with the Yoast SEO plugin v27.4 - https:\/\/yoast.com\/product\/yoast-seo-wordpress\/ -->\n<title>Him te jul med Vidar Johnsen (f\u00e5 igjen!) - Tungenes Fyr<\/title>\n<meta name=\"robots\" content=\"index, follow, max-snippet:-1, max-image-preview:large, max-video-preview:-1\" \/>\n<link rel=\"canonical\" href=\"https:\/\/www.jaermuseet.no\/tungenesfyr\/aktiviteter\/him-te-jul-med-vidar-johnsen-fa-igjen\/\" \/>\n<meta property=\"og:locale\" content=\"nn_NO\" \/>\n<meta property=\"og:type\" content=\"article\" \/>\n<meta property=\"og:title\" content=\"Him te jul med Vidar Johnsen (f\u00e5 igjen!) - Tungenes Fyr\" \/>\n<meta property=\"og:description\" content=\"13. desember 2024 19.00-20.30 Tungenesveien 215 450,- NB! Konserten er...\" \/>\n<meta property=\"og:url\" content=\"https:\/\/www.jaermuseet.no\/tungenesfyr\/aktiviteter\/him-te-jul-med-vidar-johnsen-fa-igjen\/\" \/>\n<meta property=\"og:site_name\" content=\"Tungenes Fyr\" \/>\n<meta property=\"og:image\" content=\"https:\/\/www.jaermuseet.no\/tungenesfyr\/wp-content\/uploads\/sites\/10\/2024\/12\/Skjermbilde-2023-09-12-kl.-14.27.24-crop-2.png\" \/>\n\t<meta property=\"og:image:width\" content=\"1010\" \/>\n\t<meta property=\"og:image:height\" content=\"673\" \/>\n\t<meta property=\"og:image:type\" content=\"image\/png\" \/>\n<meta name=\"twitter:card\" content=\"summary_large_image\" \/>\n<meta name=\"twitter:label1\" content=\"Est. reading time\" \/>\n\t<meta name=\"twitter:data1\" content=\"1 minutt\" \/>\n<script type=\"application\/ld+json\" class=\"yoast-schema-graph\">{\"@context\":\"https:\\\/\\\/schema.org\",\"@graph\":[{\"@type\":\"WebPage\",\"@id\":\"https:\\\/\\\/www.jaermuseet.no\\\/tungenesfyr\\\/aktiviteter\\\/him-te-jul-med-vidar-johnsen-fa-igjen\\\/\",\"url\":\"https:\\\/\\\/www.jaermuseet.no\\\/tungenesfyr\\\/aktiviteter\\\/him-te-jul-med-vidar-johnsen-fa-igjen\\\/\",\"name\":\"Him te jul med Vidar Johnsen (f\u00e5 igjen!) - Tungenes Fyr\",\"isPartOf\":{\"@id\":\"https:\\\/\\\/www.jaermuseet.no\\\/tungenesfyr\\\/#website\"},\"primaryImageOfPage\":{\"@id\":\"https:\\\/\\\/www.jaermuseet.no\\\/tungenesfyr\\\/aktiviteter\\\/him-te-jul-med-vidar-johnsen-fa-igjen\\\/#primaryimage\"},\"image\":{\"@id\":\"https:\\\/\\\/www.jaermuseet.no\\\/tungenesfyr\\\/aktiviteter\\\/him-te-jul-med-vidar-johnsen-fa-igjen\\\/#primaryimage\"},\"thumbnailUrl\":\"https:\\\/\\\/www.jaermuseet.no\\\/tungenesfyr\\\/wp-content\\\/uploads\\\/sites\\\/10\\\/2024\\\/12\\\/Skjermbilde-2023-09-12-kl.-14.27.24-crop-2.png\",\"datePublished\":\"2024-12-10T08:04:45+00:00\",\"breadcrumb\":{\"@id\":\"https:\\\/\\\/www.jaermuseet.no\\\/tungenesfyr\\\/aktiviteter\\\/him-te-jul-med-vidar-johnsen-fa-igjen\\\/#breadcrumb\"},\"inLanguage\":\"nn-NO\",\"potentialAction\":[{\"@type\":\"ReadAction\",\"target\":[\"https:\\\/\\\/www.jaermuseet.no\\\/tungenesfyr\\\/aktiviteter\\\/him-te-jul-med-vidar-johnsen-fa-igjen\\\/\"]}]},{\"@type\":\"ImageObject\",\"inLanguage\":\"nn-NO\",\"@id\":\"https:\\\/\\\/www.jaermuseet.no\\\/tungenesfyr\\\/aktiviteter\\\/him-te-jul-med-vidar-johnsen-fa-igjen\\\/#primaryimage\",\"url\":\"https:\\\/\\\/www.jaermuseet.no\\\/tungenesfyr\\\/wp-content\\\/uploads\\\/sites\\\/10\\\/2024\\\/12\\\/Skjermbilde-2023-09-12-kl.-14.27.24-crop-2.png\",\"contentUrl\":\"https:\\\/\\\/www.jaermuseet.no\\\/tungenesfyr\\\/wp-content\\\/uploads\\\/sites\\\/10\\\/2024\\\/12\\\/Skjermbilde-2023-09-12-kl.-14.27.24-crop-2.png\",\"width\":1010,\"height\":673},{\"@type\":\"BreadcrumbList\",\"@id\":\"https:\\\/\\\/www.jaermuseet.no\\\/tungenesfyr\\\/aktiviteter\\\/him-te-jul-med-vidar-johnsen-fa-igjen\\\/#breadcrumb\",\"itemListElement\":[{\"@type\":\"ListItem\",\"position\":1,\"name\":\"Hjem\",\"item\":\"https:\\\/\\\/www.jaermuseet.no\\\/tungenesfyr\\\/\"},{\"@type\":\"ListItem\",\"position\":2,\"name\":\"Arrangementer\",\"item\":\"https:\\\/\\\/www.jaermuseet.no\\\/tungenesfyr\\\/aktiviteter\\\/\"},{\"@type\":\"ListItem\",\"position\":3,\"name\":\"Him te jul med Vidar Johnsen (f\u00e5 igjen!)\"}]},{\"@type\":\"WebSite\",\"@id\":\"https:\\\/\\\/www.jaermuseet.no\\\/tungenesfyr\\\/#website\",\"url\":\"https:\\\/\\\/www.jaermuseet.no\\\/tungenesfyr\\\/\",\"name\":\"Tungenes Fyr\",\"description\":\"Eit kulturelt fyrt\u00e5rn med eit mangfaldig aktivitetstilbod.\",\"potentialAction\":[{\"@type\":\"SearchAction\",\"target\":{\"@type\":\"EntryPoint\",\"urlTemplate\":\"https:\\\/\\\/www.jaermuseet.no\\\/tungenesfyr\\\/?s={search_term_string}\"},\"query-input\":{\"@type\":\"PropertyValueSpecification\",\"valueRequired\":true,\"valueName\":\"search_term_string\"}}],\"inLanguage\":\"nn-NO\"}]}<\/script>\n<!-- \/ Yoast SEO plugin. -->","yoast_head_json":{"title":"Him te jul med Vidar Johnsen (f\u00e5 igjen!) - Tungenes Fyr","robots":{"index":"index","follow":"follow","max-snippet":"max-snippet:-1","max-image-preview":"max-image-preview:large","max-video-preview":"max-video-preview:-1"},"canonical":"https:\/\/www.jaermuseet.no\/tungenesfyr\/aktiviteter\/him-te-jul-med-vidar-johnsen-fa-igjen\/","og_locale":"nn_NO","og_type":"article","og_title":"Him te jul med Vidar Johnsen (f\u00e5 igjen!) - Tungenes Fyr","og_description":"13. desember 2024 19.00-20.30 Tungenesveien 215 450,- NB! Konserten er...","og_url":"https:\/\/www.jaermuseet.no\/tungenesfyr\/aktiviteter\/him-te-jul-med-vidar-johnsen-fa-igjen\/","og_site_name":"Tungenes Fyr","og_image":[{"width":1010,"height":673,"url":"https:\/\/www.jaermuseet.no\/tungenesfyr\/wp-content\/uploads\/sites\/10\/2024\/12\/Skjermbilde-2023-09-12-kl.-14.27.24-crop-2.png","type":"image\/png"}],"twitter_card":"summary_large_image","twitter_misc":{"Est. reading time":"1 minutt"},"schema":{"@context":"https:\/\/schema.org","@graph":[{"@type":"WebPage","@id":"https:\/\/www.jaermuseet.no\/tungenesfyr\/aktiviteter\/him-te-jul-med-vidar-johnsen-fa-igjen\/","url":"https:\/\/www.jaermuseet.no\/tungenesfyr\/aktiviteter\/him-te-jul-med-vidar-johnsen-fa-igjen\/","name":"Him te jul med Vidar Johnsen (f\u00e5 igjen!) - Tungenes Fyr","isPartOf":{"@id":"https:\/\/www.jaermuseet.no\/tungenesfyr\/#website"},"primaryImageOfPage":{"@id":"https:\/\/www.jaermuseet.no\/tungenesfyr\/aktiviteter\/him-te-jul-med-vidar-johnsen-fa-igjen\/#primaryimage"},"image":{"@id":"https:\/\/www.jaermuseet.no\/tungenesfyr\/aktiviteter\/him-te-jul-med-vidar-johnsen-fa-igjen\/#primaryimage"},"thumbnailUrl":"https:\/\/www.jaermuseet.no\/tungenesfyr\/wp-content\/uploads\/sites\/10\/2024\/12\/Skjermbilde-2023-09-12-kl.-14.27.24-crop-2.png","datePublished":"2024-12-10T08:04:45+00:00","breadcrumb":{"@id":"https:\/\/www.jaermuseet.no\/tungenesfyr\/aktiviteter\/him-te-jul-med-vidar-johnsen-fa-igjen\/#breadcrumb"},"inLanguage":"nn-NO","potentialAction":[{"@type":"ReadAction","target":["https:\/\/www.jaermuseet.no\/tungenesfyr\/aktiviteter\/him-te-jul-med-vidar-johnsen-fa-igjen\/"]}]},{"@type":"ImageObject","inLanguage":"nn-NO","@id":"https:\/\/www.jaermuseet.no\/tungenesfyr\/aktiviteter\/him-te-jul-med-vidar-johnsen-fa-igjen\/#primaryimage","url":"https:\/\/www.jaermuseet.no\/tungenesfyr\/wp-content\/uploads\/sites\/10\/2024\/12\/Skjermbilde-2023-09-12-kl.-14.27.24-crop-2.png","contentUrl":"https:\/\/www.jaermuseet.no\/tungenesfyr\/wp-content\/uploads\/sites\/10\/2024\/12\/Skjermbilde-2023-09-12-kl.-14.27.24-crop-2.png","width":1010,"height":673},{"@type":"BreadcrumbList","@id":"https:\/\/www.jaermuseet.no\/tungenesfyr\/aktiviteter\/him-te-jul-med-vidar-johnsen-fa-igjen\/#breadcrumb","itemListElement":[{"@type":"ListItem","position":1,"name":"Hjem","item":"https:\/\/www.jaermuseet.no\/tungenesfyr\/"},{"@type":"ListItem","position":2,"name":"Arrangementer","item":"https:\/\/www.jaermuseet.no\/tungenesfyr\/aktiviteter\/"},{"@type":"ListItem","position":3,"name":"Him te jul med Vidar Johnsen (f\u00e5 igjen!)"}]},{"@type":"WebSite","@id":"https:\/\/www.jaermuseet.no\/tungenesfyr\/#website","url":"https:\/\/www.jaermuseet.no\/tungenesfyr\/","name":"Tungenes Fyr","description":"Eit kulturelt fyrt\u00e5rn med eit mangfaldig aktivitetstilbod.","potentialAction":[{"@type":"SearchAction","target":{"@type":"EntryPoint","urlTemplate":"https:\/\/www.jaermuseet.no\/tungenesfyr\/?s={search_term_string}"},"query-input":{"@type":"PropertyValueSpecification","valueRequired":true,"valueName":"search_term_string"}}],"inLanguage":"nn-NO"}]}},"jetpack_sharing_enabled":true,"_links":{"self":[{"href":"https:\/\/www.jaermuseet.no\/tungenesfyr\/wp-json\/wp\/v2\/activity\/1338","targetHints":{"allow":["GET"]}}],"collection":[{"href":"https:\/\/www.jaermuseet.no\/tungenesfyr\/wp-json\/wp\/v2\/activity"}],"about":[{"href":"https:\/\/www.jaermuseet.no\/tungenesfyr\/wp-json\/wp\/v2\/types\/activity"}],"version-history":[{"count":1,"href":"https:\/\/www.jaermuseet.no\/tungenesfyr\/wp-json\/wp\/v2\/activity\/1338\/revisions"}],"predecessor-version":[{"id":1340,"href":"https:\/\/www.jaermuseet.no\/tungenesfyr\/wp-json\/wp\/v2\/activity\/1338\/revisions\/1340"}],"wp:featuredmedia":[{"embeddable":true,"href":"https:\/\/www.jaermuseet.no\/tungenesfyr\/wp-json\/wp\/v2\/media\/1339"}],"wp:attachment":[{"href":"https:\/\/www.jaermuseet.no\/tungenesfyr\/wp-json\/wp\/v2\/media?parent=1338"}],"wp:term":[{"taxonomy":"category","embeddable":true,"href":"https:\/\/www.jaermuseet.no\/tungenesfyr\/wp-json\/wp\/v2\/categories?post=1338"}],"curies":[{"name":"wp","href":"https:\/\/api.w.org\/{rel}","templated":true}]}}

Him te jul med Vidar Johnsen (få igjen!)

<div class="activity-meta">
    <div class="activity-meta__line">
        <div class="activity-meta__icon">
            <i class="fa fa-calendar" aria-hidden="true"></i>
        </div>
                                        <span class="meta-date">
                        13. desember 2024        </span>
                                <span class="meta-time">19.00-20.30</span>
            </div>

            <div class="activity-meta__line">
        <div class="activity-meta__icon">
            <i class="fa fa-map" aria-hidden="true"></i>
        </div>
        <span class="meta-location">Tungenesveien 215</span>
    </div>
    
            <div class="activity-meta__line">
        <div class="activity-meta__icon">
            <i class="fa fa-tag" aria-hidden="true"></i>
        </div>
        <span class="meta-price">450,-</span>
    </div>
    </div>
<div class="xdj266r x11i5rnm xat24cr x1mh8g0r x1vvkbs">NB! Konserten er flyttet til Tungenes fyr!</div>
<div></div>
<div class="x11i5rnm xat24cr x1mh8g0r x1vvkbs xtlvy1s">Tradisjonen tro reiser Vidar Johnsen ut på sin niende Him te Jul turnè, og i år tar han også turen til Randaberg kulturscene. Hans varme inderlige tolkninger av de vakreste julesangskattene vi har, har for lengst satt spor i den norske folkesjelen.</div>
<div class="x11i5rnm xat24cr x1mh8g0r x1vvkbs xtlvy1s">Him te jul med Vidar Johnsen. Ekte og ærlig, rett fra hjerte til en av våre aller flotteste røster og tekstformidlere. Med seg på scenen har han sin faste gitarist gjennom mer enn 30 år Kjell Harald Litangen fra Skudesnes.</div>
<div class="x11i5rnm xat24cr x1mh8g0r x1vvkbs xtlvy1s">Nå sett og hørt av mer enn 90000 julesjeler.</div>
<div></div>
<div class="x11i5rnm xat24cr x1mh8g0r x1vvkbs xtlvy1s">Dørene åpner 18:00, Konsertstart 19:00</div>
<div></div>
<div>Billetter finner du <a href="https://www.linticket.no/page/no/69/1/549?fbclid=IwY2xjawHE1NFleHRuA2FlbQIxMAABHcySFgtPPZdflDwW5qvtp6bJ2O-53hEVQO8Ut7M9Fh4TgYMmCID0_MrSDg_aem_ol2PrFsGZtLEQOsDUI2kNQ" target="_blank" rel="noopener">her.</a></div>
<div></div>
<div class="x11i5rnm xat24cr x1mh8g0r x1vvkbs xtlvy1s">Arrangør: Fader Productions</div>

<!-- This site is optimized with the Yoast SEO plugin v27.4 - https://yoast.com/product/yoast-seo-wordpress/ -->
<title>Him te jul med Vidar Johnsen (få igjen!) - Tungenes Fyr</title>
<meta name="robots" content="index, follow, max-snippet:-1, max-image-preview:large, max-video-preview:-1" />
<link rel="canonical" href="https://www.jaermuseet.no/tungenesfyr/aktiviteter/him-te-jul-med-vidar-johnsen-fa-igjen/" />
<meta property="og:locale" content="nn_NO" />
<meta property="og:type" content="article" />
<meta property="og:title" content="Him te jul med Vidar Johnsen (få igjen!) - Tungenes Fyr" />
<meta property="og:description" content="13. desember 2024 19.00-20.30 Tungenesveien 215 450,- NB! Konserten er..." />
<meta property="og:url" content="https://www.jaermuseet.no/tungenesfyr/aktiviteter/him-te-jul-med-vidar-johnsen-fa-igjen/" />
<meta property="og:site_name" content="Tungenes Fyr" />
<meta property="og:image" content="https://www.jaermuseet.no/tungenesfyr/wp-content/uploads/sites/10/2024/12/Skjermbilde-2023-09-12-kl.-14.27.24-crop-2.png" />
	<meta property="og:image:width" content="1010" />
	<meta property="og:image:height" content="673" />
	<meta property="og:image:type" content="image/png" />
<meta name="twitter:card" content="summary_large_image" />
<meta name="twitter:label1" content="Est. reading time" />
	<meta name="twitter:data1" content="1 minutt" />
<script type="application/ld+json" class="yoast-schema-graph">{"@context":"https:\/\/schema.org","@graph":[{"@type":"WebPage","@id":"https:\/\/www.jaermuseet.no\/tungenesfyr\/aktiviteter\/him-te-jul-med-vidar-johnsen-fa-igjen\/","url":"https:\/\/www.jaermuseet.no\/tungenesfyr\/aktiviteter\/him-te-jul-med-vidar-johnsen-fa-igjen\/","name":"Him te jul med Vidar Johnsen (få igjen!) - Tungenes Fyr","isPartOf":{"@id":"https:\/\/www.jaermuseet.no\/tungenesfyr\/#website"},"primaryImageOfPage":{"@id":"https:\/\/www.jaermuseet.no\/tungenesfyr\/aktiviteter\/him-te-jul-med-vidar-johnsen-fa-igjen\/#primaryimage"},"image":{"@id":"https:\/\/www.jaermuseet.no\/tungenesfyr\/aktiviteter\/him-te-jul-med-vidar-johnsen-fa-igjen\/#primaryimage"},"thumbnailUrl":"https:\/\/www.jaermuseet.no\/tungenesfyr\/wp-content\/uploads\/sites\/10\/2024\/12\/Skjermbilde-2023-09-12-kl.-14.27.24-crop-2.png","datePublished":"2024-12-10T08:04:45+00:00","breadcrumb":{"@id":"https:\/\/www.jaermuseet.no\/tungenesfyr\/aktiviteter\/him-te-jul-med-vidar-johnsen-fa-igjen\/#breadcrumb"},"inLanguage":"nn-NO","potentialAction":[{"@type":"ReadAction","target":["https:\/\/www.jaermuseet.no\/tungenesfyr\/aktiviteter\/him-te-jul-med-vidar-johnsen-fa-igjen\/"]}]},{"@type":"ImageObject","inLanguage":"nn-NO","@id":"https:\/\/www.jaermuseet.no\/tungenesfyr\/aktiviteter\/him-te-jul-med-vidar-johnsen-fa-igjen\/#primaryimage","url":"https:\/\/www.jaermuseet.no\/tungenesfyr\/wp-content\/uploads\/sites\/10\/2024\/12\/Skjermbilde-2023-09-12-kl.-14.27.24-crop-2.png","contentUrl":"https:\/\/www.jaermuseet.no\/tungenesfyr\/wp-content\/uploads\/sites\/10\/2024\/12\/Skjermbilde-2023-09-12-kl.-14.27.24-crop-2.png","width":1010,"height":673},{"@type":"BreadcrumbList","@id":"https:\/\/www.jaermuseet.no\/tungenesfyr\/aktiviteter\/him-te-jul-med-vidar-johnsen-fa-igjen\/#breadcrumb","itemListElement":[{"@type":"ListItem","position":1,"name":"Hjem","item":"https:\/\/www.jaermuseet.no\/tungenesfyr\/"},{"@type":"ListItem","position":2,"name":"Arrangementer","item":"https:\/\/www.jaermuseet.no\/tungenesfyr\/aktiviteter\/"},{"@type":"ListItem","position":3,"name":"Him te jul med Vidar Johnsen (få igjen!)"}]},{"@type":"WebSite","@id":"https:\/\/www.jaermuseet.no\/tungenesfyr\/#website","url":"https:\/\/www.jaermuseet.no\/tungenesfyr\/","name":"Tungenes Fyr","description":"Eit kulturelt fyrtårn med eit mangfaldig aktivitetstilbod.","potentialAction":[{"@type":"SearchAction","target":{"@type":"EntryPoint","urlTemplate":"https:\/\/www.jaermuseet.no\/tungenesfyr\/?s={search_term_string}"},"query-input":{"@type":"PropertyValueSpecification","valueRequired":true,"valueName":"search_term_string"}}],"inLanguage":"nn-NO"}]}</script>
<!-- / Yoast SEO plugin. -->

Him te jul med Vidar Johnsen (få igjen!) - Tungenes Fyr

Eit kulturelt fyrtårn med eit mangfaldig aktivitetstilbod.
