{"id":55,"date":"2016-06-07T16:53:28","date_gmt":"2016-06-07T14:53:28","guid":{"rendered":"https:\/\/www.jaermuseet.no\/limagarden\/?page_id=55"},"modified":"2025-08-18T11:30:41","modified_gmt":"2025-08-18T09:30:41","slug":"kontakt","status":"publish","type":"page","link":"https:\/\/www.jaermuseet.no\/limagarden\/kontakt\/","title":{"rendered":"Kontakt"},"content":{"rendered":"<p><strong>Telefon:<\/strong> (+47) 47 77 60 20<br \/>\n<strong>E-post:<\/strong> <a href=\"mailto:limagarden@jaermuseet.no\">limagarden@jaermuseet.no<\/a><\/p>\n<p><strong>Adresse:<\/strong><br \/>\nLimavegen 51<br \/>\n4330 \u00c5lg\u00e5rd<\/p>\n<p><strong>Faktura til J\u00e6rmuseet avd. Limagarden:<\/strong><\/p>\n<p>Send gjerne faktura elektronisk. Aller helst \u00f8nskjer me EHF-faktura til 971098767.<\/p>\n<p>Alternativt kan faktura sendast i pdf-format til\u00a0<a href=\"mailto:971098767@autoinvoice.no\">971098767@autoinvoice.no<\/a><\/p>\n<p><strong>\u00d8nsker du \u00e5 gje ei g\u00e5ve til museet?\u00a0<\/strong><\/p>\n<p><a href=\"https:\/\/www.jaermuseet.no\/blog\/gje-gave-til-museet\/\">Les meir om det her.\u00a0<\/a><\/p>\n<hr \/>\n<h2>TILSETTE<\/h2>\n\r\n<div class=\"employees\" style=\"display: grid; grid-template-columns: repeat(auto-fill, minmax(250px, 1fr)); gap: 1.5rem;\">\r\n                    <div class=\"employee\">\r\n                            <img loading=\"lazy\" decoding=\"async\" width=\"400\" height=\"350\" src=\"https:\/\/www.jaermuseet.no\/limagarden\/wp-content\/uploads\/sites\/13\/2021\/04\/Hans-Arvid2-400x350.jpg\" class=\"employee-image wp-post-image\" alt=\"\" \/>            \r\n            <h3 class=\"employee-name\">Hans-Arvid Gr\u00f8deland<\/h3>\r\n\r\n                            <p class=\"employee-position\">Driftskoordinator<\/p>\r\n            \r\n            \r\n                            <img decoding=\"async\" class=\"employee-icons\" src=\"https:\/\/www.jaermuseet.no\/limagarden\/wp-content\/plugins\/hcal-employees\/templates\/..\/assets\/icons\/employees-icons.png\" alt=\"Ikoner\">\r\n                <p class=\"employee-phone\">\r\n                    <a href=\"&#x74;el:&#x39;1&#56;&#x37;&#49;8&#50;&#x33;\">918 71 823<\/a>                                    <\/p>\r\n            \r\n                            <p class=\"employee-email\"><a href=\"&#x6d;&#x61;&#x69;&#x6c;&#116;o&#x3a;h&#97;&#103;&#64;&#x6a;&#97;&#x65;&#x72;&#109;&#117;&#115;&#101;e&#116;.&#110;o\">h&#97;&#103;&#64;&#x6a;&#97;&#x65;&#x72;&#109;&#117;&#115;&#101;e&#116;.&#110;o<\/a><\/p>\r\n                    <\/div>\r\n                    <div class=\"employee\">\r\n                            <img loading=\"lazy\" decoding=\"async\" width=\"400\" height=\"350\" src=\"https:\/\/www.jaermuseet.no\/limagarden\/wp-content\/uploads\/sites\/13\/2017\/05\/Per-Inge-2-400x350.jpg\" class=\"employee-image wp-post-image\" alt=\"\" srcset=\"https:\/\/www.jaermuseet.no\/limagarden\/wp-content\/uploads\/sites\/13\/2017\/05\/Per-Inge-2-400x350.jpg 400w, https:\/\/www.jaermuseet.no\/limagarden\/wp-content\/uploads\/sites\/13\/2017\/05\/Per-Inge-2-400x350-300x263.jpg 300w, https:\/\/www.jaermuseet.no\/limagarden\/wp-content\/uploads\/sites\/13\/2017\/05\/Per-Inge-2-400x350-250x219.jpg 250w\" sizes=\"auto, (max-width: 400px) 100vw, 400px\" \/>            \r\n            <h3 class=\"employee-name\">Per Inge B\u00f8e<\/h3>\r\n\r\n                            <p class=\"employee-position\">Avdelingsdirekt\u00f8r\/historikar<\/p>\r\n            \r\n            \r\n                            <img decoding=\"async\" class=\"employee-icons\" src=\"https:\/\/www.jaermuseet.no\/limagarden\/wp-content\/plugins\/hcal-employees\/templates\/..\/assets\/icons\/employees-icons.png\" alt=\"Ikoner\">\r\n                <p class=\"employee-phone\">\r\n                    <a href=\"&#x74;e&#108;&#58;&#x39;0&#x38;&#54;&#x35;&#x32;42\">908 65 242<\/a>                                    <\/p>\r\n            \r\n                            <p class=\"employee-email\"><a href=\"&#x6d;&#x61;i&#108;&#x74;&#111;&#x3a;&#x70;&#105;&#x62;&#x40;&#106;&#97;erm&#117;&#115;&#x65;&#101;&#x74;&#46;n&#x6f;\">&#x70;&#105;&#x62;&#x40;&#106;&#97;erm&#117;&#115;&#x65;&#101;&#x74;&#46;n&#x6f;<\/a><\/p>\r\n                    <\/div>\r\n                    <div class=\"employee\">\r\n                            <img loading=\"lazy\" decoding=\"async\" width=\"400\" height=\"350\" src=\"https:\/\/www.jaermuseet.no\/limagarden\/wp-content\/uploads\/sites\/13\/2023\/08\/20230816_HAG-2-400x350.jpg\" class=\"employee-image wp-post-image\" alt=\"\" \/>            \r\n            <h3 class=\"employee-name\">Kristina Nyberg<\/h3>\r\n\r\n                            <p class=\"employee-position\">pedagog<\/p>\r\n            \r\n            \r\n                            <img decoding=\"async\" class=\"employee-icons\" src=\"https:\/\/www.jaermuseet.no\/limagarden\/wp-content\/plugins\/hcal-employees\/templates\/..\/assets\/icons\/employees-icons.png\" alt=\"Ikoner\">\r\n                <p class=\"employee-phone\">\r\n                    <a href=\"&#116;&#101;&#108;:&#57;4&#x34;&#55;&#49;&#50;&#x34;0\">94 47 12 40<\/a>                                    <\/p>\r\n            \r\n                            <p class=\"employee-email\"><a href=\"m&#x61;i&#x6c;t&#111;&#58;&#107;e&#x68;n&#x40;j&#x61;&#x65;r&#x6d;&#x75;s&#x65;&#x65;&#x74;&#x2e;n&#x6f;\">&#107;e&#x68;n&#x40;j&#x61;&#x65;r&#x6d;&#x75;s&#x65;&#x65;&#x74;&#x2e;n&#x6f;<\/a><\/p>\r\n                    <\/div>\r\n    <\/div>\n","protected":false},"excerpt":{"rendered":"<p>Telefon: (+47) 47 77 60 20 E-post: limagarden@jaermuseet.no Adresse: Limavegen&#8230;<\/p>\n","protected":false},"author":1,"featured_media":0,"parent":0,"menu_order":0,"comment_status":"open","ping_status":"open","template":"","meta":{"_acf_changed":false,"footnotes":""},"class_list":["post-55","page","type-page","status-publish","hentry"],"acf":[],"yoast_head":"<!-- This site is optimized with the Yoast SEO plugin v27.4 - https:\/\/yoast.com\/product\/yoast-seo-wordpress\/ -->\n<title>Kontakt - Limagarden<\/title>\n<meta name=\"robots\" content=\"index, follow, max-snippet:-1, max-image-preview:large, max-video-preview:-1\" \/>\n<link rel=\"canonical\" href=\"https:\/\/www.jaermuseet.no\/limagarden\/kontakt\/\" \/>\n<meta property=\"og:locale\" content=\"nn_NO\" \/>\n<meta property=\"og:type\" content=\"article\" \/>\n<meta property=\"og:title\" content=\"Kontakt - Limagarden\" \/>\n<meta property=\"og:description\" content=\"Telefon: (+47) 47 77 60 20 E-post: limagarden@jaermuseet.no Adresse: Limavegen...\" \/>\n<meta property=\"og:url\" content=\"https:\/\/www.jaermuseet.no\/limagarden\/kontakt\/\" \/>\n<meta property=\"og:site_name\" content=\"Limagarden\" \/>\n<meta property=\"article:modified_time\" content=\"2025-08-18T09:30:41+00:00\" \/>\n<meta name=\"twitter:card\" content=\"summary_large_image\" \/>\n<meta name=\"twitter:label1\" content=\"Est. reading time\" \/>\n\t<meta name=\"twitter:data1\" content=\"1 minutt\" \/>\n<script type=\"application\/ld+json\" class=\"yoast-schema-graph\">{\"@context\":\"https:\\\/\\\/schema.org\",\"@graph\":[{\"@type\":\"WebPage\",\"@id\":\"https:\\\/\\\/www.jaermuseet.no\\\/limagarden\\\/kontakt\\\/\",\"url\":\"https:\\\/\\\/www.jaermuseet.no\\\/limagarden\\\/kontakt\\\/\",\"name\":\"Kontakt - Limagarden\",\"isPartOf\":{\"@id\":\"https:\\\/\\\/www.jaermuseet.no\\\/limagarden\\\/#website\"},\"datePublished\":\"2016-06-07T14:53:28+00:00\",\"dateModified\":\"2025-08-18T09:30:41+00:00\",\"breadcrumb\":{\"@id\":\"https:\\\/\\\/www.jaermuseet.no\\\/limagarden\\\/kontakt\\\/#breadcrumb\"},\"inLanguage\":\"nn-NO\",\"potentialAction\":[{\"@type\":\"ReadAction\",\"target\":[\"https:\\\/\\\/www.jaermuseet.no\\\/limagarden\\\/kontakt\\\/\"]}]},{\"@type\":\"BreadcrumbList\",\"@id\":\"https:\\\/\\\/www.jaermuseet.no\\\/limagarden\\\/kontakt\\\/#breadcrumb\",\"itemListElement\":[{\"@type\":\"ListItem\",\"position\":1,\"name\":\"Hjem\",\"item\":\"https:\\\/\\\/www.jaermuseet.no\\\/limagarden\\\/\"},{\"@type\":\"ListItem\",\"position\":2,\"name\":\"Kontakt\"}]},{\"@type\":\"WebSite\",\"@id\":\"https:\\\/\\\/www.jaermuseet.no\\\/limagarden\\\/#website\",\"url\":\"https:\\\/\\\/www.jaermuseet.no\\\/limagarden\\\/\",\"name\":\"Limagarden\",\"description\":\"Eit gardstun med bygningar fr\u00e5 perioden 1800 \u2013 1939\",\"potentialAction\":[{\"@type\":\"SearchAction\",\"target\":{\"@type\":\"EntryPoint\",\"urlTemplate\":\"https:\\\/\\\/www.jaermuseet.no\\\/limagarden\\\/?s={search_term_string}\"},\"query-input\":{\"@type\":\"PropertyValueSpecification\",\"valueRequired\":true,\"valueName\":\"search_term_string\"}}],\"inLanguage\":\"nn-NO\"}]}<\/script>\n<!-- \/ Yoast SEO plugin. -->","yoast_head_json":{"title":"Kontakt - Limagarden","robots":{"index":"index","follow":"follow","max-snippet":"max-snippet:-1","max-image-preview":"max-image-preview:large","max-video-preview":"max-video-preview:-1"},"canonical":"https:\/\/www.jaermuseet.no\/limagarden\/kontakt\/","og_locale":"nn_NO","og_type":"article","og_title":"Kontakt - Limagarden","og_description":"Telefon: (+47) 47 77 60 20 E-post: limagarden@jaermuseet.no Adresse: Limavegen...","og_url":"https:\/\/www.jaermuseet.no\/limagarden\/kontakt\/","og_site_name":"Limagarden","article_modified_time":"2025-08-18T09:30:41+00:00","twitter_card":"summary_large_image","twitter_misc":{"Est. reading time":"1 minutt"},"schema":{"@context":"https:\/\/schema.org","@graph":[{"@type":"WebPage","@id":"https:\/\/www.jaermuseet.no\/limagarden\/kontakt\/","url":"https:\/\/www.jaermuseet.no\/limagarden\/kontakt\/","name":"Kontakt - Limagarden","isPartOf":{"@id":"https:\/\/www.jaermuseet.no\/limagarden\/#website"},"datePublished":"2016-06-07T14:53:28+00:00","dateModified":"2025-08-18T09:30:41+00:00","breadcrumb":{"@id":"https:\/\/www.jaermuseet.no\/limagarden\/kontakt\/#breadcrumb"},"inLanguage":"nn-NO","potentialAction":[{"@type":"ReadAction","target":["https:\/\/www.jaermuseet.no\/limagarden\/kontakt\/"]}]},{"@type":"BreadcrumbList","@id":"https:\/\/www.jaermuseet.no\/limagarden\/kontakt\/#breadcrumb","itemListElement":[{"@type":"ListItem","position":1,"name":"Hjem","item":"https:\/\/www.jaermuseet.no\/limagarden\/"},{"@type":"ListItem","position":2,"name":"Kontakt"}]},{"@type":"WebSite","@id":"https:\/\/www.jaermuseet.no\/limagarden\/#website","url":"https:\/\/www.jaermuseet.no\/limagarden\/","name":"Limagarden","description":"Eit gardstun med bygningar fr\u00e5 perioden 1800 \u2013 1939","potentialAction":[{"@type":"SearchAction","target":{"@type":"EntryPoint","urlTemplate":"https:\/\/www.jaermuseet.no\/limagarden\/?s={search_term_string}"},"query-input":{"@type":"PropertyValueSpecification","valueRequired":true,"valueName":"search_term_string"}}],"inLanguage":"nn-NO"}]}},"jetpack_sharing_enabled":true,"_links":{"self":[{"href":"https:\/\/www.jaermuseet.no\/limagarden\/wp-json\/wp\/v2\/pages\/55","targetHints":{"allow":["GET"]}}],"collection":[{"href":"https:\/\/www.jaermuseet.no\/limagarden\/wp-json\/wp\/v2\/pages"}],"about":[{"href":"https:\/\/www.jaermuseet.no\/limagarden\/wp-json\/wp\/v2\/types\/page"}],"author":[{"embeddable":true,"href":"https:\/\/www.jaermuseet.no\/limagarden\/wp-json\/wp\/v2\/users\/1"}],"replies":[{"embeddable":true,"href":"https:\/\/www.jaermuseet.no\/limagarden\/wp-json\/wp\/v2\/comments?post=55"}],"version-history":[{"count":7,"href":"https:\/\/www.jaermuseet.no\/limagarden\/wp-json\/wp\/v2\/pages\/55\/revisions"}],"predecessor-version":[{"id":563,"href":"https:\/\/www.jaermuseet.no\/limagarden\/wp-json\/wp\/v2\/pages\/55\/revisions\/563"}],"wp:attachment":[{"href":"https:\/\/www.jaermuseet.no\/limagarden\/wp-json\/wp\/v2\/media?parent=55"}],"curies":[{"name":"wp","href":"https:\/\/api.w.org\/{rel}","templated":true}]}}