{"id":5,"date":"2016-07-25T14:46:47","date_gmt":"2016-07-25T12:46:47","guid":{"rendered":"https:\/\/www.jaermuseet.no\/limagarden\/kart-til-limagarden\/"},"modified":"2016-07-25T14:46:31","modified_gmt":"2016-07-25T12:46:31","slug":"kart-til-limagarden","status":"publish","type":"page","link":"https:\/\/www.jaermuseet.no\/limagarden\/kart-til-limagarden\/","title":{"rendered":"Kart til Limagarden"},"content":{"rendered":"<p><strong>Bes\u00f8ksadresse:<\/strong><br \/>\nYtre Lima<br \/>\n4330 \u00c5lg\u00e5rd<\/p>\n<div class=\"iframe-wrapper-gmaps\"><iframe loading=\"lazy\" src=\"https:\/\/www.google.com\/maps\/embed?pb=!1m16!1m12!1m3!1d4137.205051002443!2d5.886974894051283!3d58.7702981650049!2m3!1f0!2f0!3f0!3m2!1i1024!2i768!4f13.1!2m1!1slimagarden!5e0!3m2!1sno!2sno!4v1469450759056\" width=\"600\" height=\"450\" frameborder=\"0\" style=\"border:0\" allowfullscreen><\/iframe><\/div>\n","protected":false},"excerpt":{"rendered":"<p>Bes\u00f8ksadresse: Ytre Lima 4330 \u00c5lg\u00e5rd<\/p>\n","protected":false},"author":12,"featured_media":0,"parent":0,"menu_order":0,"comment_status":"open","ping_status":"open","template":"","meta":{"_acf_changed":false,"footnotes":""},"class_list":["post-5","page","type-page","status-publish","hentry","featured-image-size-large"],"acf":[],"yoast_head":"<!-- This site is optimized with the Yoast SEO plugin v27.6 - https:\/\/yoast.com\/product\/yoast-seo-wordpress\/ -->\n<title>Kart til Limagarden - Limagarden<\/title>\n<meta name=\"robots\" content=\"index, follow, max-snippet:-1, max-image-preview:large, max-video-preview:-1\" \/>\n<link rel=\"canonical\" href=\"https:\/\/www.jaermuseet.no\/limagarden\/kart-til-limagarden\/\" \/>\n<meta property=\"og:locale\" content=\"nn_NO\" \/>\n<meta property=\"og:type\" content=\"article\" \/>\n<meta property=\"og:title\" content=\"Kart til Limagarden - Limagarden\" \/>\n<meta property=\"og:description\" content=\"Bes\u00f8ksadresse: Ytre Lima 4330 \u00c5lg\u00e5rd\" \/>\n<meta property=\"og:url\" content=\"https:\/\/www.jaermuseet.no\/limagarden\/kart-til-limagarden\/\" \/>\n<meta property=\"og:site_name\" content=\"Limagarden\" \/>\n<meta name=\"twitter:card\" content=\"summary_large_image\" \/>\n<script type=\"application\/ld+json\" class=\"yoast-schema-graph\">{\"@context\":\"https:\\\/\\\/schema.org\",\"@graph\":[{\"@type\":\"WebPage\",\"@id\":\"https:\\\/\\\/www.jaermuseet.no\\\/limagarden\\\/kart-til-limagarden\\\/\",\"url\":\"https:\\\/\\\/www.jaermuseet.no\\\/limagarden\\\/kart-til-limagarden\\\/\",\"name\":\"Kart til Limagarden - Limagarden\",\"isPartOf\":{\"@id\":\"https:\\\/\\\/www.jaermuseet.no\\\/limagarden\\\/#website\"},\"datePublished\":\"2016-07-25T12:46:47+00:00\",\"breadcrumb\":{\"@id\":\"https:\\\/\\\/www.jaermuseet.no\\\/limagarden\\\/kart-til-limagarden\\\/#breadcrumb\"},\"inLanguage\":\"nn-NO\",\"potentialAction\":[{\"@type\":\"ReadAction\",\"target\":[\"https:\\\/\\\/www.jaermuseet.no\\\/limagarden\\\/kart-til-limagarden\\\/\"]}]},{\"@type\":\"BreadcrumbList\",\"@id\":\"https:\\\/\\\/www.jaermuseet.no\\\/limagarden\\\/kart-til-limagarden\\\/#breadcrumb\",\"itemListElement\":[{\"@type\":\"ListItem\",\"position\":1,\"name\":\"Hjem\",\"item\":\"https:\\\/\\\/www.jaermuseet.no\\\/limagarden\\\/\"},{\"@type\":\"ListItem\",\"position\":2,\"name\":\"Kart til Limagarden\"}]},{\"@type\":\"WebSite\",\"@id\":\"https:\\\/\\\/www.jaermuseet.no\\\/limagarden\\\/#website\",\"url\":\"https:\\\/\\\/www.jaermuseet.no\\\/limagarden\\\/\",\"name\":\"Limagarden\",\"description\":\"Eit gardstun med bygningar fr\u00e5 perioden 1800 \u2013 1939\",\"potentialAction\":[{\"@type\":\"SearchAction\",\"target\":{\"@type\":\"EntryPoint\",\"urlTemplate\":\"https:\\\/\\\/www.jaermuseet.no\\\/limagarden\\\/?s={search_term_string}\"},\"query-input\":{\"@type\":\"PropertyValueSpecification\",\"valueRequired\":true,\"valueName\":\"search_term_string\"}}],\"inLanguage\":\"nn-NO\"}]}<\/script>\n<!-- \/ Yoast SEO plugin. -->","yoast_head_json":{"title":"Kart til Limagarden - Limagarden","robots":{"index":"index","follow":"follow","max-snippet":"max-snippet:-1","max-image-preview":"max-image-preview:large","max-video-preview":"max-video-preview:-1"},"canonical":"https:\/\/www.jaermuseet.no\/limagarden\/kart-til-limagarden\/","og_locale":"nn_NO","og_type":"article","og_title":"Kart til Limagarden - Limagarden","og_description":"Bes\u00f8ksadresse: Ytre Lima 4330 \u00c5lg\u00e5rd","og_url":"https:\/\/www.jaermuseet.no\/limagarden\/kart-til-limagarden\/","og_site_name":"Limagarden","twitter_card":"summary_large_image","schema":{"@context":"https:\/\/schema.org","@graph":[{"@type":"WebPage","@id":"https:\/\/www.jaermuseet.no\/limagarden\/kart-til-limagarden\/","url":"https:\/\/www.jaermuseet.no\/limagarden\/kart-til-limagarden\/","name":"Kart til Limagarden - Limagarden","isPartOf":{"@id":"https:\/\/www.jaermuseet.no\/limagarden\/#website"},"datePublished":"2016-07-25T12:46:47+00:00","breadcrumb":{"@id":"https:\/\/www.jaermuseet.no\/limagarden\/kart-til-limagarden\/#breadcrumb"},"inLanguage":"nn-NO","potentialAction":[{"@type":"ReadAction","target":["https:\/\/www.jaermuseet.no\/limagarden\/kart-til-limagarden\/"]}]},{"@type":"BreadcrumbList","@id":"https:\/\/www.jaermuseet.no\/limagarden\/kart-til-limagarden\/#breadcrumb","itemListElement":[{"@type":"ListItem","position":1,"name":"Hjem","item":"https:\/\/www.jaermuseet.no\/limagarden\/"},{"@type":"ListItem","position":2,"name":"Kart til Limagarden"}]},{"@type":"WebSite","@id":"https:\/\/www.jaermuseet.no\/limagarden\/#website","url":"https:\/\/www.jaermuseet.no\/limagarden\/","name":"Limagarden","description":"Eit gardstun med bygningar fr\u00e5 perioden 1800 \u2013 1939","potentialAction":[{"@type":"SearchAction","target":{"@type":"EntryPoint","urlTemplate":"https:\/\/www.jaermuseet.no\/limagarden\/?s={search_term_string}"},"query-input":{"@type":"PropertyValueSpecification","valueRequired":true,"valueName":"search_term_string"}}],"inLanguage":"nn-NO"}]}},"jetpack_sharing_enabled":true,"_links":{"self":[{"href":"https:\/\/www.jaermuseet.no\/limagarden\/wp-json\/wp\/v2\/pages\/5","targetHints":{"allow":["GET"]}}],"collection":[{"href":"https:\/\/www.jaermuseet.no\/limagarden\/wp-json\/wp\/v2\/pages"}],"about":[{"href":"https:\/\/www.jaermuseet.no\/limagarden\/wp-json\/wp\/v2\/types\/page"}],"author":[{"embeddable":true,"href":"https:\/\/www.jaermuseet.no\/limagarden\/wp-json\/wp\/v2\/users\/12"}],"replies":[{"embeddable":true,"href":"https:\/\/www.jaermuseet.no\/limagarden\/wp-json\/wp\/v2\/comments?post=5"}],"version-history":[{"count":2,"href":"https:\/\/www.jaermuseet.no\/limagarden\/wp-json\/wp\/v2\/pages\/5\/revisions"}],"predecessor-version":[{"id":191,"href":"https:\/\/www.jaermuseet.no\/limagarden\/wp-json\/wp\/v2\/pages\/5\/revisions\/191"}],"wp:attachment":[{"href":"https:\/\/www.jaermuseet.no\/limagarden\/wp-json\/wp\/v2\/media?parent=5"}],"curies":[{"name":"wp","href":"https:\/\/api.w.org\/{rel}","templated":true}]}}