{"id":9,"date":"2010-08-11T23:00:00","date_gmt":"2010-08-11T22:00:00","guid":{"rendered":"https:\/\/www.jaermuseet.no\/haugabakka\/utleige-av-folgehuset\/"},"modified":"2015-07-10T09:07:30","modified_gmt":"2015-07-10T07:07:30","slug":"utleige-av-folgehuset","status":"publish","type":"page","link":"https:\/\/www.jaermuseet.no\/haugabakka\/utleige-av-folgehuset\/","title":{"rendered":"Utleige av Folgehuset"},"content":{"rendered":"<p><strong>P\u00e5 museumsomr\u00e5det er det eit &#8220;folgehus&#8221;, flytta fr\u00e5 garden austre H\u00e5land. &#8220;Folgehuset&#8221; vert nytta til utstillingar, kulturkveldar, m\u00f8te m.v. <\/strong><\/p>\n<p>Dette er eit s\u00e5kalla &#8220;Sandneshus&#8221; bygd i 1906. Folgehuset blei flytta til Haugabakka i 1986.<\/p>\n<p>Ta kontakt med Klepp kommune, fritidsavdelinga, for leige av huset. Tlf 51 42 98 00.<\/p>\n","protected":false},"excerpt":{"rendered":"<p>P\u00e5 museumsomr\u00e5det er det eit &#8220;folgehus&#8221;, flytta fr\u00e5 garden austre&#8230;<\/p>\n","protected":false},"author":6,"featured_media":0,"parent":0,"menu_order":0,"comment_status":"open","ping_status":"open","template":"","meta":{"_acf_changed":false,"footnotes":""},"class_list":["post-9","page","type-page","status-publish","hentry","featured-image-size-large"],"acf":[],"yoast_head":"<!-- This site is optimized with the Yoast SEO plugin v27.4 - https:\/\/yoast.com\/product\/yoast-seo-wordpress\/ -->\n<title>Utleige av Folgehuset - Haugabakka<\/title>\n<meta name=\"robots\" content=\"index, follow, max-snippet:-1, max-image-preview:large, max-video-preview:-1\" \/>\n<link rel=\"canonical\" href=\"https:\/\/www.jaermuseet.no\/haugabakka\/utleige-av-folgehuset\/\" \/>\n<meta property=\"og:locale\" content=\"nn_NO\" \/>\n<meta property=\"og:type\" content=\"article\" \/>\n<meta property=\"og:title\" content=\"Utleige av Folgehuset - Haugabakka\" \/>\n<meta property=\"og:description\" content=\"P\u00e5 museumsomr\u00e5det er det eit &#8220;folgehus&#8221;, flytta fr\u00e5 garden austre...\" \/>\n<meta property=\"og:url\" content=\"https:\/\/www.jaermuseet.no\/haugabakka\/utleige-av-folgehuset\/\" \/>\n<meta property=\"og:site_name\" content=\"Haugabakka\" \/>\n<meta property=\"article:modified_time\" content=\"2015-07-10T07:07:30+00:00\" \/>\n<meta name=\"twitter:card\" content=\"summary_large_image\" \/>\n<script type=\"application\/ld+json\" class=\"yoast-schema-graph\">{\"@context\":\"https:\\\/\\\/schema.org\",\"@graph\":[{\"@type\":\"WebPage\",\"@id\":\"https:\\\/\\\/www.jaermuseet.no\\\/haugabakka\\\/utleige-av-folgehuset\\\/\",\"url\":\"https:\\\/\\\/www.jaermuseet.no\\\/haugabakka\\\/utleige-av-folgehuset\\\/\",\"name\":\"Utleige av Folgehuset - Haugabakka\",\"isPartOf\":{\"@id\":\"https:\\\/\\\/www.jaermuseet.no\\\/haugabakka\\\/#website\"},\"datePublished\":\"2010-08-11T22:00:00+00:00\",\"dateModified\":\"2015-07-10T07:07:30+00:00\",\"breadcrumb\":{\"@id\":\"https:\\\/\\\/www.jaermuseet.no\\\/haugabakka\\\/utleige-av-folgehuset\\\/#breadcrumb\"},\"inLanguage\":\"nn-NO\",\"potentialAction\":[{\"@type\":\"ReadAction\",\"target\":[\"https:\\\/\\\/www.jaermuseet.no\\\/haugabakka\\\/utleige-av-folgehuset\\\/\"]}]},{\"@type\":\"BreadcrumbList\",\"@id\":\"https:\\\/\\\/www.jaermuseet.no\\\/haugabakka\\\/utleige-av-folgehuset\\\/#breadcrumb\",\"itemListElement\":[{\"@type\":\"ListItem\",\"position\":1,\"name\":\"Hjem\",\"item\":\"https:\\\/\\\/www.jaermuseet.no\\\/haugabakka\\\/en\\\/\"},{\"@type\":\"ListItem\",\"position\":2,\"name\":\"Utleige av Folgehuset\"}]},{\"@type\":\"WebSite\",\"@id\":\"https:\\\/\\\/www.jaermuseet.no\\\/haugabakka\\\/#website\",\"url\":\"https:\\\/\\\/www.jaermuseet.no\\\/haugabakka\\\/\",\"name\":\"Haugabakka\",\"description\":\"Klepp bygdemuseum\",\"potentialAction\":[{\"@type\":\"SearchAction\",\"target\":{\"@type\":\"EntryPoint\",\"urlTemplate\":\"https:\\\/\\\/www.jaermuseet.no\\\/haugabakka\\\/?s={search_term_string}\"},\"query-input\":{\"@type\":\"PropertyValueSpecification\",\"valueRequired\":true,\"valueName\":\"search_term_string\"}}],\"inLanguage\":\"nn-NO\"}]}<\/script>\n<!-- \/ Yoast SEO plugin. -->","yoast_head_json":{"title":"Utleige av Folgehuset - Haugabakka","robots":{"index":"index","follow":"follow","max-snippet":"max-snippet:-1","max-image-preview":"max-image-preview:large","max-video-preview":"max-video-preview:-1"},"canonical":"https:\/\/www.jaermuseet.no\/haugabakka\/utleige-av-folgehuset\/","og_locale":"nn_NO","og_type":"article","og_title":"Utleige av Folgehuset - Haugabakka","og_description":"P\u00e5 museumsomr\u00e5det er det eit &#8220;folgehus&#8221;, flytta fr\u00e5 garden austre...","og_url":"https:\/\/www.jaermuseet.no\/haugabakka\/utleige-av-folgehuset\/","og_site_name":"Haugabakka","article_modified_time":"2015-07-10T07:07:30+00:00","twitter_card":"summary_large_image","schema":{"@context":"https:\/\/schema.org","@graph":[{"@type":"WebPage","@id":"https:\/\/www.jaermuseet.no\/haugabakka\/utleige-av-folgehuset\/","url":"https:\/\/www.jaermuseet.no\/haugabakka\/utleige-av-folgehuset\/","name":"Utleige av Folgehuset - Haugabakka","isPartOf":{"@id":"https:\/\/www.jaermuseet.no\/haugabakka\/#website"},"datePublished":"2010-08-11T22:00:00+00:00","dateModified":"2015-07-10T07:07:30+00:00","breadcrumb":{"@id":"https:\/\/www.jaermuseet.no\/haugabakka\/utleige-av-folgehuset\/#breadcrumb"},"inLanguage":"nn-NO","potentialAction":[{"@type":"ReadAction","target":["https:\/\/www.jaermuseet.no\/haugabakka\/utleige-av-folgehuset\/"]}]},{"@type":"BreadcrumbList","@id":"https:\/\/www.jaermuseet.no\/haugabakka\/utleige-av-folgehuset\/#breadcrumb","itemListElement":[{"@type":"ListItem","position":1,"name":"Hjem","item":"https:\/\/www.jaermuseet.no\/haugabakka\/en\/"},{"@type":"ListItem","position":2,"name":"Utleige av Folgehuset"}]},{"@type":"WebSite","@id":"https:\/\/www.jaermuseet.no\/haugabakka\/#website","url":"https:\/\/www.jaermuseet.no\/haugabakka\/","name":"Haugabakka","description":"Klepp bygdemuseum","potentialAction":[{"@type":"SearchAction","target":{"@type":"EntryPoint","urlTemplate":"https:\/\/www.jaermuseet.no\/haugabakka\/?s={search_term_string}"},"query-input":{"@type":"PropertyValueSpecification","valueRequired":true,"valueName":"search_term_string"}}],"inLanguage":"nn-NO"}]}},"jetpack_sharing_enabled":true,"_links":{"self":[{"href":"https:\/\/www.jaermuseet.no\/haugabakka\/wp-json\/wp\/v2\/pages\/9","targetHints":{"allow":["GET"]}}],"collection":[{"href":"https:\/\/www.jaermuseet.no\/haugabakka\/wp-json\/wp\/v2\/pages"}],"about":[{"href":"https:\/\/www.jaermuseet.no\/haugabakka\/wp-json\/wp\/v2\/types\/page"}],"author":[{"embeddable":true,"href":"https:\/\/www.jaermuseet.no\/haugabakka\/wp-json\/wp\/v2\/users\/6"}],"replies":[{"embeddable":true,"href":"https:\/\/www.jaermuseet.no\/haugabakka\/wp-json\/wp\/v2\/comments?post=9"}],"version-history":[{"count":1,"href":"https:\/\/www.jaermuseet.no\/haugabakka\/wp-json\/wp\/v2\/pages\/9\/revisions"}],"predecessor-version":[{"id":91,"href":"https:\/\/www.jaermuseet.no\/haugabakka\/wp-json\/wp\/v2\/pages\/9\/revisions\/91"}],"wp:attachment":[{"href":"https:\/\/www.jaermuseet.no\/haugabakka\/wp-json\/wp\/v2\/media?parent=9"}],"curies":[{"name":"wp","href":"https:\/\/api.w.org\/{rel}","templated":true}]}}