{"id":53,"date":"2016-06-07T16:42:43","date_gmt":"2016-06-07T14:42:43","guid":{"rendered":"https:\/\/www.jaermuseet.no\/haugabakka\/?page_id=53"},"modified":"2025-08-18T11:31:19","modified_gmt":"2025-08-18T09:31:19","slug":"kontakt","status":"publish","type":"page","link":"https:\/\/www.jaermuseet.no\/haugabakka\/kontakt\/","title":{"rendered":"Kontakt"},"content":{"rendered":"\n<p>Telefon: 47 77 60 20<br>E-post: <a href=\"mailto:haugabakka@jaermuseet.no\">haugabakka@jaermuseet.no<\/a><\/p>\n\n\n\n<p>Adresse:<br><span style=\"line-height: 1.5;\">Haugabakkavegen 9<br><\/span><span style=\"line-height: 1.5;\">4352 Kleppe<\/span><\/p>\n\n\n\n<p><strong>\u00d8nsker du \u00e5 gje ei g\u00e5ve til museet?&nbsp;<\/strong><\/p>\n\n\n\n<p><a href=\"https:\/\/www.jaermuseet.no\/blog\/gje-gave-til-museet\/\">Les meir om det her.&nbsp;<\/a><\/p>\n\n\n\n<hr class=\"wp-block-separator has-alpha-channel-opacity\"\/>\n\n\n\n<h2 class=\"wp-block-heading\">TILSETTE<\/h2>\n\n\n\r\n<div class=\"employees\" style=\"display: grid; grid-template-columns: repeat(auto-fill, minmax(250px, 1fr)); gap: 1.5rem;\">\r\n                    <div class=\"employee\">\r\n                            <img loading=\"lazy\" decoding=\"async\" width=\"400\" height=\"350\" src=\"https:\/\/www.jaermuseet.no\/haugabakka\/wp-content\/uploads\/sites\/7\/2021\/04\/Hans-Arvid2-400x350.jpg\" class=\"employee-image wp-post-image\" alt=\"\" \/>            \r\n            <h3 class=\"employee-name\">Hans-Arvid Gr\u00f8deland<\/h3>\r\n\r\n                            <p class=\"employee-position\">Driftskoordinator<\/p>\r\n            \r\n            \r\n                            <img decoding=\"async\" class=\"employee-icons\" src=\"https:\/\/www.jaermuseet.no\/haugabakka\/wp-content\/plugins\/hcal-employees\/templates\/..\/assets\/icons\/employees-icons.png\" alt=\"Ikoner\">\r\n                <p class=\"employee-phone\">\r\n                    <a href=\"&#116;&#x65;&#108;&#x3a;&#57;1&#x38;71823\">918 71 823<\/a>                                    <\/p>\r\n            \r\n                            <p class=\"employee-email\"><a href=\"&#109;a&#105;&#x6c;&#116;&#x6f;&#58;h&#x61;&#103;&#64;j&#x61;&#x65;&#114;m&#x75;&#x73;eet&#x2e;n&#111;\">h&#x61;&#103;&#64;j&#x61;&#x65;&#114;m&#x75;&#x73;eet&#x2e;n&#111;<\/a><\/p>\r\n                    <\/div>\r\n                    <div class=\"employee\">\r\n                            <img loading=\"lazy\" decoding=\"async\" width=\"400\" height=\"350\" src=\"https:\/\/www.jaermuseet.no\/haugabakka\/wp-content\/uploads\/sites\/7\/2017\/05\/Per-Inge-2-400x350.jpg\" class=\"employee-image wp-post-image\" alt=\"\" srcset=\"https:\/\/www.jaermuseet.no\/haugabakka\/wp-content\/uploads\/sites\/7\/2017\/05\/Per-Inge-2-400x350.jpg 400w, https:\/\/www.jaermuseet.no\/haugabakka\/wp-content\/uploads\/sites\/7\/2017\/05\/Per-Inge-2-400x350-300x263.jpg 300w, https:\/\/www.jaermuseet.no\/haugabakka\/wp-content\/uploads\/sites\/7\/2017\/05\/Per-Inge-2-400x350-250x219.jpg 250w\" sizes=\"auto, (max-width: 400px) 100vw, 400px\" \/>            \r\n            <h3 class=\"employee-name\">Per Inge B\u00f8e<\/h3>\r\n\r\n                            <p class=\"employee-position\">Avdelingsdirekt\u00f8r\/historikar<\/p>\r\n            \r\n            \r\n                            <img decoding=\"async\" class=\"employee-icons\" src=\"https:\/\/www.jaermuseet.no\/haugabakka\/wp-content\/plugins\/hcal-employees\/templates\/..\/assets\/icons\/employees-icons.png\" alt=\"Ikoner\">\r\n                <p class=\"employee-phone\">\r\n                    <a href=\"&#x74;&#x65;l&#x3a;&#57;0&#x38;6&#53;&#50;&#52;&#x32;\">908 65 242<\/a>                                    <\/p>\r\n            \r\n                            <p class=\"employee-email\"><a href=\"&#109;&#x61;&#x69;&#x6c;&#116;&#111;:&#112;&#105;&#98;&#64;j&#x61;&#101;rmu&#x73;&#x65;e&#x74;&#x2e;no\">&#112;&#105;&#98;&#64;j&#x61;&#101;rmu&#x73;&#x65;e&#x74;&#x2e;no<\/a><\/p>\r\n                    <\/div>\r\n                    <div class=\"employee\">\r\n                            <img loading=\"lazy\" decoding=\"async\" width=\"400\" height=\"350\" src=\"https:\/\/www.jaermuseet.no\/haugabakka\/wp-content\/uploads\/sites\/7\/2023\/08\/20230816_HAG-2-400x350.jpg\" class=\"employee-image wp-post-image\" alt=\"\" \/>            \r\n            <h3 class=\"employee-name\">Kristina Nyberg<\/h3>\r\n\r\n                            <p class=\"employee-position\">pedagog<\/p>\r\n            \r\n            \r\n                            <img decoding=\"async\" class=\"employee-icons\" src=\"https:\/\/www.jaermuseet.no\/haugabakka\/wp-content\/plugins\/hcal-employees\/templates\/..\/assets\/icons\/employees-icons.png\" alt=\"Ikoner\">\r\n                <p class=\"employee-phone\">\r\n                    <a href=\"&#116;e&#x6c;&#58;&#x39;4&#x34;&#55;1&#50;40\">94 47 12 40<\/a>                                    <\/p>\r\n            \r\n                            <p class=\"employee-email\"><a href=\"&#x6d;&#97;&#x69;&#108;&#x74;&#x6f;&#x3a;&#x6b;&#x65;hn&#x40;j&#97;&#x65;&#x72;&#109;&#117;s&#x65;e&#x74;&#x2e;n&#x6f;\">&#x6b;&#x65;hn&#x40;j&#97;&#x65;&#x72;&#109;&#117;s&#x65;e&#x74;&#x2e;n&#x6f;<\/a><\/p>\r\n                    <\/div>\r\n    <\/div>\n","protected":false},"excerpt":{"rendered":"<p>Telefon: 47 77 60 20E-post: haugabakka@jaermuseet.no Adresse:Haugabakkavegen 94352 Kleppe \u00d8nsker&#8230;<\/p>\n","protected":false},"author":1,"featured_media":0,"parent":0,"menu_order":0,"comment_status":"open","ping_status":"open","template":"","meta":{"_acf_changed":false,"footnotes":""},"class_list":["post-53","page","type-page","status-publish","hentry"],"acf":[],"yoast_head":"<!-- This site is optimized with the Yoast SEO plugin v27.4 - https:\/\/yoast.com\/product\/yoast-seo-wordpress\/ -->\n<title>Kontakt - Haugabakka<\/title>\n<meta name=\"robots\" content=\"index, follow, max-snippet:-1, max-image-preview:large, max-video-preview:-1\" \/>\n<link rel=\"canonical\" href=\"https:\/\/www.jaermuseet.no\/haugabakka\/kontakt\/\" \/>\n<meta property=\"og:locale\" content=\"nn_NO\" \/>\n<meta property=\"og:type\" content=\"article\" \/>\n<meta property=\"og:title\" content=\"Kontakt - Haugabakka\" \/>\n<meta property=\"og:description\" content=\"Telefon: 47 77 60 20E-post: haugabakka@jaermuseet.no Adresse:Haugabakkavegen 94352 Kleppe \u00d8nsker...\" \/>\n<meta property=\"og:url\" content=\"https:\/\/www.jaermuseet.no\/haugabakka\/kontakt\/\" \/>\n<meta property=\"og:site_name\" content=\"Haugabakka\" \/>\n<meta property=\"article:modified_time\" content=\"2025-08-18T09:31:19+00:00\" \/>\n<meta name=\"twitter:card\" content=\"summary_large_image\" \/>\n<meta name=\"twitter:label1\" content=\"Est. reading time\" \/>\n\t<meta name=\"twitter:data1\" content=\"1 minutt\" \/>\n<script type=\"application\/ld+json\" class=\"yoast-schema-graph\">{\"@context\":\"https:\\\/\\\/schema.org\",\"@graph\":[{\"@type\":\"WebPage\",\"@id\":\"https:\\\/\\\/www.jaermuseet.no\\\/haugabakka\\\/kontakt\\\/\",\"url\":\"https:\\\/\\\/www.jaermuseet.no\\\/haugabakka\\\/kontakt\\\/\",\"name\":\"Kontakt - Haugabakka\",\"isPartOf\":{\"@id\":\"https:\\\/\\\/www.jaermuseet.no\\\/haugabakka\\\/#website\"},\"datePublished\":\"2016-06-07T14:42:43+00:00\",\"dateModified\":\"2025-08-18T09:31:19+00:00\",\"breadcrumb\":{\"@id\":\"https:\\\/\\\/www.jaermuseet.no\\\/haugabakka\\\/kontakt\\\/#breadcrumb\"},\"inLanguage\":\"nn-NO\",\"potentialAction\":[{\"@type\":\"ReadAction\",\"target\":[\"https:\\\/\\\/www.jaermuseet.no\\\/haugabakka\\\/kontakt\\\/\"]}]},{\"@type\":\"BreadcrumbList\",\"@id\":\"https:\\\/\\\/www.jaermuseet.no\\\/haugabakka\\\/kontakt\\\/#breadcrumb\",\"itemListElement\":[{\"@type\":\"ListItem\",\"position\":1,\"name\":\"Hjem\",\"item\":\"https:\\\/\\\/www.jaermuseet.no\\\/haugabakka\\\/en\\\/\"},{\"@type\":\"ListItem\",\"position\":2,\"name\":\"Kontakt\"}]},{\"@type\":\"WebSite\",\"@id\":\"https:\\\/\\\/www.jaermuseet.no\\\/haugabakka\\\/#website\",\"url\":\"https:\\\/\\\/www.jaermuseet.no\\\/haugabakka\\\/\",\"name\":\"Haugabakka\",\"description\":\"Klepp bygdemuseum\",\"potentialAction\":[{\"@type\":\"SearchAction\",\"target\":{\"@type\":\"EntryPoint\",\"urlTemplate\":\"https:\\\/\\\/www.jaermuseet.no\\\/haugabakka\\\/?s={search_term_string}\"},\"query-input\":{\"@type\":\"PropertyValueSpecification\",\"valueRequired\":true,\"valueName\":\"search_term_string\"}}],\"inLanguage\":\"nn-NO\"}]}<\/script>\n<!-- \/ Yoast SEO plugin. -->","yoast_head_json":{"title":"Kontakt - Haugabakka","robots":{"index":"index","follow":"follow","max-snippet":"max-snippet:-1","max-image-preview":"max-image-preview:large","max-video-preview":"max-video-preview:-1"},"canonical":"https:\/\/www.jaermuseet.no\/haugabakka\/kontakt\/","og_locale":"nn_NO","og_type":"article","og_title":"Kontakt - Haugabakka","og_description":"Telefon: 47 77 60 20E-post: haugabakka@jaermuseet.no Adresse:Haugabakkavegen 94352 Kleppe \u00d8nsker...","og_url":"https:\/\/www.jaermuseet.no\/haugabakka\/kontakt\/","og_site_name":"Haugabakka","article_modified_time":"2025-08-18T09:31:19+00:00","twitter_card":"summary_large_image","twitter_misc":{"Est. reading time":"1 minutt"},"schema":{"@context":"https:\/\/schema.org","@graph":[{"@type":"WebPage","@id":"https:\/\/www.jaermuseet.no\/haugabakka\/kontakt\/","url":"https:\/\/www.jaermuseet.no\/haugabakka\/kontakt\/","name":"Kontakt - Haugabakka","isPartOf":{"@id":"https:\/\/www.jaermuseet.no\/haugabakka\/#website"},"datePublished":"2016-06-07T14:42:43+00:00","dateModified":"2025-08-18T09:31:19+00:00","breadcrumb":{"@id":"https:\/\/www.jaermuseet.no\/haugabakka\/kontakt\/#breadcrumb"},"inLanguage":"nn-NO","potentialAction":[{"@type":"ReadAction","target":["https:\/\/www.jaermuseet.no\/haugabakka\/kontakt\/"]}]},{"@type":"BreadcrumbList","@id":"https:\/\/www.jaermuseet.no\/haugabakka\/kontakt\/#breadcrumb","itemListElement":[{"@type":"ListItem","position":1,"name":"Hjem","item":"https:\/\/www.jaermuseet.no\/haugabakka\/en\/"},{"@type":"ListItem","position":2,"name":"Kontakt"}]},{"@type":"WebSite","@id":"https:\/\/www.jaermuseet.no\/haugabakka\/#website","url":"https:\/\/www.jaermuseet.no\/haugabakka\/","name":"Haugabakka","description":"Klepp bygdemuseum","potentialAction":[{"@type":"SearchAction","target":{"@type":"EntryPoint","urlTemplate":"https:\/\/www.jaermuseet.no\/haugabakka\/?s={search_term_string}"},"query-input":{"@type":"PropertyValueSpecification","valueRequired":true,"valueName":"search_term_string"}}],"inLanguage":"nn-NO"}]}},"jetpack_sharing_enabled":true,"_links":{"self":[{"href":"https:\/\/www.jaermuseet.no\/haugabakka\/wp-json\/wp\/v2\/pages\/53","targetHints":{"allow":["GET"]}}],"collection":[{"href":"https:\/\/www.jaermuseet.no\/haugabakka\/wp-json\/wp\/v2\/pages"}],"about":[{"href":"https:\/\/www.jaermuseet.no\/haugabakka\/wp-json\/wp\/v2\/types\/page"}],"author":[{"embeddable":true,"href":"https:\/\/www.jaermuseet.no\/haugabakka\/wp-json\/wp\/v2\/users\/1"}],"replies":[{"embeddable":true,"href":"https:\/\/www.jaermuseet.no\/haugabakka\/wp-json\/wp\/v2\/comments?post=53"}],"version-history":[{"count":5,"href":"https:\/\/www.jaermuseet.no\/haugabakka\/wp-json\/wp\/v2\/pages\/53\/revisions"}],"predecessor-version":[{"id":789,"href":"https:\/\/www.jaermuseet.no\/haugabakka\/wp-json\/wp\/v2\/pages\/53\/revisions\/789"}],"wp:attachment":[{"href":"https:\/\/www.jaermuseet.no\/haugabakka\/wp-json\/wp\/v2\/media?parent=53"}],"curies":[{"name":"wp","href":"https:\/\/api.w.org\/{rel}","templated":true}]}}