{"id":365,"date":"2012-03-09T13:35:00","date_gmt":"2012-03-09T12:35:00","guid":{"rendered":"https:\/\/www.jaermuseet.no\/garborgsenteret\/knudaheio\/"},"modified":"2022-08-17T10:06:21","modified_gmt":"2022-08-17T08:06:21","slug":"knudaheio","status":"publish","type":"page","link":"https:\/\/www.jaermuseet.no\/garborgsenteret\/knudaheio\/","title":{"rendered":"Knudaheio"},"content":{"rendered":"<p>I 1924 donerte enka Hulda Garborg eigedomen til Time kommune. B\u00e5de Arne og Hulda er hauglagde i hagen p\u00e5 eigedommen.<\/p>\n<p>I samband med Garborg-\u00e5ret 2001 vart det sett opp to minnesmerke ved Knudaheio: steinandletet &#8220;All denne fagre utsyn&#8221; av Hugo Frank Wathne, og varden &#8220;Tek kvar og ein sin vesle stein&#8221; av barna i krinsen.<\/p>\n<p>Inne er det utstilling av dei fleste bilda tatt av Garborg i og utanfor huset, diktaren sine m\u00f8blar og andre eigendelar, samt kopiar av f\u00f8rsteutg\u00e5ver av dei fleste b\u00f8kene.<\/p>\n<p><strong>Knudaheio er open s\u00f8ndagar, kl. 12-16, f.o.m. 1. mai og ut september. Sommarope kvar dag fr\u00e5 1. juli til midten av august, kl. 12-17.<\/strong><\/p>\n<p>Inngangspengar Garborgheimen og Knudaheio: kr 40,-; alle under 18 \u00e5r g\u00e5r gratis. L\u00f8yst billett p\u00e5 ein av stadene gjeld \u00f2g p\u00e5 den andre (samt Fotland m\u00f8lle) same dagen. Ein f\u00e5r ogs\u00e5 rabatt p\u00e5 inngangsbilletten til Garborgsenteret ved framvising av billett fr\u00e5 Garborgheimen eller Knudaheio.<\/p>\n<p>Det kan bestillast historieformidling\/guiding gjennom heile \u00e5ret.<br \/>\n<span style=\"font-size: 8pt;\">Kjelder: Wikipedia og Time kommune.<\/span><\/p>\n<p><a href=\"https:\/\/www.jaermuseet.no\/knudaheio\/\">Les meir om Knudaheio<\/a><\/p>\n","protected":false},"excerpt":{"rendered":"<p>I 1924 donerte enka Hulda Garborg eigedomen til Time kommune&#8230;.<\/p>\n","protected":false},"author":15,"featured_media":1112,"parent":0,"menu_order":0,"comment_status":"open","ping_status":"open","template":"","meta":{"_acf_changed":false,"footnotes":""},"class_list":["post-365","page","type-page","status-publish","has-post-thumbnail","hentry","featured-image-size-large"],"acf":[],"yoast_head":"<!-- This site is optimized with the Yoast SEO plugin v27.5 - https:\/\/yoast.com\/product\/yoast-seo-wordpress\/ -->\n<title>Knudaheio - Garborgsenteret<\/title>\n<meta name=\"robots\" content=\"index, follow, max-snippet:-1, max-image-preview:large, max-video-preview:-1\" \/>\n<link rel=\"canonical\" href=\"https:\/\/www.jaermuseet.no\/garborgsenteret\/knudaheio\/\" \/>\n<meta property=\"og:locale\" content=\"nn_NO\" \/>\n<meta property=\"og:type\" content=\"article\" \/>\n<meta property=\"og:title\" content=\"Knudaheio - Garborgsenteret\" \/>\n<meta property=\"og:description\" content=\"I 1924 donerte enka Hulda Garborg eigedomen til Time kommune....\" \/>\n<meta property=\"og:url\" content=\"https:\/\/www.jaermuseet.no\/garborgsenteret\/knudaheio\/\" \/>\n<meta property=\"og:site_name\" content=\"Garborgsenteret\" \/>\n<meta property=\"article:modified_time\" content=\"2022-08-17T08:06:21+00:00\" \/>\n<meta property=\"og:image\" content=\"https:\/\/www.jaermuseet.no\/wp-content\/uploads\/sites\/2\/2012\/03\/knudaheio.jpg\" \/>\n\t<meta property=\"og:image:width\" content=\"1400\" \/>\n\t<meta property=\"og:image:height\" content=\"761\" \/>\n\t<meta property=\"og:image:type\" content=\"image\/jpeg\" \/>\n<meta name=\"twitter:card\" content=\"summary_large_image\" \/>\n<meta name=\"twitter:label1\" content=\"Est. reading time\" \/>\n\t<meta name=\"twitter:data1\" content=\"1 minutt\" \/>\n<script type=\"application\/ld+json\" class=\"yoast-schema-graph\">{\"@context\":\"https:\\\/\\\/schema.org\",\"@graph\":[{\"@type\":\"WebPage\",\"@id\":\"https:\\\/\\\/www.jaermuseet.no\\\/garborgsenteret\\\/knudaheio\\\/\",\"url\":\"https:\\\/\\\/www.jaermuseet.no\\\/garborgsenteret\\\/knudaheio\\\/\",\"name\":\"Knudaheio - Garborgsenteret\",\"isPartOf\":{\"@id\":\"https:\\\/\\\/www.jaermuseet.no\\\/garborgsenteret\\\/#website\"},\"primaryImageOfPage\":{\"@id\":\"https:\\\/\\\/www.jaermuseet.no\\\/garborgsenteret\\\/knudaheio\\\/#primaryimage\"},\"image\":{\"@id\":\"https:\\\/\\\/www.jaermuseet.no\\\/garborgsenteret\\\/knudaheio\\\/#primaryimage\"},\"thumbnailUrl\":\"https:\\\/\\\/www.jaermuseet.no\\\/garborgsenteret\\\/wp-content\\\/uploads\\\/sites\\\/2\\\/2012\\\/03\\\/knudaheio.jpg\",\"datePublished\":\"2012-03-09T12:35:00+00:00\",\"dateModified\":\"2022-08-17T08:06:21+00:00\",\"breadcrumb\":{\"@id\":\"https:\\\/\\\/www.jaermuseet.no\\\/garborgsenteret\\\/knudaheio\\\/#breadcrumb\"},\"inLanguage\":\"nn-NO\",\"potentialAction\":[{\"@type\":\"ReadAction\",\"target\":[\"https:\\\/\\\/www.jaermuseet.no\\\/garborgsenteret\\\/knudaheio\\\/\"]}]},{\"@type\":\"ImageObject\",\"inLanguage\":\"nn-NO\",\"@id\":\"https:\\\/\\\/www.jaermuseet.no\\\/garborgsenteret\\\/knudaheio\\\/#primaryimage\",\"url\":\"https:\\\/\\\/www.jaermuseet.no\\\/garborgsenteret\\\/wp-content\\\/uploads\\\/sites\\\/2\\\/2012\\\/03\\\/knudaheio.jpg\",\"contentUrl\":\"https:\\\/\\\/www.jaermuseet.no\\\/garborgsenteret\\\/wp-content\\\/uploads\\\/sites\\\/2\\\/2012\\\/03\\\/knudaheio.jpg\",\"width\":1400,\"height\":761,\"caption\":\"Photo: Jan Nordtveit.\"},{\"@type\":\"BreadcrumbList\",\"@id\":\"https:\\\/\\\/www.jaermuseet.no\\\/garborgsenteret\\\/knudaheio\\\/#breadcrumb\",\"itemListElement\":[{\"@type\":\"ListItem\",\"position\":1,\"name\":\"Hjem\",\"item\":\"https:\\\/\\\/www.jaermuseet.no\\\/garborgsenteret\\\/\"},{\"@type\":\"ListItem\",\"position\":2,\"name\":\"Knudaheio\"}]},{\"@type\":\"WebSite\",\"@id\":\"https:\\\/\\\/www.jaermuseet.no\\\/garborgsenteret\\\/#website\",\"url\":\"https:\\\/\\\/www.jaermuseet.no\\\/garborgsenteret\\\/\",\"name\":\"Garborgsenteret\",\"description\":\"A national arena to promote the interest for authors Arne and Hulda Garborg\",\"potentialAction\":[{\"@type\":\"SearchAction\",\"target\":{\"@type\":\"EntryPoint\",\"urlTemplate\":\"https:\\\/\\\/www.jaermuseet.no\\\/garborgsenteret\\\/?s={search_term_string}\"},\"query-input\":{\"@type\":\"PropertyValueSpecification\",\"valueRequired\":true,\"valueName\":\"search_term_string\"}}],\"inLanguage\":\"nn-NO\"}]}<\/script>\n<!-- \/ Yoast SEO plugin. -->","yoast_head_json":{"title":"Knudaheio - Garborgsenteret","robots":{"index":"index","follow":"follow","max-snippet":"max-snippet:-1","max-image-preview":"max-image-preview:large","max-video-preview":"max-video-preview:-1"},"canonical":"https:\/\/www.jaermuseet.no\/garborgsenteret\/knudaheio\/","og_locale":"nn_NO","og_type":"article","og_title":"Knudaheio - Garborgsenteret","og_description":"I 1924 donerte enka Hulda Garborg eigedomen til Time kommune....","og_url":"https:\/\/www.jaermuseet.no\/garborgsenteret\/knudaheio\/","og_site_name":"Garborgsenteret","article_modified_time":"2022-08-17T08:06:21+00:00","og_image":[{"width":1400,"height":761,"url":"https:\/\/www.jaermuseet.no\/wp-content\/uploads\/sites\/2\/2012\/03\/knudaheio.jpg","type":"image\/jpeg"}],"twitter_card":"summary_large_image","twitter_misc":{"Est. reading time":"1 minutt"},"schema":{"@context":"https:\/\/schema.org","@graph":[{"@type":"WebPage","@id":"https:\/\/www.jaermuseet.no\/garborgsenteret\/knudaheio\/","url":"https:\/\/www.jaermuseet.no\/garborgsenteret\/knudaheio\/","name":"Knudaheio - Garborgsenteret","isPartOf":{"@id":"https:\/\/www.jaermuseet.no\/garborgsenteret\/#website"},"primaryImageOfPage":{"@id":"https:\/\/www.jaermuseet.no\/garborgsenteret\/knudaheio\/#primaryimage"},"image":{"@id":"https:\/\/www.jaermuseet.no\/garborgsenteret\/knudaheio\/#primaryimage"},"thumbnailUrl":"https:\/\/www.jaermuseet.no\/garborgsenteret\/wp-content\/uploads\/sites\/2\/2012\/03\/knudaheio.jpg","datePublished":"2012-03-09T12:35:00+00:00","dateModified":"2022-08-17T08:06:21+00:00","breadcrumb":{"@id":"https:\/\/www.jaermuseet.no\/garborgsenteret\/knudaheio\/#breadcrumb"},"inLanguage":"nn-NO","potentialAction":[{"@type":"ReadAction","target":["https:\/\/www.jaermuseet.no\/garborgsenteret\/knudaheio\/"]}]},{"@type":"ImageObject","inLanguage":"nn-NO","@id":"https:\/\/www.jaermuseet.no\/garborgsenteret\/knudaheio\/#primaryimage","url":"https:\/\/www.jaermuseet.no\/garborgsenteret\/wp-content\/uploads\/sites\/2\/2012\/03\/knudaheio.jpg","contentUrl":"https:\/\/www.jaermuseet.no\/garborgsenteret\/wp-content\/uploads\/sites\/2\/2012\/03\/knudaheio.jpg","width":1400,"height":761,"caption":"Photo: Jan Nordtveit."},{"@type":"BreadcrumbList","@id":"https:\/\/www.jaermuseet.no\/garborgsenteret\/knudaheio\/#breadcrumb","itemListElement":[{"@type":"ListItem","position":1,"name":"Hjem","item":"https:\/\/www.jaermuseet.no\/garborgsenteret\/"},{"@type":"ListItem","position":2,"name":"Knudaheio"}]},{"@type":"WebSite","@id":"https:\/\/www.jaermuseet.no\/garborgsenteret\/#website","url":"https:\/\/www.jaermuseet.no\/garborgsenteret\/","name":"Garborgsenteret","description":"A national arena to promote the interest for authors Arne and Hulda Garborg","potentialAction":[{"@type":"SearchAction","target":{"@type":"EntryPoint","urlTemplate":"https:\/\/www.jaermuseet.no\/garborgsenteret\/?s={search_term_string}"},"query-input":{"@type":"PropertyValueSpecification","valueRequired":true,"valueName":"search_term_string"}}],"inLanguage":"nn-NO"}]}},"jetpack_sharing_enabled":true,"_links":{"self":[{"href":"https:\/\/www.jaermuseet.no\/garborgsenteret\/wp-json\/wp\/v2\/pages\/365","targetHints":{"allow":["GET"]}}],"collection":[{"href":"https:\/\/www.jaermuseet.no\/garborgsenteret\/wp-json\/wp\/v2\/pages"}],"about":[{"href":"https:\/\/www.jaermuseet.no\/garborgsenteret\/wp-json\/wp\/v2\/types\/page"}],"author":[{"embeddable":true,"href":"https:\/\/www.jaermuseet.no\/garborgsenteret\/wp-json\/wp\/v2\/users\/15"}],"replies":[{"embeddable":true,"href":"https:\/\/www.jaermuseet.no\/garborgsenteret\/wp-json\/wp\/v2\/comments?post=365"}],"version-history":[{"count":13,"href":"https:\/\/www.jaermuseet.no\/garborgsenteret\/wp-json\/wp\/v2\/pages\/365\/revisions"}],"predecessor-version":[{"id":9511,"href":"https:\/\/www.jaermuseet.no\/garborgsenteret\/wp-json\/wp\/v2\/pages\/365\/revisions\/9511"}],"wp:featuredmedia":[{"embeddable":true,"href":"https:\/\/www.jaermuseet.no\/garborgsenteret\/wp-json\/wp\/v2\/media\/1112"}],"wp:attachment":[{"href":"https:\/\/www.jaermuseet.no\/garborgsenteret\/wp-json\/wp\/v2\/media?parent=365"}],"curies":[{"name":"wp","href":"https:\/\/api.w.org\/{rel}","templated":true}]}}