{"id":1336,"date":"2019-04-04T08:56:51","date_gmt":"2019-04-04T06:56:51","guid":{"rendered":"https:\/\/www.jaermuseet.no\/flyhistorisk\/?page_id=1336"},"modified":"2019-04-04T08:56:51","modified_gmt":"2019-04-04T06:56:51","slug":"flyhistorie","status":"publish","type":"page","link":"https:\/\/www.jaermuseet.no\/flyhistorisk\/flyhistorie\/","title":{"rendered":"Flyhistorie"},"content":{"rendered":"<p><strong>Flyhistorie \u2013 Norsk luftfartshistorisk magasin utgis av Norsk Luftfartsmuseum og kommer ut fire ganger i \u00e5ret. Magasinet <em>er Norges eneste magasin som tar for seg mangfoldet i norsk flyhistorie. Store og sm\u00e5 hendelser \u2013 ikke bare flyene, men ogs\u00e5 menneskene bak flymaskinene. <\/em> <\/strong><\/p>\n<h3><strong>NOEN SKAPER FLYHISTORIE. ANDRE TAR VARE P\u00c5 DEN. VI FORTELLER DEN VIDERE \u2013 TIL DEG! <\/strong><\/h3>\n<p>Magasinets hovedform\u00e5l er \u00e5 vekke og opprettholde flyhistorisk interesse over det ganske land og \u00e5 dokumentere flyhistorien.<\/p>\n<p>Bladet \u00f8nsker \u00e5 v\u00e6re et \u00abtreffpunkt\u00bb for alle typer fly- og luftfartshistoriske milj\u00f8er i hele Norge. Foreninger\/institusjoner kan bruke bladet til \u00e5 skrive om seg selv og sine aktiviteter og p\u00e5 denne m\u00e5ten n\u00e5 ut til sine medlemmer og andre interesserte i hele v\u00e5rt langstrakte land. Gjennom dette h\u00e5per vi \u00e5 styrke rekrutteringen til og motivasjon for \u00e5 delta i de allerede etablerte museums- og flyhistoriske milj\u00f8ene over hele landet.<\/p>\n<h3>BLADET ER INKLUDERENDE FOR ALLE LUFTFARTSINTERESSERTE SKRIBENTER OG ALLE BIDRAG MOTTAS MED STOR TAKK.<\/h3>\n<p>Bes\u00f8k <a href=\"https:\/\/www.luftfartsmuseum.no\/magasinet-flyhistorie\">Norsk Luftfartsmuseum<\/a> sin nettside for \u00e5 abonnere p\u00e5 magasinet, eller lese noen gratisartikler.<\/p>\n","protected":false},"excerpt":{"rendered":"<p>Flyhistorie \u2013 Norsk luftfartshistorisk magasin utgis av Norsk Luftfartsmuseum og&#8230;<\/p>\n","protected":false},"author":18,"featured_media":1337,"parent":0,"menu_order":0,"comment_status":"closed","ping_status":"closed","template":"","meta":{"_acf_changed":false,"footnotes":""},"class_list":["post-1336","page","type-page","status-publish","has-post-thumbnail","hentry","featured-image-size-large"],"acf":[],"yoast_head":"<!-- This site is optimized with the Yoast SEO plugin v27.4 - https:\/\/yoast.com\/product\/yoast-seo-wordpress\/ -->\n<title>Flyhistorie - Flyhistorisk Museum Sola<\/title>\n<meta name=\"robots\" content=\"index, follow, max-snippet:-1, max-image-preview:large, max-video-preview:-1\" \/>\n<link rel=\"canonical\" href=\"https:\/\/www.jaermuseet.no\/flyhistorisk\/flyhistorie\/\" \/>\n<meta property=\"og:locale\" content=\"nn_NO\" \/>\n<meta property=\"og:type\" content=\"article\" \/>\n<meta property=\"og:title\" content=\"Flyhistorie - Flyhistorisk Museum Sola\" \/>\n<meta property=\"og:description\" content=\"Flyhistorie \u2013 Norsk luftfartshistorisk magasin utgis av Norsk Luftfartsmuseum og...\" \/>\n<meta property=\"og:url\" content=\"https:\/\/www.jaermuseet.no\/flyhistorisk\/flyhistorie\/\" \/>\n<meta property=\"og:site_name\" content=\"Flyhistorisk Museum Sola\" \/>\n<meta property=\"og:image\" content=\"https:\/\/www.jaermuseet.no\/flyhistorisk\/wp-content\/uploads\/sites\/4\/2019\/04\/20190319_183342-1024x768.jpg\" \/>\n\t<meta property=\"og:image:width\" content=\"1024\" \/>\n\t<meta property=\"og:image:height\" content=\"768\" \/>\n\t<meta property=\"og:image:type\" content=\"image\/jpeg\" \/>\n<meta name=\"twitter:card\" content=\"summary_large_image\" \/>\n<meta name=\"twitter:label1\" content=\"Est. reading time\" \/>\n\t<meta name=\"twitter:data1\" content=\"1 minutt\" \/>\n<script type=\"application\/ld+json\" class=\"yoast-schema-graph\">{\"@context\":\"https:\\\/\\\/schema.org\",\"@graph\":[{\"@type\":\"WebPage\",\"@id\":\"https:\\\/\\\/www.jaermuseet.no\\\/flyhistorisk\\\/flyhistorie\\\/\",\"url\":\"https:\\\/\\\/www.jaermuseet.no\\\/flyhistorisk\\\/flyhistorie\\\/\",\"name\":\"Flyhistorie - Flyhistorisk Museum Sola\",\"isPartOf\":{\"@id\":\"https:\\\/\\\/www.jaermuseet.no\\\/flyhistorisk\\\/#website\"},\"primaryImageOfPage\":{\"@id\":\"https:\\\/\\\/www.jaermuseet.no\\\/flyhistorisk\\\/flyhistorie\\\/#primaryimage\"},\"image\":{\"@id\":\"https:\\\/\\\/www.jaermuseet.no\\\/flyhistorisk\\\/flyhistorie\\\/#primaryimage\"},\"thumbnailUrl\":\"https:\\\/\\\/www.jaermuseet.no\\\/flyhistorisk\\\/wp-content\\\/uploads\\\/sites\\\/4\\\/2019\\\/04\\\/20190319_183342.jpg\",\"datePublished\":\"2019-04-04T06:56:51+00:00\",\"breadcrumb\":{\"@id\":\"https:\\\/\\\/www.jaermuseet.no\\\/flyhistorisk\\\/flyhistorie\\\/#breadcrumb\"},\"inLanguage\":\"nn-NO\",\"potentialAction\":[{\"@type\":\"ReadAction\",\"target\":[\"https:\\\/\\\/www.jaermuseet.no\\\/flyhistorisk\\\/flyhistorie\\\/\"]}]},{\"@type\":\"ImageObject\",\"inLanguage\":\"nn-NO\",\"@id\":\"https:\\\/\\\/www.jaermuseet.no\\\/flyhistorisk\\\/flyhistorie\\\/#primaryimage\",\"url\":\"https:\\\/\\\/www.jaermuseet.no\\\/flyhistorisk\\\/wp-content\\\/uploads\\\/sites\\\/4\\\/2019\\\/04\\\/20190319_183342.jpg\",\"contentUrl\":\"https:\\\/\\\/www.jaermuseet.no\\\/flyhistorisk\\\/wp-content\\\/uploads\\\/sites\\\/4\\\/2019\\\/04\\\/20190319_183342.jpg\",\"width\":3024,\"height\":2268},{\"@type\":\"BreadcrumbList\",\"@id\":\"https:\\\/\\\/www.jaermuseet.no\\\/flyhistorisk\\\/flyhistorie\\\/#breadcrumb\",\"itemListElement\":[{\"@type\":\"ListItem\",\"position\":1,\"name\":\"Hjem\",\"item\":\"https:\\\/\\\/www.jaermuseet.no\\\/flyhistorisk\\\/\"},{\"@type\":\"ListItem\",\"position\":2,\"name\":\"Flyhistorie\"}]},{\"@type\":\"WebSite\",\"@id\":\"https:\\\/\\\/www.jaermuseet.no\\\/flyhistorisk\\\/#website\",\"url\":\"https:\\\/\\\/www.jaermuseet.no\\\/flyhistorisk\\\/\",\"name\":\"Flyhistorisk Museum Sola\",\"description\":\"One of Norway\u2019s largest civil collections of airplanes\",\"potentialAction\":[{\"@type\":\"SearchAction\",\"target\":{\"@type\":\"EntryPoint\",\"urlTemplate\":\"https:\\\/\\\/www.jaermuseet.no\\\/flyhistorisk\\\/?s={search_term_string}\"},\"query-input\":{\"@type\":\"PropertyValueSpecification\",\"valueRequired\":true,\"valueName\":\"search_term_string\"}}],\"inLanguage\":\"nn-NO\"}]}<\/script>\n<!-- \/ Yoast SEO plugin. -->","yoast_head_json":{"title":"Flyhistorie - Flyhistorisk Museum Sola","robots":{"index":"index","follow":"follow","max-snippet":"max-snippet:-1","max-image-preview":"max-image-preview:large","max-video-preview":"max-video-preview:-1"},"canonical":"https:\/\/www.jaermuseet.no\/flyhistorisk\/flyhistorie\/","og_locale":"nn_NO","og_type":"article","og_title":"Flyhistorie - Flyhistorisk Museum Sola","og_description":"Flyhistorie \u2013 Norsk luftfartshistorisk magasin utgis av Norsk Luftfartsmuseum og...","og_url":"https:\/\/www.jaermuseet.no\/flyhistorisk\/flyhistorie\/","og_site_name":"Flyhistorisk Museum Sola","og_image":[{"width":1024,"height":768,"url":"https:\/\/www.jaermuseet.no\/flyhistorisk\/wp-content\/uploads\/sites\/4\/2019\/04\/20190319_183342-1024x768.jpg","type":"image\/jpeg"}],"twitter_card":"summary_large_image","twitter_misc":{"Est. reading time":"1 minutt"},"schema":{"@context":"https:\/\/schema.org","@graph":[{"@type":"WebPage","@id":"https:\/\/www.jaermuseet.no\/flyhistorisk\/flyhistorie\/","url":"https:\/\/www.jaermuseet.no\/flyhistorisk\/flyhistorie\/","name":"Flyhistorie - Flyhistorisk Museum Sola","isPartOf":{"@id":"https:\/\/www.jaermuseet.no\/flyhistorisk\/#website"},"primaryImageOfPage":{"@id":"https:\/\/www.jaermuseet.no\/flyhistorisk\/flyhistorie\/#primaryimage"},"image":{"@id":"https:\/\/www.jaermuseet.no\/flyhistorisk\/flyhistorie\/#primaryimage"},"thumbnailUrl":"https:\/\/www.jaermuseet.no\/flyhistorisk\/wp-content\/uploads\/sites\/4\/2019\/04\/20190319_183342.jpg","datePublished":"2019-04-04T06:56:51+00:00","breadcrumb":{"@id":"https:\/\/www.jaermuseet.no\/flyhistorisk\/flyhistorie\/#breadcrumb"},"inLanguage":"nn-NO","potentialAction":[{"@type":"ReadAction","target":["https:\/\/www.jaermuseet.no\/flyhistorisk\/flyhistorie\/"]}]},{"@type":"ImageObject","inLanguage":"nn-NO","@id":"https:\/\/www.jaermuseet.no\/flyhistorisk\/flyhistorie\/#primaryimage","url":"https:\/\/www.jaermuseet.no\/flyhistorisk\/wp-content\/uploads\/sites\/4\/2019\/04\/20190319_183342.jpg","contentUrl":"https:\/\/www.jaermuseet.no\/flyhistorisk\/wp-content\/uploads\/sites\/4\/2019\/04\/20190319_183342.jpg","width":3024,"height":2268},{"@type":"BreadcrumbList","@id":"https:\/\/www.jaermuseet.no\/flyhistorisk\/flyhistorie\/#breadcrumb","itemListElement":[{"@type":"ListItem","position":1,"name":"Hjem","item":"https:\/\/www.jaermuseet.no\/flyhistorisk\/"},{"@type":"ListItem","position":2,"name":"Flyhistorie"}]},{"@type":"WebSite","@id":"https:\/\/www.jaermuseet.no\/flyhistorisk\/#website","url":"https:\/\/www.jaermuseet.no\/flyhistorisk\/","name":"Flyhistorisk Museum Sola","description":"One of Norway\u2019s largest civil collections of airplanes","potentialAction":[{"@type":"SearchAction","target":{"@type":"EntryPoint","urlTemplate":"https:\/\/www.jaermuseet.no\/flyhistorisk\/?s={search_term_string}"},"query-input":{"@type":"PropertyValueSpecification","valueRequired":true,"valueName":"search_term_string"}}],"inLanguage":"nn-NO"}]}},"jetpack_sharing_enabled":true,"_links":{"self":[{"href":"https:\/\/www.jaermuseet.no\/flyhistorisk\/wp-json\/wp\/v2\/pages\/1336","targetHints":{"allow":["GET"]}}],"collection":[{"href":"https:\/\/www.jaermuseet.no\/flyhistorisk\/wp-json\/wp\/v2\/pages"}],"about":[{"href":"https:\/\/www.jaermuseet.no\/flyhistorisk\/wp-json\/wp\/v2\/types\/page"}],"author":[{"embeddable":true,"href":"https:\/\/www.jaermuseet.no\/flyhistorisk\/wp-json\/wp\/v2\/users\/18"}],"replies":[{"embeddable":true,"href":"https:\/\/www.jaermuseet.no\/flyhistorisk\/wp-json\/wp\/v2\/comments?post=1336"}],"version-history":[{"count":1,"href":"https:\/\/www.jaermuseet.no\/flyhistorisk\/wp-json\/wp\/v2\/pages\/1336\/revisions"}],"predecessor-version":[{"id":1338,"href":"https:\/\/www.jaermuseet.no\/flyhistorisk\/wp-json\/wp\/v2\/pages\/1336\/revisions\/1338"}],"wp:featuredmedia":[{"embeddable":true,"href":"https:\/\/www.jaermuseet.no\/flyhistorisk\/wp-json\/wp\/v2\/media\/1337"}],"wp:attachment":[{"href":"https:\/\/www.jaermuseet.no\/flyhistorisk\/wp-json\/wp\/v2\/media?parent=1336"}],"curies":[{"name":"wp","href":"https:\/\/api.w.org\/{rel}","templated":true}]}}