{"id":3036,"date":"2026-08-20T15:38:03","date_gmt":"2026-08-20T13:38:03","guid":{"rendered":"https:\/\/www.jaermuseet.no\/flyhistorisk\/?post_type=activity&#038;p=3036"},"modified":"2026-08-26T13:56:13","modified_gmt":"2026-08-26T11:56:13","slug":"militaerhistorisk-dag","status":"publish","type":"activity","link":"https:\/\/www.jaermuseet.no\/flyhistorisk\/aktiviteter\/militaerhistorisk-dag\/","title":{"rendered":"Fly og milit\u00e6rhistorisk dag"},"content":{"rendered":"<div class=\"activity-meta\">\n    <div class=\"activity-meta__line\">\n        <div class=\"activity-meta__icon\">\n            <i class=\"fa fa-calendar\" aria-hidden=\"true\"><\/i>\n        <\/div>\n                                        <span class=\"meta-date\">\n                        6. september        <\/span>\n                                <span class=\"meta-time\">12:00-16:00<\/span>\n            <\/div>\n\n            <div class=\"activity-meta__line\">\n        <div class=\"activity-meta__icon\">\n            <i class=\"fa fa-map\" aria-hidden=\"true\"><\/i>\n        <\/div>\n        <span class=\"meta-location\">Sola Presteg\u00e5rdsveg 170, 4050 Sola<\/span>\n    <\/div>\n    \n            <div class=\"activity-meta__line\">\n        <div class=\"activity-meta__icon\">\n            <i class=\"fa fa-tag\" aria-hidden=\"true\"><\/i>\n        <\/div>\n        <span class=\"meta-price\">Ordin\u00e6r inngangsbillett for arrangementet kj\u00f8pes i foajeen. \u00d8nsker du kun \u00e5 se utend\u00f8rsutstillingen, er det gratis og fri tilgang for alle.<\/span>\n    <\/div>\n    <\/div>\n\n<p class=\"wp-block-paragraph\">Velkommen til Fly og milit\u00e6rhistorisk dag p\u00e5 Flymuseet!<\/p>\n\n\n\n<p class=\"wp-block-paragraph\">Denne s\u00f8ndagen kan du utforske utstillingene v\u00e5re og f\u00e5 et innblikk i luftfartens fantastiske utvikling. L\u00e6r om de som fl\u00f8y under den kalde krigen eller bes\u00f8k utstillingslokalet som formidler historier fra andre verdenskrig. <\/p>\n\n\n\n<p class=\"wp-block-paragraph\"><strong>Denne s\u00f8ndagen blir det blant annet:<\/strong><\/p>\n\n\n\n<ul class=\"wp-block-list\">\n<li>Over 10 kj\u00f8ret\u00f8y utenfor museet, presentert av Historiske Milit\u00e6re Kj\u00f8ret\u00f8yers Forening (HMK) og Rogaland Krigshistoriske Museum (RKM).<\/li>\n\n\n\n<li>En kanon utenfor museet, presentert av RKM<\/li>\n\n\n\n<li>Et knippe salgsboder i museet<\/li>\n<\/ul>\n\n\n\n<p class=\"wp-block-paragraph\">Det er alltid varm kaffe og noe godt \u00e5 bite i i kafeen. <\/p>\n\n\n\n<p class=\"wp-block-paragraph\"><\/p>\n","protected":false},"excerpt":{"rendered":"<p>6. september 12:00-16:00 Sola Presteg\u00e5rdsveg 170, 4050 Sola Ordin\u00e6r inngangsbillett&#8230;<\/p>\n","protected":false},"featured_media":3043,"template":"","categories":[],"class_list":["post-3036","activity","type-activity","status-publish","has-post-thumbnail","hentry","featured-image-size-large"],"acf":[],"yoast_head":"<!-- This site is optimized with the Yoast SEO plugin v28.3 - https:\/\/yoast.com\/product\/yoast-seo-wordpress\/ -->\n<title>Fly og milit\u00e6rhistorisk dag - Flyhistorisk Museum Sola<\/title>\n<meta name=\"robots\" content=\"index, follow, max-snippet:-1, max-image-preview:large, max-video-preview:-1\" \/>\n<link rel=\"canonical\" href=\"https:\/\/www.jaermuseet.no\/flyhistorisk\/aktiviteter\/militaerhistorisk-dag\/\" \/>\n<meta property=\"og:locale\" content=\"nn_NO\" \/>\n<meta property=\"og:type\" content=\"article\" \/>\n<meta property=\"og:title\" content=\"Fly og milit\u00e6rhistorisk dag - Flyhistorisk Museum Sola\" \/>\n<meta property=\"og:description\" content=\"6. september 12:00-16:00 Sola Presteg\u00e5rdsveg 170, 4050 Sola Ordin\u00e6r inngangsbillett...\" \/>\n<meta property=\"og:url\" content=\"https:\/\/www.jaermuseet.no\/flyhistorisk\/aktiviteter\/militaerhistorisk-dag\/\" \/>\n<meta property=\"og:site_name\" content=\"Flyhistorisk Museum Sola\" \/>\n<meta property=\"article:modified_time\" content=\"2026-08-26T11:56:13+00:00\" \/>\n<meta property=\"og:image\" content=\"https:\/\/www.jaermuseet.no\/flyhistorisk\/wp-content\/uploads\/sites\/4\/2026\/08\/Untitled-design-1-1024x724.png\" \/>\n\t<meta property=\"og:image:width\" content=\"1024\" \/>\n\t<meta property=\"og:image:height\" content=\"724\" \/>\n\t<meta property=\"og:image:type\" content=\"image\/png\" \/>\n<meta name=\"twitter:card\" content=\"summary_large_image\" \/>\n<meta name=\"twitter:label1\" content=\"Est. reading time\" \/>\n\t<meta name=\"twitter:data1\" content=\"1 minutt\" \/>\n<script type=\"application\/ld+json\" class=\"yoast-schema-graph\">{\"@context\":\"https:\\\/\\\/schema.org\",\"@graph\":[{\"@type\":\"WebPage\",\"@id\":\"https:\\\/\\\/www.jaermuseet.no\\\/flyhistorisk\\\/aktiviteter\\\/militaerhistorisk-dag\\\/\",\"url\":\"https:\\\/\\\/www.jaermuseet.no\\\/flyhistorisk\\\/aktiviteter\\\/militaerhistorisk-dag\\\/\",\"name\":\"Fly og milit\u00e6rhistorisk dag - Flyhistorisk Museum Sola\",\"isPartOf\":{\"@id\":\"https:\\\/\\\/www.jaermuseet.no\\\/flyhistorisk\\\/#website\"},\"primaryImageOfPage\":{\"@id\":\"https:\\\/\\\/www.jaermuseet.no\\\/flyhistorisk\\\/aktiviteter\\\/militaerhistorisk-dag\\\/#primaryimage\"},\"image\":{\"@id\":\"https:\\\/\\\/www.jaermuseet.no\\\/flyhistorisk\\\/aktiviteter\\\/militaerhistorisk-dag\\\/#primaryimage\"},\"thumbnailUrl\":\"https:\\\/\\\/www.jaermuseet.no\\\/flyhistorisk\\\/wp-content\\\/uploads\\\/sites\\\/4\\\/2026\\\/08\\\/Untitled-design-1.png\",\"datePublished\":\"2026-08-20T13:38:03+00:00\",\"dateModified\":\"2026-08-26T11:56:13+00:00\",\"breadcrumb\":{\"@id\":\"https:\\\/\\\/www.jaermuseet.no\\\/flyhistorisk\\\/aktiviteter\\\/militaerhistorisk-dag\\\/#breadcrumb\"},\"inLanguage\":\"nn-NO\",\"potentialAction\":[{\"@type\":\"ReadAction\",\"target\":[\"https:\\\/\\\/www.jaermuseet.no\\\/flyhistorisk\\\/aktiviteter\\\/militaerhistorisk-dag\\\/\"]}]},{\"@type\":\"ImageObject\",\"inLanguage\":\"nn-NO\",\"@id\":\"https:\\\/\\\/www.jaermuseet.no\\\/flyhistorisk\\\/aktiviteter\\\/militaerhistorisk-dag\\\/#primaryimage\",\"url\":\"https:\\\/\\\/www.jaermuseet.no\\\/flyhistorisk\\\/wp-content\\\/uploads\\\/sites\\\/4\\\/2026\\\/08\\\/Untitled-design-1.png\",\"contentUrl\":\"https:\\\/\\\/www.jaermuseet.no\\\/flyhistorisk\\\/wp-content\\\/uploads\\\/sites\\\/4\\\/2026\\\/08\\\/Untitled-design-1.png\",\"width\":2000,\"height\":1414},{\"@type\":\"BreadcrumbList\",\"@id\":\"https:\\\/\\\/www.jaermuseet.no\\\/flyhistorisk\\\/aktiviteter\\\/militaerhistorisk-dag\\\/#breadcrumb\",\"itemListElement\":[{\"@type\":\"ListItem\",\"position\":1,\"name\":\"Hjem\",\"item\":\"https:\\\/\\\/www.jaermuseet.no\\\/flyhistorisk\\\/\"},{\"@type\":\"ListItem\",\"position\":2,\"name\":\"Arrangementer\",\"item\":\"https:\\\/\\\/www.jaermuseet.no\\\/flyhistorisk\\\/aktiviteter\\\/\"},{\"@type\":\"ListItem\",\"position\":3,\"name\":\"Fly og milit\u00e6rhistorisk dag\"}]},{\"@type\":\"WebSite\",\"@id\":\"https:\\\/\\\/www.jaermuseet.no\\\/flyhistorisk\\\/#website\",\"url\":\"https:\\\/\\\/www.jaermuseet.no\\\/flyhistorisk\\\/\",\"name\":\"Flyhistorisk Museum Sola\",\"description\":\"One of Norway\u2019s largest civil collections of airplanes\",\"potentialAction\":[{\"@type\":\"SearchAction\",\"target\":{\"@type\":\"EntryPoint\",\"urlTemplate\":\"https:\\\/\\\/www.jaermuseet.no\\\/flyhistorisk\\\/?s={search_term_string}\"},\"query-input\":{\"@type\":\"PropertyValueSpecification\",\"valueRequired\":true,\"valueName\":\"search_term_string\"}}],\"inLanguage\":\"nn-NO\"}]}<\/script>\n<!-- \/ Yoast SEO plugin. -->","yoast_head_json":{"title":"Fly og milit\u00e6rhistorisk dag - Flyhistorisk Museum Sola","robots":{"index":"index","follow":"follow","max-snippet":"max-snippet:-1","max-image-preview":"max-image-preview:large","max-video-preview":"max-video-preview:-1"},"canonical":"https:\/\/www.jaermuseet.no\/flyhistorisk\/aktiviteter\/militaerhistorisk-dag\/","og_locale":"nn_NO","og_type":"article","og_title":"Fly og milit\u00e6rhistorisk dag - Flyhistorisk Museum Sola","og_description":"6. september 12:00-16:00 Sola Presteg\u00e5rdsveg 170, 4050 Sola Ordin\u00e6r inngangsbillett...","og_url":"https:\/\/www.jaermuseet.no\/flyhistorisk\/aktiviteter\/militaerhistorisk-dag\/","og_site_name":"Flyhistorisk Museum Sola","article_modified_time":"2026-08-26T11:56:13+00:00","og_image":[{"width":1024,"height":724,"url":"https:\/\/www.jaermuseet.no\/flyhistorisk\/wp-content\/uploads\/sites\/4\/2026\/08\/Untitled-design-1-1024x724.png","type":"image\/png"}],"twitter_card":"summary_large_image","twitter_misc":{"Est. reading time":"1 minutt"},"schema":{"@context":"https:\/\/schema.org","@graph":[{"@type":"WebPage","@id":"https:\/\/www.jaermuseet.no\/flyhistorisk\/aktiviteter\/militaerhistorisk-dag\/","url":"https:\/\/www.jaermuseet.no\/flyhistorisk\/aktiviteter\/militaerhistorisk-dag\/","name":"Fly og milit\u00e6rhistorisk dag - Flyhistorisk Museum Sola","isPartOf":{"@id":"https:\/\/www.jaermuseet.no\/flyhistorisk\/#website"},"primaryImageOfPage":{"@id":"https:\/\/www.jaermuseet.no\/flyhistorisk\/aktiviteter\/militaerhistorisk-dag\/#primaryimage"},"image":{"@id":"https:\/\/www.jaermuseet.no\/flyhistorisk\/aktiviteter\/militaerhistorisk-dag\/#primaryimage"},"thumbnailUrl":"https:\/\/www.jaermuseet.no\/flyhistorisk\/wp-content\/uploads\/sites\/4\/2026\/08\/Untitled-design-1.png","datePublished":"2026-08-20T13:38:03+00:00","dateModified":"2026-08-26T11:56:13+00:00","breadcrumb":{"@id":"https:\/\/www.jaermuseet.no\/flyhistorisk\/aktiviteter\/militaerhistorisk-dag\/#breadcrumb"},"inLanguage":"nn-NO","potentialAction":[{"@type":"ReadAction","target":["https:\/\/www.jaermuseet.no\/flyhistorisk\/aktiviteter\/militaerhistorisk-dag\/"]}]},{"@type":"ImageObject","inLanguage":"nn-NO","@id":"https:\/\/www.jaermuseet.no\/flyhistorisk\/aktiviteter\/militaerhistorisk-dag\/#primaryimage","url":"https:\/\/www.jaermuseet.no\/flyhistorisk\/wp-content\/uploads\/sites\/4\/2026\/08\/Untitled-design-1.png","contentUrl":"https:\/\/www.jaermuseet.no\/flyhistorisk\/wp-content\/uploads\/sites\/4\/2026\/08\/Untitled-design-1.png","width":2000,"height":1414},{"@type":"BreadcrumbList","@id":"https:\/\/www.jaermuseet.no\/flyhistorisk\/aktiviteter\/militaerhistorisk-dag\/#breadcrumb","itemListElement":[{"@type":"ListItem","position":1,"name":"Hjem","item":"https:\/\/www.jaermuseet.no\/flyhistorisk\/"},{"@type":"ListItem","position":2,"name":"Arrangementer","item":"https:\/\/www.jaermuseet.no\/flyhistorisk\/aktiviteter\/"},{"@type":"ListItem","position":3,"name":"Fly og milit\u00e6rhistorisk dag"}]},{"@type":"WebSite","@id":"https:\/\/www.jaermuseet.no\/flyhistorisk\/#website","url":"https:\/\/www.jaermuseet.no\/flyhistorisk\/","name":"Flyhistorisk Museum Sola","description":"One of Norway\u2019s largest civil collections of airplanes","potentialAction":[{"@type":"SearchAction","target":{"@type":"EntryPoint","urlTemplate":"https:\/\/www.jaermuseet.no\/flyhistorisk\/?s={search_term_string}"},"query-input":{"@type":"PropertyValueSpecification","valueRequired":true,"valueName":"search_term_string"}}],"inLanguage":"nn-NO"}]}},"jetpack_sharing_enabled":true,"_links":{"self":[{"href":"https:\/\/www.jaermuseet.no\/flyhistorisk\/wp-json\/wp\/v2\/activity\/3036","targetHints":{"allow":["GET"]}}],"collection":[{"href":"https:\/\/www.jaermuseet.no\/flyhistorisk\/wp-json\/wp\/v2\/activity"}],"about":[{"href":"https:\/\/www.jaermuseet.no\/flyhistorisk\/wp-json\/wp\/v2\/types\/activity"}],"version-history":[{"count":3,"href":"https:\/\/www.jaermuseet.no\/flyhistorisk\/wp-json\/wp\/v2\/activity\/3036\/revisions"}],"predecessor-version":[{"id":3042,"href":"https:\/\/www.jaermuseet.no\/flyhistorisk\/wp-json\/wp\/v2\/activity\/3036\/revisions\/3042"}],"wp:featuredmedia":[{"embeddable":true,"href":"https:\/\/www.jaermuseet.no\/flyhistorisk\/wp-json\/wp\/v2\/media\/3043"}],"wp:attachment":[{"href":"https:\/\/www.jaermuseet.no\/flyhistorisk\/wp-json\/wp\/v2\/media?parent=3036"}],"wp:term":[{"taxonomy":"category","embeddable":true,"href":"https:\/\/www.jaermuseet.no\/flyhistorisk\/wp-json\/wp\/v2\/categories?post=3036"}],"curies":[{"name":"wp","href":"https:\/\/api.w.org\/{rel}","templated":true}]}}

Fly og militærhistorisk dag

<div class="activity-meta">
    <div class="activity-meta__line">
        <div class="activity-meta__icon">
            <i class="fa fa-calendar" aria-hidden="true"></i>
        </div>
                                        <span class="meta-date">
                        6. september        </span>
                                <span class="meta-time">12:00-16:00</span>
            </div>

            <div class="activity-meta__line">
        <div class="activity-meta__icon">
            <i class="fa fa-map" aria-hidden="true"></i>
        </div>
        <span class="meta-location">Sola Prestegårdsveg 170, 4050 Sola</span>
    </div>
    
            <div class="activity-meta__line">
        <div class="activity-meta__icon">
            <i class="fa fa-tag" aria-hidden="true"></i>
        </div>
        <span class="meta-price">Ordinær inngangsbillett for arrangementet kjøpes i foajeen. Ønsker du kun å se utendørsutstillingen, er det gratis og fri tilgang for alle.</span>
    </div>
    </div>

<p class="wp-block-paragraph">Velkommen til Fly og militærhistorisk dag på Flymuseet!</p>



<p class="wp-block-paragraph">Denne søndagen kan du utforske utstillingene våre og få et innblikk i luftfartens fantastiske utvikling. Lær om de som fløy under den kalde krigen eller besøk utstillingslokalet som formidler historier fra andre verdenskrig. </p>



<p class="wp-block-paragraph"><strong>Denne søndagen blir det blant annet:</strong></p>



<ul class="wp-block-list">
<li>Over 10 kjøretøy utenfor museet, presentert av Historiske Militære Kjøretøyers Forening (HMK) og Rogaland Krigshistoriske Museum (RKM).</li>



<li>En kanon utenfor museet, presentert av RKM</li>



<li>Et knippe salgsboder i museet</li>
</ul>



<p class="wp-block-paragraph">Det er alltid varm kaffe og noe godt å bite i i kafeen. </p>



<p class="wp-block-paragraph"></p>

<p>6. september 12:00-16:00 Sola Prestegårdsveg 170, 4050 Sola Ordinær inngangsbillett&#8230;</p>

<!-- This site is optimized with the Yoast SEO plugin v28.3 - https://yoast.com/product/yoast-seo-wordpress/ -->
<title>Fly og militærhistorisk dag - Flyhistorisk Museum Sola</title>
<meta name="robots" content="index, follow, max-snippet:-1, max-image-preview:large, max-video-preview:-1" />
<link rel="canonical" href="https://www.jaermuseet.no/flyhistorisk/aktiviteter/militaerhistorisk-dag/" />
<meta property="og:locale" content="nn_NO" />
<meta property="og:type" content="article" />
<meta property="og:title" content="Fly og militærhistorisk dag - Flyhistorisk Museum Sola" />
<meta property="og:description" content="6. september 12:00-16:00 Sola Prestegårdsveg 170, 4050 Sola Ordinær inngangsbillett..." />
<meta property="og:url" content="https://www.jaermuseet.no/flyhistorisk/aktiviteter/militaerhistorisk-dag/" />
<meta property="og:site_name" content="Flyhistorisk Museum Sola" />
<meta property="article:modified_time" content="2026-08-26T11:56:13+00:00" />
<meta property="og:image" content="https://www.jaermuseet.no/flyhistorisk/wp-content/uploads/sites/4/2026/08/Untitled-design-1-1024x724.png" />
	<meta property="og:image:width" content="1024" />
	<meta property="og:image:height" content="724" />
	<meta property="og:image:type" content="image/png" />
<meta name="twitter:card" content="summary_large_image" />
<meta name="twitter:label1" content="Est. reading time" />
	<meta name="twitter:data1" content="1 minutt" />
<script type="application/ld+json" class="yoast-schema-graph">{"@context":"https:\/\/schema.org","@graph":[{"@type":"WebPage","@id":"https:\/\/www.jaermuseet.no\/flyhistorisk\/aktiviteter\/militaerhistorisk-dag\/","url":"https:\/\/www.jaermuseet.no\/flyhistorisk\/aktiviteter\/militaerhistorisk-dag\/","name":"Fly og militærhistorisk dag - Flyhistorisk Museum Sola","isPartOf":{"@id":"https:\/\/www.jaermuseet.no\/flyhistorisk\/#website"},"primaryImageOfPage":{"@id":"https:\/\/www.jaermuseet.no\/flyhistorisk\/aktiviteter\/militaerhistorisk-dag\/#primaryimage"},"image":{"@id":"https:\/\/www.jaermuseet.no\/flyhistorisk\/aktiviteter\/militaerhistorisk-dag\/#primaryimage"},"thumbnailUrl":"https:\/\/www.jaermuseet.no\/flyhistorisk\/wp-content\/uploads\/sites\/4\/2026\/08\/Untitled-design-1.png","datePublished":"2026-08-20T13:38:03+00:00","dateModified":"2026-08-26T11:56:13+00:00","breadcrumb":{"@id":"https:\/\/www.jaermuseet.no\/flyhistorisk\/aktiviteter\/militaerhistorisk-dag\/#breadcrumb"},"inLanguage":"nn-NO","potentialAction":[{"@type":"ReadAction","target":["https:\/\/www.jaermuseet.no\/flyhistorisk\/aktiviteter\/militaerhistorisk-dag\/"]}]},{"@type":"ImageObject","inLanguage":"nn-NO","@id":"https:\/\/www.jaermuseet.no\/flyhistorisk\/aktiviteter\/militaerhistorisk-dag\/#primaryimage","url":"https:\/\/www.jaermuseet.no\/flyhistorisk\/wp-content\/uploads\/sites\/4\/2026\/08\/Untitled-design-1.png","contentUrl":"https:\/\/www.jaermuseet.no\/flyhistorisk\/wp-content\/uploads\/sites\/4\/2026\/08\/Untitled-design-1.png","width":2000,"height":1414},{"@type":"BreadcrumbList","@id":"https:\/\/www.jaermuseet.no\/flyhistorisk\/aktiviteter\/militaerhistorisk-dag\/#breadcrumb","itemListElement":[{"@type":"ListItem","position":1,"name":"Hjem","item":"https:\/\/www.jaermuseet.no\/flyhistorisk\/"},{"@type":"ListItem","position":2,"name":"Arrangementer","item":"https:\/\/www.jaermuseet.no\/flyhistorisk\/aktiviteter\/"},{"@type":"ListItem","position":3,"name":"Fly og militærhistorisk dag"}]},{"@type":"WebSite","@id":"https:\/\/www.jaermuseet.no\/flyhistorisk\/#website","url":"https:\/\/www.jaermuseet.no\/flyhistorisk\/","name":"Flyhistorisk Museum Sola","description":"One of Norway’s largest civil collections of airplanes","potentialAction":[{"@type":"SearchAction","target":{"@type":"EntryPoint","urlTemplate":"https:\/\/www.jaermuseet.no\/flyhistorisk\/?s={search_term_string}"},"query-input":{"@type":"PropertyValueSpecification","valueRequired":true,"valueName":"search_term_string"}}],"inLanguage":"nn-NO"}]}</script>
<!-- / Yoast SEO plugin. -->

Fly og militærhistorisk dag - Flyhistorisk Museum Sola

6. september 12:00-16:00 Sola Prestegårdsveg 170, 4050 Sola Ordinær inngangsbillett...
