{"id":2444,"date":"2024-05-28T11:26:46","date_gmt":"2024-05-28T09:26:46","guid":{"rendered":"https:\/\/www.jaermuseet.no\/flyhistorisk\/?post_type=activity&#038;p=2444"},"modified":"2024-05-28T14:17:17","modified_gmt":"2024-05-28T12:17:17","slug":"opningshelg-ny-utstilling","status":"publish","type":"activity","link":"https:\/\/www.jaermuseet.no\/flyhistorisk\/aktiviteter\/opningshelg-ny-utstilling\/","title":{"rendered":"\u00c5pningshelg &#8211; ny utstilling"},"content":{"rendered":"<div class=\"activity-meta\">\n    <div class=\"activity-meta__line\">\n        <div class=\"activity-meta__icon\">\n            <i class=\"fa fa-calendar\" aria-hidden=\"true\"><\/i>\n        <\/div>\n                                        <span class=\"meta-date\">\n                        14. juni 2024 - 16. juni 2024        <\/span>\n                            <\/div>\n\n            <div class=\"activity-meta__line\">\n        <div class=\"activity-meta__icon\">\n            <i class=\"fa fa-map\" aria-hidden=\"true\"><\/i>\n        <\/div>\n        <span class=\"meta-location\">Flyhistorisk Museum Sola, Sola Presteg\u00e5rdsveg 170, Sola<\/span>\n    <\/div>\n    \n        <\/div>\n<p>Flyhistorisk Museum Sola har utvidet utstillingsarealet med ny utstillingshall. N\u00e5 er vi endelig klar til \u00e5 \u00e5pne denne, samt resten av Flyhistorisk Museum Sola, for publikum.<\/p>\n<p>F\u00f8rste \u00e5pingsdag for Flyhistorisk Museum Sola i 2024 blir fredag 14. juni. Vi har utvidet \u00e5pningstider denne helgen p\u00e5 grunn av <a href=\"https:\/\/www.solaairshow.no\/\">Sola Airshow<\/a>. Vi vet flere \u00f8nsker \u00e5 bes\u00f8ke museet i forbindelse med at de allerede deltar p\u00e5 Sola Airshow. \u00c5pningstidene den helga blir:<\/p>\n<ul>\n<li>Fredag 14. juni kl. 17-20<\/li>\n<li>L\u00f8rdag 15. juni kl. 14-20<\/li>\n<li>S\u00f8ndag 16. juni kl. 12-16<\/li>\n<\/ul>\n<p>Utover dette er museet \u00e5pent tirsdag &#8211; s\u00f8ndag fra og med 23. juni til 11. august og s\u00f8ndager fra 18. august og ut november.<\/p>\n<p>Utstillingen &#8220;Vi som fl\u00f8y under den kalde krigen&#8221; er basert p\u00e5 en p\u00e5g\u00e5ende doktorgradsavhandling av konservator NMF i J\u00e6rmuseet, Sondre B. Hvam, om norske milit\u00e6rflygerer under den kalde krigen. Utstillingen viser fly fra denne tidsperioden og historiene til \u00e5tte utvalgte milit\u00e6rflygere.<\/p>\n<p>I forbindelse med at flere fly flytter over fra den gamle hangaren til nytt utstillingsbygg, har venneforeningen lagt ned et formidabelt arbeid i \u00e5 rengj\u00f8re, flytte og klargj\u00f8re samtlige fly og helikoptre som vises p\u00e5 museet. Det er ogs\u00e5 installert nytt lys i eksisterende hanger. Publikum vil derfor oppleve hele museet i ny prakt &#8211; b\u00e5de eksisterende hangar, ny utstillingshall og utstillingen i Torpedoverkstedet.<\/p>\n<p>Det er ogs\u00e5 bygget et nytt foaj\u00e9bygg som skal inneholde resepsjon, butikk, kaf\u00e9 og undervisningsrom. Dette bygget blir ikke klart til bruk f\u00f8r p\u00e5 et senere tidspunkt. Inngang til museet vil derfor inntil videre v\u00e6re i hangaren.<\/p>\n<p>&nbsp;<\/p>\n<p>&nbsp;<\/p>\n<p>&nbsp;<\/p>\n","protected":false},"excerpt":{"rendered":"<p>14. juni 2024 &#8211; 16. juni 2024 Flyhistorisk Museum Sola,&#8230;<\/p>\n","protected":false},"featured_media":2445,"template":"","categories":[],"class_list":["post-2444","activity","type-activity","status-publish","has-post-thumbnail","hentry","featured-image-size-large"],"acf":[],"yoast_head":"<!-- This site is optimized with the Yoast SEO plugin v27.4 - https:\/\/yoast.com\/product\/yoast-seo-wordpress\/ -->\n<title>\u00c5pningshelg - ny utstilling - Flyhistorisk Museum Sola<\/title>\n<meta name=\"description\" content=\"Flyhistorisk Museum Sola \u00e5pner for sesongen 14. juni, med ny utstillingshall og en helt ny utstilling om den kalde krigen.\" \/>\n<meta name=\"robots\" content=\"index, follow, max-snippet:-1, max-image-preview:large, max-video-preview:-1\" \/>\n<link rel=\"canonical\" href=\"https:\/\/www.jaermuseet.no\/flyhistorisk\/aktiviteter\/opningshelg-ny-utstilling\/\" \/>\n<meta property=\"og:locale\" content=\"nn_NO\" \/>\n<meta property=\"og:type\" content=\"article\" \/>\n<meta property=\"og:title\" content=\"\u00c5pningshelg - ny utstilling - Flyhistorisk Museum Sola\" \/>\n<meta property=\"og:description\" content=\"Flyhistorisk Museum Sola \u00e5pner for sesongen 14. juni, med ny utstillingshall og en helt ny utstilling om den kalde krigen.\" \/>\n<meta property=\"og:url\" content=\"https:\/\/www.jaermuseet.no\/flyhistorisk\/aktiviteter\/opningshelg-ny-utstilling\/\" \/>\n<meta property=\"og:site_name\" content=\"Flyhistorisk Museum Sola\" \/>\n<meta property=\"article:modified_time\" content=\"2024-05-28T12:17:17+00:00\" \/>\n<meta property=\"og:image\" content=\"https:\/\/www.jaermuseet.no\/flyhistorisk\/wp-content\/uploads\/sites\/4\/2024\/05\/20240527_140344.ERB_-scaled-e1716888397132.jpg\" \/>\n\t<meta property=\"og:image:width\" content=\"1429\" \/>\n\t<meta property=\"og:image:height\" content=\"691\" \/>\n\t<meta property=\"og:image:type\" content=\"image\/jpeg\" \/>\n<meta name=\"twitter:card\" content=\"summary_large_image\" \/>\n<meta name=\"twitter:label1\" content=\"Est. reading time\" \/>\n\t<meta name=\"twitter:data1\" content=\"2 minutt\" \/>\n<script type=\"application\/ld+json\" class=\"yoast-schema-graph\">{\"@context\":\"https:\\\/\\\/schema.org\",\"@graph\":[{\"@type\":\"WebPage\",\"@id\":\"https:\\\/\\\/www.jaermuseet.no\\\/flyhistorisk\\\/aktiviteter\\\/opningshelg-ny-utstilling\\\/\",\"url\":\"https:\\\/\\\/www.jaermuseet.no\\\/flyhistorisk\\\/aktiviteter\\\/opningshelg-ny-utstilling\\\/\",\"name\":\"\u00c5pningshelg - ny utstilling - Flyhistorisk Museum Sola\",\"isPartOf\":{\"@id\":\"https:\\\/\\\/www.jaermuseet.no\\\/flyhistorisk\\\/#website\"},\"primaryImageOfPage\":{\"@id\":\"https:\\\/\\\/www.jaermuseet.no\\\/flyhistorisk\\\/aktiviteter\\\/opningshelg-ny-utstilling\\\/#primaryimage\"},\"image\":{\"@id\":\"https:\\\/\\\/www.jaermuseet.no\\\/flyhistorisk\\\/aktiviteter\\\/opningshelg-ny-utstilling\\\/#primaryimage\"},\"thumbnailUrl\":\"https:\\\/\\\/www.jaermuseet.no\\\/flyhistorisk\\\/wp-content\\\/uploads\\\/sites\\\/4\\\/2024\\\/05\\\/20240527_140344.ERB_-scaled-e1716888397132.jpg\",\"datePublished\":\"2024-05-28T09:26:46+00:00\",\"dateModified\":\"2024-05-28T12:17:17+00:00\",\"description\":\"Flyhistorisk Museum Sola \u00e5pner for sesongen 14. juni, med ny utstillingshall og en helt ny utstilling om den kalde krigen.\",\"breadcrumb\":{\"@id\":\"https:\\\/\\\/www.jaermuseet.no\\\/flyhistorisk\\\/aktiviteter\\\/opningshelg-ny-utstilling\\\/#breadcrumb\"},\"inLanguage\":\"nn-NO\",\"potentialAction\":[{\"@type\":\"ReadAction\",\"target\":[\"https:\\\/\\\/www.jaermuseet.no\\\/flyhistorisk\\\/aktiviteter\\\/opningshelg-ny-utstilling\\\/\"]}]},{\"@type\":\"ImageObject\",\"inLanguage\":\"nn-NO\",\"@id\":\"https:\\\/\\\/www.jaermuseet.no\\\/flyhistorisk\\\/aktiviteter\\\/opningshelg-ny-utstilling\\\/#primaryimage\",\"url\":\"https:\\\/\\\/www.jaermuseet.no\\\/flyhistorisk\\\/wp-content\\\/uploads\\\/sites\\\/4\\\/2024\\\/05\\\/20240527_140344.ERB_-scaled-e1716888397132.jpg\",\"contentUrl\":\"https:\\\/\\\/www.jaermuseet.no\\\/flyhistorisk\\\/wp-content\\\/uploads\\\/sites\\\/4\\\/2024\\\/05\\\/20240527_140344.ERB_-scaled-e1716888397132.jpg\",\"width\":1429,\"height\":691},{\"@type\":\"BreadcrumbList\",\"@id\":\"https:\\\/\\\/www.jaermuseet.no\\\/flyhistorisk\\\/aktiviteter\\\/opningshelg-ny-utstilling\\\/#breadcrumb\",\"itemListElement\":[{\"@type\":\"ListItem\",\"position\":1,\"name\":\"Hjem\",\"item\":\"https:\\\/\\\/www.jaermuseet.no\\\/flyhistorisk\\\/\"},{\"@type\":\"ListItem\",\"position\":2,\"name\":\"Arrangementer\",\"item\":\"https:\\\/\\\/www.jaermuseet.no\\\/flyhistorisk\\\/aktiviteter\\\/\"},{\"@type\":\"ListItem\",\"position\":3,\"name\":\"\u00c5pningshelg &#8211; ny utstilling\"}]},{\"@type\":\"WebSite\",\"@id\":\"https:\\\/\\\/www.jaermuseet.no\\\/flyhistorisk\\\/#website\",\"url\":\"https:\\\/\\\/www.jaermuseet.no\\\/flyhistorisk\\\/\",\"name\":\"Flyhistorisk Museum Sola\",\"description\":\"One of Norway\u2019s largest civil collections of airplanes\",\"potentialAction\":[{\"@type\":\"SearchAction\",\"target\":{\"@type\":\"EntryPoint\",\"urlTemplate\":\"https:\\\/\\\/www.jaermuseet.no\\\/flyhistorisk\\\/?s={search_term_string}\"},\"query-input\":{\"@type\":\"PropertyValueSpecification\",\"valueRequired\":true,\"valueName\":\"search_term_string\"}}],\"inLanguage\":\"nn-NO\"}]}<\/script>\n<!-- \/ Yoast SEO plugin. -->","yoast_head_json":{"title":"\u00c5pningshelg - ny utstilling - Flyhistorisk Museum Sola","description":"Flyhistorisk Museum Sola \u00e5pner for sesongen 14. juni, med ny utstillingshall og en helt ny utstilling om den kalde krigen.","robots":{"index":"index","follow":"follow","max-snippet":"max-snippet:-1","max-image-preview":"max-image-preview:large","max-video-preview":"max-video-preview:-1"},"canonical":"https:\/\/www.jaermuseet.no\/flyhistorisk\/aktiviteter\/opningshelg-ny-utstilling\/","og_locale":"nn_NO","og_type":"article","og_title":"\u00c5pningshelg - ny utstilling - Flyhistorisk Museum Sola","og_description":"Flyhistorisk Museum Sola \u00e5pner for sesongen 14. juni, med ny utstillingshall og en helt ny utstilling om den kalde krigen.","og_url":"https:\/\/www.jaermuseet.no\/flyhistorisk\/aktiviteter\/opningshelg-ny-utstilling\/","og_site_name":"Flyhistorisk Museum Sola","article_modified_time":"2024-05-28T12:17:17+00:00","og_image":[{"width":1429,"height":691,"url":"https:\/\/www.jaermuseet.no\/flyhistorisk\/wp-content\/uploads\/sites\/4\/2024\/05\/20240527_140344.ERB_-scaled-e1716888397132.jpg","type":"image\/jpeg"}],"twitter_card":"summary_large_image","twitter_misc":{"Est. reading time":"2 minutt"},"schema":{"@context":"https:\/\/schema.org","@graph":[{"@type":"WebPage","@id":"https:\/\/www.jaermuseet.no\/flyhistorisk\/aktiviteter\/opningshelg-ny-utstilling\/","url":"https:\/\/www.jaermuseet.no\/flyhistorisk\/aktiviteter\/opningshelg-ny-utstilling\/","name":"\u00c5pningshelg - ny utstilling - Flyhistorisk Museum Sola","isPartOf":{"@id":"https:\/\/www.jaermuseet.no\/flyhistorisk\/#website"},"primaryImageOfPage":{"@id":"https:\/\/www.jaermuseet.no\/flyhistorisk\/aktiviteter\/opningshelg-ny-utstilling\/#primaryimage"},"image":{"@id":"https:\/\/www.jaermuseet.no\/flyhistorisk\/aktiviteter\/opningshelg-ny-utstilling\/#primaryimage"},"thumbnailUrl":"https:\/\/www.jaermuseet.no\/flyhistorisk\/wp-content\/uploads\/sites\/4\/2024\/05\/20240527_140344.ERB_-scaled-e1716888397132.jpg","datePublished":"2024-05-28T09:26:46+00:00","dateModified":"2024-05-28T12:17:17+00:00","description":"Flyhistorisk Museum Sola \u00e5pner for sesongen 14. juni, med ny utstillingshall og en helt ny utstilling om den kalde krigen.","breadcrumb":{"@id":"https:\/\/www.jaermuseet.no\/flyhistorisk\/aktiviteter\/opningshelg-ny-utstilling\/#breadcrumb"},"inLanguage":"nn-NO","potentialAction":[{"@type":"ReadAction","target":["https:\/\/www.jaermuseet.no\/flyhistorisk\/aktiviteter\/opningshelg-ny-utstilling\/"]}]},{"@type":"ImageObject","inLanguage":"nn-NO","@id":"https:\/\/www.jaermuseet.no\/flyhistorisk\/aktiviteter\/opningshelg-ny-utstilling\/#primaryimage","url":"https:\/\/www.jaermuseet.no\/flyhistorisk\/wp-content\/uploads\/sites\/4\/2024\/05\/20240527_140344.ERB_-scaled-e1716888397132.jpg","contentUrl":"https:\/\/www.jaermuseet.no\/flyhistorisk\/wp-content\/uploads\/sites\/4\/2024\/05\/20240527_140344.ERB_-scaled-e1716888397132.jpg","width":1429,"height":691},{"@type":"BreadcrumbList","@id":"https:\/\/www.jaermuseet.no\/flyhistorisk\/aktiviteter\/opningshelg-ny-utstilling\/#breadcrumb","itemListElement":[{"@type":"ListItem","position":1,"name":"Hjem","item":"https:\/\/www.jaermuseet.no\/flyhistorisk\/"},{"@type":"ListItem","position":2,"name":"Arrangementer","item":"https:\/\/www.jaermuseet.no\/flyhistorisk\/aktiviteter\/"},{"@type":"ListItem","position":3,"name":"\u00c5pningshelg &#8211; ny utstilling"}]},{"@type":"WebSite","@id":"https:\/\/www.jaermuseet.no\/flyhistorisk\/#website","url":"https:\/\/www.jaermuseet.no\/flyhistorisk\/","name":"Flyhistorisk Museum Sola","description":"One of Norway\u2019s largest civil collections of airplanes","potentialAction":[{"@type":"SearchAction","target":{"@type":"EntryPoint","urlTemplate":"https:\/\/www.jaermuseet.no\/flyhistorisk\/?s={search_term_string}"},"query-input":{"@type":"PropertyValueSpecification","valueRequired":true,"valueName":"search_term_string"}}],"inLanguage":"nn-NO"}]}},"jetpack_sharing_enabled":true,"_links":{"self":[{"href":"https:\/\/www.jaermuseet.no\/flyhistorisk\/wp-json\/wp\/v2\/activity\/2444","targetHints":{"allow":["GET"]}}],"collection":[{"href":"https:\/\/www.jaermuseet.no\/flyhistorisk\/wp-json\/wp\/v2\/activity"}],"about":[{"href":"https:\/\/www.jaermuseet.no\/flyhistorisk\/wp-json\/wp\/v2\/types\/activity"}],"version-history":[{"count":6,"href":"https:\/\/www.jaermuseet.no\/flyhistorisk\/wp-json\/wp\/v2\/activity\/2444\/revisions"}],"predecessor-version":[{"id":2451,"href":"https:\/\/www.jaermuseet.no\/flyhistorisk\/wp-json\/wp\/v2\/activity\/2444\/revisions\/2451"}],"wp:featuredmedia":[{"embeddable":true,"href":"https:\/\/www.jaermuseet.no\/flyhistorisk\/wp-json\/wp\/v2\/media\/2445"}],"wp:attachment":[{"href":"https:\/\/www.jaermuseet.no\/flyhistorisk\/wp-json\/wp\/v2\/media?parent=2444"}],"wp:term":[{"taxonomy":"category","embeddable":true,"href":"https:\/\/www.jaermuseet.no\/flyhistorisk\/wp-json\/wp\/v2\/categories?post=2444"}],"curies":[{"name":"wp","href":"https:\/\/api.w.org\/{rel}","templated":true}]}}

Åpningshelg &#8211; ny utstilling

<div class="activity-meta">
    <div class="activity-meta__line">
        <div class="activity-meta__icon">
            <i class="fa fa-calendar" aria-hidden="true"></i>
        </div>
                                        <span class="meta-date">
                        14. juni 2024 - 16. juni 2024        </span>
                            </div>

            <div class="activity-meta__line">
        <div class="activity-meta__icon">
            <i class="fa fa-map" aria-hidden="true"></i>
        </div>
        <span class="meta-location">Flyhistorisk Museum Sola, Sola Prestegårdsveg 170, Sola</span>
    </div>
    
        </div>
<p>Flyhistorisk Museum Sola har utvidet utstillingsarealet med ny utstillingshall. Nå er vi endelig klar til å åpne denne, samt resten av Flyhistorisk Museum Sola, for publikum.</p>
<p>Første åpingsdag for Flyhistorisk Museum Sola i 2024 blir fredag 14. juni. Vi har utvidet åpningstider denne helgen på grunn av <a href="https://www.solaairshow.no/">Sola Airshow</a>. Vi vet flere ønsker å besøke museet i forbindelse med at de allerede deltar på Sola Airshow. Åpningstidene den helga blir:</p>
<ul>
<li>Fredag 14. juni kl. 17-20</li>
<li>Lørdag 15. juni kl. 14-20</li>
<li>Søndag 16. juni kl. 12-16</li>
</ul>
<p>Utover dette er museet åpent tirsdag &#8211; søndag fra og med 23. juni til 11. august og søndager fra 18. august og ut november.</p>
<p>Utstillingen &#8220;Vi som fløy under den kalde krigen&#8221; er basert på en pågående doktorgradsavhandling av konservator NMF i Jærmuseet, Sondre B. Hvam, om norske militærflygerer under den kalde krigen. Utstillingen viser fly fra denne tidsperioden og historiene til åtte utvalgte militærflygere.</p>
<p>I forbindelse med at flere fly flytter over fra den gamle hangaren til nytt utstillingsbygg, har venneforeningen lagt ned et formidabelt arbeid i å rengjøre, flytte og klargjøre samtlige fly og helikoptre som vises på museet. Det er også installert nytt lys i eksisterende hanger. Publikum vil derfor oppleve hele museet i ny prakt &#8211; både eksisterende hangar, ny utstillingshall og utstillingen i Torpedoverkstedet.</p>
<p>Det er også bygget et nytt foajébygg som skal inneholde resepsjon, butikk, kafé og undervisningsrom. Dette bygget blir ikke klart til bruk før på et senere tidspunkt. Inngang til museet vil derfor inntil videre være i hangaren.</p>
<p>&nbsp;</p>
<p>&nbsp;</p>
<p>&nbsp;</p>

<!-- This site is optimized with the Yoast SEO plugin v27.4 - https://yoast.com/product/yoast-seo-wordpress/ -->
<title>Åpningshelg - ny utstilling - Flyhistorisk Museum Sola</title>
<meta name="description" content="Flyhistorisk Museum Sola åpner for sesongen 14. juni, med ny utstillingshall og en helt ny utstilling om den kalde krigen." />
<meta name="robots" content="index, follow, max-snippet:-1, max-image-preview:large, max-video-preview:-1" />
<link rel="canonical" href="https://www.jaermuseet.no/flyhistorisk/aktiviteter/opningshelg-ny-utstilling/" />
<meta property="og:locale" content="nn_NO" />
<meta property="og:type" content="article" />
<meta property="og:title" content="Åpningshelg - ny utstilling - Flyhistorisk Museum Sola" />
<meta property="og:description" content="Flyhistorisk Museum Sola åpner for sesongen 14. juni, med ny utstillingshall og en helt ny utstilling om den kalde krigen." />
<meta property="og:url" content="https://www.jaermuseet.no/flyhistorisk/aktiviteter/opningshelg-ny-utstilling/" />
<meta property="og:site_name" content="Flyhistorisk Museum Sola" />
<meta property="article:modified_time" content="2024-05-28T12:17:17+00:00" />
<meta property="og:image" content="https://www.jaermuseet.no/flyhistorisk/wp-content/uploads/sites/4/2024/05/20240527_140344.ERB_-scaled-e1716888397132.jpg" />
	<meta property="og:image:width" content="1429" />
	<meta property="og:image:height" content="691" />
	<meta property="og:image:type" content="image/jpeg" />
<meta name="twitter:card" content="summary_large_image" />
<meta name="twitter:label1" content="Est. reading time" />
	<meta name="twitter:data1" content="2 minutt" />
<script type="application/ld+json" class="yoast-schema-graph">{"@context":"https:\/\/schema.org","@graph":[{"@type":"WebPage","@id":"https:\/\/www.jaermuseet.no\/flyhistorisk\/aktiviteter\/opningshelg-ny-utstilling\/","url":"https:\/\/www.jaermuseet.no\/flyhistorisk\/aktiviteter\/opningshelg-ny-utstilling\/","name":"Åpningshelg - ny utstilling - Flyhistorisk Museum Sola","isPartOf":{"@id":"https:\/\/www.jaermuseet.no\/flyhistorisk\/#website"},"primaryImageOfPage":{"@id":"https:\/\/www.jaermuseet.no\/flyhistorisk\/aktiviteter\/opningshelg-ny-utstilling\/#primaryimage"},"image":{"@id":"https:\/\/www.jaermuseet.no\/flyhistorisk\/aktiviteter\/opningshelg-ny-utstilling\/#primaryimage"},"thumbnailUrl":"https:\/\/www.jaermuseet.no\/flyhistorisk\/wp-content\/uploads\/sites\/4\/2024\/05\/20240527_140344.ERB_-scaled-e1716888397132.jpg","datePublished":"2024-05-28T09:26:46+00:00","dateModified":"2024-05-28T12:17:17+00:00","description":"Flyhistorisk Museum Sola åpner for sesongen 14. juni, med ny utstillingshall og en helt ny utstilling om den kalde krigen.","breadcrumb":{"@id":"https:\/\/www.jaermuseet.no\/flyhistorisk\/aktiviteter\/opningshelg-ny-utstilling\/#breadcrumb"},"inLanguage":"nn-NO","potentialAction":[{"@type":"ReadAction","target":["https:\/\/www.jaermuseet.no\/flyhistorisk\/aktiviteter\/opningshelg-ny-utstilling\/"]}]},{"@type":"ImageObject","inLanguage":"nn-NO","@id":"https:\/\/www.jaermuseet.no\/flyhistorisk\/aktiviteter\/opningshelg-ny-utstilling\/#primaryimage","url":"https:\/\/www.jaermuseet.no\/flyhistorisk\/wp-content\/uploads\/sites\/4\/2024\/05\/20240527_140344.ERB_-scaled-e1716888397132.jpg","contentUrl":"https:\/\/www.jaermuseet.no\/flyhistorisk\/wp-content\/uploads\/sites\/4\/2024\/05\/20240527_140344.ERB_-scaled-e1716888397132.jpg","width":1429,"height":691},{"@type":"BreadcrumbList","@id":"https:\/\/www.jaermuseet.no\/flyhistorisk\/aktiviteter\/opningshelg-ny-utstilling\/#breadcrumb","itemListElement":[{"@type":"ListItem","position":1,"name":"Hjem","item":"https:\/\/www.jaermuseet.no\/flyhistorisk\/"},{"@type":"ListItem","position":2,"name":"Arrangementer","item":"https:\/\/www.jaermuseet.no\/flyhistorisk\/aktiviteter\/"},{"@type":"ListItem","position":3,"name":"Åpningshelg &#8211; ny utstilling"}]},{"@type":"WebSite","@id":"https:\/\/www.jaermuseet.no\/flyhistorisk\/#website","url":"https:\/\/www.jaermuseet.no\/flyhistorisk\/","name":"Flyhistorisk Museum Sola","description":"One of Norway’s largest civil collections of airplanes","potentialAction":[{"@type":"SearchAction","target":{"@type":"EntryPoint","urlTemplate":"https:\/\/www.jaermuseet.no\/flyhistorisk\/?s={search_term_string}"},"query-input":{"@type":"PropertyValueSpecification","valueRequired":true,"valueName":"search_term_string"}}],"inLanguage":"nn-NO"}]}</script>
<!-- / Yoast SEO plugin. -->

Åpningshelg - ny utstilling - Flyhistorisk Museum Sola

Flyhistorisk Museum Sola åpner for sesongen 14. juni, med ny utstillingshall og en helt ny utstilling om den kalde krigen.
