{"id":1238,"date":"2019-01-09T15:17:45","date_gmt":"2019-01-09T13:17:45","guid":{"rendered":"https:\/\/www.jaermuseet.no\/flyhistorisk\/?post_type=activity&#038;p=1238"},"modified":"2019-08-21T10:10:25","modified_gmt":"2019-08-21T08:10:25","slug":"hafrsfjorddagen-4","status":"publish","type":"activity","link":"https:\/\/www.jaermuseet.no\/flyhistorisk\/aktiviteter\/hafrsfjorddagen-4\/","title":{"rendered":"Hafrsfjorddagen"},"content":{"rendered":"<div class=\"activity-meta\">\n    <div class=\"activity-meta__line\">\n        <div class=\"activity-meta__icon\">\n            <i class=\"fa fa-calendar\" aria-hidden=\"true\"><\/i>\n        <\/div>\n                                        <span class=\"meta-date\">\n                        25. august 2019        <\/span>\n                                <span class=\"meta-time\">12:00 - 15:00<\/span>\n            <\/div>\n\n            <div class=\"activity-meta__line\">\n        <div class=\"activity-meta__icon\">\n            <i class=\"fa fa-map\" aria-hidden=\"true\"><\/i>\n        <\/div>\n        <span class=\"meta-location\">Flyhistorisk Museum Sola <\/span>\n    <\/div>\n    \n        <\/div>\n<p>S\u00f8ndag 25. august arrangerer Flymuseets Venneforening Hafrsfjorddagen. Dette er et arrangement ved variert program som passer for hele familien. Foruten museets egen flyutstilling, vil dere f\u00e5 se en rekke veteranbiler, historiske milit\u00e6rbiler, rutebusser, brannbiler og mye mer fra de mange foreningene som har bestilt utstillingsplass og mye mer. Museets serveringstilbud er kraftig utvidet ved hjelp av Pizzabakerens og Mood4foods matsalg like utenfor museet.<\/p>\n<p>Arrangementet varer fra kl. 12:00 til 15:00.<\/p>\n<p><em><strong>Vi gj\u00f8r oppmerksom p\u00e5 at J\u00e6rmuseet ikke er medarrang\u00f8r. Det blir derfor ikke mulig \u00e5 benytte seg av \u00e5rskort for J\u00e6rmuseet denne dagen.<\/strong><\/em><\/p>\n","protected":false},"excerpt":{"rendered":"<p>25. august 2019 12:00 &#8211; 15:00 Flyhistorisk Museum Sola S\u00f8ndag&#8230;<\/p>\n","protected":false},"featured_media":1344,"template":"","categories":[],"class_list":["post-1238","activity","type-activity","status-publish","has-post-thumbnail","hentry","featured-image-size-large"],"acf":[],"yoast_head":"<!-- This site is optimized with the Yoast SEO plugin v27.4 - https:\/\/yoast.com\/product\/yoast-seo-wordpress\/ -->\n<title>Hafrsfjorddagen - Flyhistorisk Museum Sola<\/title>\n<meta name=\"robots\" content=\"index, follow, max-snippet:-1, max-image-preview:large, max-video-preview:-1\" \/>\n<link rel=\"canonical\" href=\"https:\/\/www.jaermuseet.no\/flyhistorisk\/aktiviteter\/hafrsfjorddagen-4\/\" \/>\n<meta property=\"og:locale\" content=\"nn_NO\" \/>\n<meta property=\"og:type\" content=\"article\" \/>\n<meta property=\"og:title\" content=\"Hafrsfjorddagen - Flyhistorisk Museum Sola\" \/>\n<meta property=\"og:description\" content=\"25. august 2019 12:00 - 15:00 Flyhistorisk Museum Sola S\u00f8ndag...\" \/>\n<meta property=\"og:url\" content=\"https:\/\/www.jaermuseet.no\/flyhistorisk\/aktiviteter\/hafrsfjorddagen-4\/\" \/>\n<meta property=\"og:site_name\" content=\"Flyhistorisk Museum Sola\" \/>\n<meta property=\"article:modified_time\" content=\"2019-08-21T08:10:25+00:00\" \/>\n<meta property=\"og:image\" content=\"https:\/\/www.jaermuseet.no\/flyhistorisk\/wp-content\/uploads\/sites\/4\/2019\/01\/2017-Hafrsfjorddagen-2.September-foto-Helge-Nyhus-007-1024x683.jpg\" \/>\n\t<meta property=\"og:image:width\" content=\"1024\" \/>\n\t<meta property=\"og:image:height\" content=\"683\" \/>\n\t<meta property=\"og:image:type\" content=\"image\/jpeg\" \/>\n<meta name=\"twitter:card\" content=\"summary_large_image\" \/>\n<script type=\"application\/ld+json\" class=\"yoast-schema-graph\">{\"@context\":\"https:\\\/\\\/schema.org\",\"@graph\":[{\"@type\":\"WebPage\",\"@id\":\"https:\\\/\\\/www.jaermuseet.no\\\/flyhistorisk\\\/aktiviteter\\\/hafrsfjorddagen-4\\\/\",\"url\":\"https:\\\/\\\/www.jaermuseet.no\\\/flyhistorisk\\\/aktiviteter\\\/hafrsfjorddagen-4\\\/\",\"name\":\"Hafrsfjorddagen - Flyhistorisk Museum Sola\",\"isPartOf\":{\"@id\":\"https:\\\/\\\/www.jaermuseet.no\\\/flyhistorisk\\\/#website\"},\"primaryImageOfPage\":{\"@id\":\"https:\\\/\\\/www.jaermuseet.no\\\/flyhistorisk\\\/aktiviteter\\\/hafrsfjorddagen-4\\\/#primaryimage\"},\"image\":{\"@id\":\"https:\\\/\\\/www.jaermuseet.no\\\/flyhistorisk\\\/aktiviteter\\\/hafrsfjorddagen-4\\\/#primaryimage\"},\"thumbnailUrl\":\"https:\\\/\\\/www.jaermuseet.no\\\/flyhistorisk\\\/wp-content\\\/uploads\\\/sites\\\/4\\\/2019\\\/01\\\/2017-Hafrsfjorddagen-2.September-foto-Helge-Nyhus-007.jpg\",\"datePublished\":\"2019-01-09T13:17:45+00:00\",\"dateModified\":\"2019-08-21T08:10:25+00:00\",\"breadcrumb\":{\"@id\":\"https:\\\/\\\/www.jaermuseet.no\\\/flyhistorisk\\\/aktiviteter\\\/hafrsfjorddagen-4\\\/#breadcrumb\"},\"inLanguage\":\"nn-NO\",\"potentialAction\":[{\"@type\":\"ReadAction\",\"target\":[\"https:\\\/\\\/www.jaermuseet.no\\\/flyhistorisk\\\/aktiviteter\\\/hafrsfjorddagen-4\\\/\"]}]},{\"@type\":\"ImageObject\",\"inLanguage\":\"nn-NO\",\"@id\":\"https:\\\/\\\/www.jaermuseet.no\\\/flyhistorisk\\\/aktiviteter\\\/hafrsfjorddagen-4\\\/#primaryimage\",\"url\":\"https:\\\/\\\/www.jaermuseet.no\\\/flyhistorisk\\\/wp-content\\\/uploads\\\/sites\\\/4\\\/2019\\\/01\\\/2017-Hafrsfjorddagen-2.September-foto-Helge-Nyhus-007.jpg\",\"contentUrl\":\"https:\\\/\\\/www.jaermuseet.no\\\/flyhistorisk\\\/wp-content\\\/uploads\\\/sites\\\/4\\\/2019\\\/01\\\/2017-Hafrsfjorddagen-2.September-foto-Helge-Nyhus-007.jpg\",\"width\":6000,\"height\":4000,\"caption\":\"Foto: Helge Nyhus\"},{\"@type\":\"BreadcrumbList\",\"@id\":\"https:\\\/\\\/www.jaermuseet.no\\\/flyhistorisk\\\/aktiviteter\\\/hafrsfjorddagen-4\\\/#breadcrumb\",\"itemListElement\":[{\"@type\":\"ListItem\",\"position\":1,\"name\":\"Hjem\",\"item\":\"https:\\\/\\\/www.jaermuseet.no\\\/flyhistorisk\\\/\"},{\"@type\":\"ListItem\",\"position\":2,\"name\":\"Arrangementer\",\"item\":\"https:\\\/\\\/www.jaermuseet.no\\\/flyhistorisk\\\/aktiviteter\\\/\"},{\"@type\":\"ListItem\",\"position\":3,\"name\":\"Hafrsfjorddagen\"}]},{\"@type\":\"WebSite\",\"@id\":\"https:\\\/\\\/www.jaermuseet.no\\\/flyhistorisk\\\/#website\",\"url\":\"https:\\\/\\\/www.jaermuseet.no\\\/flyhistorisk\\\/\",\"name\":\"Flyhistorisk Museum Sola\",\"description\":\"One of Norway\u2019s largest civil collections of airplanes\",\"potentialAction\":[{\"@type\":\"SearchAction\",\"target\":{\"@type\":\"EntryPoint\",\"urlTemplate\":\"https:\\\/\\\/www.jaermuseet.no\\\/flyhistorisk\\\/?s={search_term_string}\"},\"query-input\":{\"@type\":\"PropertyValueSpecification\",\"valueRequired\":true,\"valueName\":\"search_term_string\"}}],\"inLanguage\":\"nn-NO\"}]}<\/script>\n<!-- \/ Yoast SEO plugin. -->","yoast_head_json":{"title":"Hafrsfjorddagen - Flyhistorisk Museum Sola","robots":{"index":"index","follow":"follow","max-snippet":"max-snippet:-1","max-image-preview":"max-image-preview:large","max-video-preview":"max-video-preview:-1"},"canonical":"https:\/\/www.jaermuseet.no\/flyhistorisk\/aktiviteter\/hafrsfjorddagen-4\/","og_locale":"nn_NO","og_type":"article","og_title":"Hafrsfjorddagen - Flyhistorisk Museum Sola","og_description":"25. august 2019 12:00 - 15:00 Flyhistorisk Museum Sola S\u00f8ndag...","og_url":"https:\/\/www.jaermuseet.no\/flyhistorisk\/aktiviteter\/hafrsfjorddagen-4\/","og_site_name":"Flyhistorisk Museum Sola","article_modified_time":"2019-08-21T08:10:25+00:00","og_image":[{"width":1024,"height":683,"url":"https:\/\/www.jaermuseet.no\/flyhistorisk\/wp-content\/uploads\/sites\/4\/2019\/01\/2017-Hafrsfjorddagen-2.September-foto-Helge-Nyhus-007-1024x683.jpg","type":"image\/jpeg"}],"twitter_card":"summary_large_image","schema":{"@context":"https:\/\/schema.org","@graph":[{"@type":"WebPage","@id":"https:\/\/www.jaermuseet.no\/flyhistorisk\/aktiviteter\/hafrsfjorddagen-4\/","url":"https:\/\/www.jaermuseet.no\/flyhistorisk\/aktiviteter\/hafrsfjorddagen-4\/","name":"Hafrsfjorddagen - Flyhistorisk Museum Sola","isPartOf":{"@id":"https:\/\/www.jaermuseet.no\/flyhistorisk\/#website"},"primaryImageOfPage":{"@id":"https:\/\/www.jaermuseet.no\/flyhistorisk\/aktiviteter\/hafrsfjorddagen-4\/#primaryimage"},"image":{"@id":"https:\/\/www.jaermuseet.no\/flyhistorisk\/aktiviteter\/hafrsfjorddagen-4\/#primaryimage"},"thumbnailUrl":"https:\/\/www.jaermuseet.no\/flyhistorisk\/wp-content\/uploads\/sites\/4\/2019\/01\/2017-Hafrsfjorddagen-2.September-foto-Helge-Nyhus-007.jpg","datePublished":"2019-01-09T13:17:45+00:00","dateModified":"2019-08-21T08:10:25+00:00","breadcrumb":{"@id":"https:\/\/www.jaermuseet.no\/flyhistorisk\/aktiviteter\/hafrsfjorddagen-4\/#breadcrumb"},"inLanguage":"nn-NO","potentialAction":[{"@type":"ReadAction","target":["https:\/\/www.jaermuseet.no\/flyhistorisk\/aktiviteter\/hafrsfjorddagen-4\/"]}]},{"@type":"ImageObject","inLanguage":"nn-NO","@id":"https:\/\/www.jaermuseet.no\/flyhistorisk\/aktiviteter\/hafrsfjorddagen-4\/#primaryimage","url":"https:\/\/www.jaermuseet.no\/flyhistorisk\/wp-content\/uploads\/sites\/4\/2019\/01\/2017-Hafrsfjorddagen-2.September-foto-Helge-Nyhus-007.jpg","contentUrl":"https:\/\/www.jaermuseet.no\/flyhistorisk\/wp-content\/uploads\/sites\/4\/2019\/01\/2017-Hafrsfjorddagen-2.September-foto-Helge-Nyhus-007.jpg","width":6000,"height":4000,"caption":"Foto: Helge Nyhus"},{"@type":"BreadcrumbList","@id":"https:\/\/www.jaermuseet.no\/flyhistorisk\/aktiviteter\/hafrsfjorddagen-4\/#breadcrumb","itemListElement":[{"@type":"ListItem","position":1,"name":"Hjem","item":"https:\/\/www.jaermuseet.no\/flyhistorisk\/"},{"@type":"ListItem","position":2,"name":"Arrangementer","item":"https:\/\/www.jaermuseet.no\/flyhistorisk\/aktiviteter\/"},{"@type":"ListItem","position":3,"name":"Hafrsfjorddagen"}]},{"@type":"WebSite","@id":"https:\/\/www.jaermuseet.no\/flyhistorisk\/#website","url":"https:\/\/www.jaermuseet.no\/flyhistorisk\/","name":"Flyhistorisk Museum Sola","description":"One of Norway\u2019s largest civil collections of airplanes","potentialAction":[{"@type":"SearchAction","target":{"@type":"EntryPoint","urlTemplate":"https:\/\/www.jaermuseet.no\/flyhistorisk\/?s={search_term_string}"},"query-input":{"@type":"PropertyValueSpecification","valueRequired":true,"valueName":"search_term_string"}}],"inLanguage":"nn-NO"}]}},"jetpack_sharing_enabled":true,"_links":{"self":[{"href":"https:\/\/www.jaermuseet.no\/flyhistorisk\/wp-json\/wp\/v2\/activity\/1238","targetHints":{"allow":["GET"]}}],"collection":[{"href":"https:\/\/www.jaermuseet.no\/flyhistorisk\/wp-json\/wp\/v2\/activity"}],"about":[{"href":"https:\/\/www.jaermuseet.no\/flyhistorisk\/wp-json\/wp\/v2\/types\/activity"}],"version-history":[{"count":3,"href":"https:\/\/www.jaermuseet.no\/flyhistorisk\/wp-json\/wp\/v2\/activity\/1238\/revisions"}],"predecessor-version":[{"id":1394,"href":"https:\/\/www.jaermuseet.no\/flyhistorisk\/wp-json\/wp\/v2\/activity\/1238\/revisions\/1394"}],"wp:featuredmedia":[{"embeddable":true,"href":"https:\/\/www.jaermuseet.no\/flyhistorisk\/wp-json\/wp\/v2\/media\/1344"}],"wp:attachment":[{"href":"https:\/\/www.jaermuseet.no\/flyhistorisk\/wp-json\/wp\/v2\/media?parent=1238"}],"wp:term":[{"taxonomy":"category","embeddable":true,"href":"https:\/\/www.jaermuseet.no\/flyhistorisk\/wp-json\/wp\/v2\/categories?post=1238"}],"curies":[{"name":"wp","href":"https:\/\/api.w.org\/{rel}","templated":true}]}}

<div class="activity-meta">
    <div class="activity-meta__line">
        <div class="activity-meta__icon">
            <i class="fa fa-calendar" aria-hidden="true"></i>
        </div>
                                        <span class="meta-date">
                        25. august 2019        </span>
                                <span class="meta-time">12:00 - 15:00</span>
            </div>

            <div class="activity-meta__line">
        <div class="activity-meta__icon">
            <i class="fa fa-map" aria-hidden="true"></i>
        </div>
        <span class="meta-location">Flyhistorisk Museum Sola </span>
    </div>
    
        </div>
<p>Søndag 25. august arrangerer Flymuseets Venneforening Hafrsfjorddagen. Dette er et arrangement ved variert program som passer for hele familien. Foruten museets egen flyutstilling, vil dere få se en rekke veteranbiler, historiske militærbiler, rutebusser, brannbiler og mye mer fra de mange foreningene som har bestilt utstillingsplass og mye mer. Museets serveringstilbud er kraftig utvidet ved hjelp av Pizzabakerens og Mood4foods matsalg like utenfor museet.</p>
<p>Arrangementet varer fra kl. 12:00 til 15:00.</p>
<p><em><strong>Vi gjør oppmerksom på at Jærmuseet ikke er medarrangør. Det blir derfor ikke mulig å benytte seg av årskort for Jærmuseet denne dagen.</strong></em></p>

<p>25. august 2019 12:00 &#8211; 15:00 Flyhistorisk Museum Sola Søndag&#8230;</p>

<!-- This site is optimized with the Yoast SEO plugin v27.4 - https://yoast.com/product/yoast-seo-wordpress/ -->
<title>Hafrsfjorddagen - Flyhistorisk Museum Sola</title>
<meta name="robots" content="index, follow, max-snippet:-1, max-image-preview:large, max-video-preview:-1" />
<link rel="canonical" href="https://www.jaermuseet.no/flyhistorisk/aktiviteter/hafrsfjorddagen-4/" />
<meta property="og:locale" content="nn_NO" />
<meta property="og:type" content="article" />
<meta property="og:title" content="Hafrsfjorddagen - Flyhistorisk Museum Sola" />
<meta property="og:description" content="25. august 2019 12:00 - 15:00 Flyhistorisk Museum Sola Søndag..." />
<meta property="og:url" content="https://www.jaermuseet.no/flyhistorisk/aktiviteter/hafrsfjorddagen-4/" />
<meta property="og:site_name" content="Flyhistorisk Museum Sola" />
<meta property="article:modified_time" content="2019-08-21T08:10:25+00:00" />
<meta property="og:image" content="https://www.jaermuseet.no/flyhistorisk/wp-content/uploads/sites/4/2019/01/2017-Hafrsfjorddagen-2.September-foto-Helge-Nyhus-007-1024x683.jpg" />
	<meta property="og:image:width" content="1024" />
	<meta property="og:image:height" content="683" />
	<meta property="og:image:type" content="image/jpeg" />
<meta name="twitter:card" content="summary_large_image" />
<script type="application/ld+json" class="yoast-schema-graph">{"@context":"https:\/\/schema.org","@graph":[{"@type":"WebPage","@id":"https:\/\/www.jaermuseet.no\/flyhistorisk\/aktiviteter\/hafrsfjorddagen-4\/","url":"https:\/\/www.jaermuseet.no\/flyhistorisk\/aktiviteter\/hafrsfjorddagen-4\/","name":"Hafrsfjorddagen - Flyhistorisk Museum Sola","isPartOf":{"@id":"https:\/\/www.jaermuseet.no\/flyhistorisk\/#website"},"primaryImageOfPage":{"@id":"https:\/\/www.jaermuseet.no\/flyhistorisk\/aktiviteter\/hafrsfjorddagen-4\/#primaryimage"},"image":{"@id":"https:\/\/www.jaermuseet.no\/flyhistorisk\/aktiviteter\/hafrsfjorddagen-4\/#primaryimage"},"thumbnailUrl":"https:\/\/www.jaermuseet.no\/flyhistorisk\/wp-content\/uploads\/sites\/4\/2019\/01\/2017-Hafrsfjorddagen-2.September-foto-Helge-Nyhus-007.jpg","datePublished":"2019-01-09T13:17:45+00:00","dateModified":"2019-08-21T08:10:25+00:00","breadcrumb":{"@id":"https:\/\/www.jaermuseet.no\/flyhistorisk\/aktiviteter\/hafrsfjorddagen-4\/#breadcrumb"},"inLanguage":"nn-NO","potentialAction":[{"@type":"ReadAction","target":["https:\/\/www.jaermuseet.no\/flyhistorisk\/aktiviteter\/hafrsfjorddagen-4\/"]}]},{"@type":"ImageObject","inLanguage":"nn-NO","@id":"https:\/\/www.jaermuseet.no\/flyhistorisk\/aktiviteter\/hafrsfjorddagen-4\/#primaryimage","url":"https:\/\/www.jaermuseet.no\/flyhistorisk\/wp-content\/uploads\/sites\/4\/2019\/01\/2017-Hafrsfjorddagen-2.September-foto-Helge-Nyhus-007.jpg","contentUrl":"https:\/\/www.jaermuseet.no\/flyhistorisk\/wp-content\/uploads\/sites\/4\/2019\/01\/2017-Hafrsfjorddagen-2.September-foto-Helge-Nyhus-007.jpg","width":6000,"height":4000,"caption":"Foto: Helge Nyhus"},{"@type":"BreadcrumbList","@id":"https:\/\/www.jaermuseet.no\/flyhistorisk\/aktiviteter\/hafrsfjorddagen-4\/#breadcrumb","itemListElement":[{"@type":"ListItem","position":1,"name":"Hjem","item":"https:\/\/www.jaermuseet.no\/flyhistorisk\/"},{"@type":"ListItem","position":2,"name":"Arrangementer","item":"https:\/\/www.jaermuseet.no\/flyhistorisk\/aktiviteter\/"},{"@type":"ListItem","position":3,"name":"Hafrsfjorddagen"}]},{"@type":"WebSite","@id":"https:\/\/www.jaermuseet.no\/flyhistorisk\/#website","url":"https:\/\/www.jaermuseet.no\/flyhistorisk\/","name":"Flyhistorisk Museum Sola","description":"One of Norway’s largest civil collections of airplanes","potentialAction":[{"@type":"SearchAction","target":{"@type":"EntryPoint","urlTemplate":"https:\/\/www.jaermuseet.no\/flyhistorisk\/?s={search_term_string}"},"query-input":{"@type":"PropertyValueSpecification","valueRequired":true,"valueName":"search_term_string"}}],"inLanguage":"nn-NO"}]}</script>
<!-- / Yoast SEO plugin. -->

25. august 2019 12:00 - 15:00 Flyhistorisk Museum Sola Søndag...
